CRAN Package Check Results for Package irtProb

Last updated on 2015-07-30 17:47:15.

Flavor Version Tinstall Tcheck Ttotal Status Flags
r-devel-linux-x86_64-debian-clang 1.2 0.91 17.54 18.46 NOTE
r-devel-linux-x86_64-debian-gcc 1.2 0.85 17.08 17.93 NOTE
r-devel-linux-x86_64-fedora-clang 1.2 35.93 NOTE
r-devel-linux-x86_64-fedora-gcc 1.2 32.88 NOTE
r-devel-osx-x86_64-clang 1.2 32.74 NOTE
r-devel-windows-ix86+x86_64 1.2 6.00 47.00 53.00 NOTE
r-patched-linux-x86_64 1.2 0.85 17.61 18.46 NOTE
r-patched-solaris-sparc 1.2 236.60 NOTE
r-patched-solaris-x86 1.2 49.80 NOTE
r-release-linux-x86_64 1.2 0.86 19.08 19.95 NOTE
r-release-osx-x86_64-mavericks 1.2 NOTE
r-release-windows-ix86+x86_64 1.2 6.00 46.00 52.00 NOTE
r-oldrel-windows-ix86+x86_64 1.2 6.00 34.00 40.00 OK

Check Details

Version: 1.2
Check: DESCRIPTION meta-information
Result: NOTE
    Malformed Description field: should contain one or more complete sentences.
Flavors: r-devel-linux-x86_64-debian-clang, r-devel-linux-x86_64-debian-gcc, r-devel-linux-x86_64-fedora-clang, r-devel-linux-x86_64-fedora-gcc, r-devel-osx-x86_64-clang, r-devel-windows-ix86+x86_64, r-patched-linux-x86_64, r-patched-solaris-sparc, r-patched-solaris-x86, r-release-linux-x86_64, r-release-osx-x86_64-mavericks, r-release-windows-ix86+x86_64

Version: 1.2
Check: R code for possible problems
Result: NOTE
    PCC: no visible global function definition for ‘aggregate’
    PCC: no visible global function definition for ‘update’
    ctt2irt: no visible global function definition for ‘qnorm’
    d4pl: no visible global function definition for ‘deriv3’
    dm4pl: no visible global function definition for ‘deriv3’
    gr4pl: no visible global function definition for ‘rbinom’
    grm4pl: no visible global function definition for ‘rbinom’
    groupLikelihoodCurves: no visible global function definition for
     ‘update’
    groupLikelihoodCurves: no visible global function definition for ‘plot’
    irt2ctt: no visible global function definition for ‘pnorm’
    likelihoodCurve: no visible global function definition for ‘gray’
    m4plEstimate : priori: no visible global function definition for
     ‘dunif’
    m4plEstimate : priori: no visible global function definition for
     ‘dnorm’
    m4plEstimate: no visible global function definition for ‘nlminb’
    m4plEstimateMore : priori: no visible global function definition for
     ‘dunif’
    m4plEstimateMore : priori: no visible global function definition for
     ‘dnorm’
    m4plEstimateMore: no visible global function definition for ‘nlminb’
    m4plEstimateMore: no visible global function definition for ‘cov2cor’
    m4plMoreSummary: no visible binding for global variable ‘median’
    m4plMoreSummary: no visible binding for global variable ‘sd’
    m4plMoreSummary: no visible global function definition for ‘cor’
    m4plNoMoreSummary: no visible binding for global variable ‘sd’
    meanModels: no visible global function definition for ‘aggregate’
    r4pl: no visible global function definition for ‘runif’
    rm4pl: no visible global function definition for ‘runif’
    rmultinomial: no visible global function definition for ‘rmultinom’
    Undefined global functions or variables:
     aggregate cor cov2cor deriv3 dnorm dunif gray median nlminb plot
     pnorm qnorm rbinom rmultinom runif sd update
    Consider adding
     importFrom("grDevices", "gray")
     importFrom("graphics", "plot")
     importFrom("stats", "aggregate", "cor", "cov2cor", "deriv3", "dnorm",
     "dunif", "median", "nlminb", "pnorm", "qnorm", "rbinom",
     "rmultinom", "runif", "sd", "update")
    to your NAMESPACE.
Flavors: r-devel-linux-x86_64-debian-clang, r-devel-linux-x86_64-debian-gcc, r-devel-linux-x86_64-fedora-clang, r-devel-linux-x86_64-fedora-gcc, r-devel-windows-ix86+x86_64