CRAN Package Check Results for Package irtProb

Last updated on 2015-05-27 11:49:24.

Flavor Version Tinstall Tcheck Ttotal Status Flags
r-devel-linux-x86_64-debian-clang 1.2 0.86 17.61 18.47 NOTE
r-devel-linux-x86_64-debian-gcc 1.2 0.86 17.49 18.35 NOTE
r-devel-linux-x86_64-fedora-clang 1.2 36.71 NOTE
r-devel-linux-x86_64-fedora-gcc 1.2 34.45 NOTE
r-devel-osx-x86_64-clang 1.2 40.95 NOTE
r-devel-windows-ix86+x86_64 1.2 3.00 28.00 31.00 NOTE
r-patched-linux-x86_64 1.2 0.86 18.07 18.92 NOTE
r-patched-solaris-sparc 1.2 235.90 NOTE
r-patched-solaris-x86 1.2 51.10 NOTE
r-release-linux-x86_64 1.2 1.10 17.53 18.63 NOTE
r-release-osx-x86_64-mavericks 1.2 NOTE
r-release-osx-x86_64-snowleopard 1.2 NOTE
r-release-windows-ix86+x86_64 1.2 4.00 28.00 32.00 NOTE
r-oldrel-windows-ix86+x86_64 1.2 4.00 45.00 49.00 OK

Check Details

Version: 1.2
Check: DESCRIPTION meta-information
Result: NOTE
    Malformed Description field: should contain one or more complete sentences.
Flavors: r-devel-linux-x86_64-debian-clang, r-devel-linux-x86_64-debian-gcc, r-devel-linux-x86_64-fedora-clang, r-devel-linux-x86_64-fedora-gcc, r-devel-osx-x86_64-clang, r-devel-windows-ix86+x86_64, r-patched-linux-x86_64, r-patched-solaris-sparc, r-patched-solaris-x86, r-release-linux-x86_64, r-release-osx-x86_64-mavericks, r-release-osx-x86_64-snowleopard, r-release-windows-ix86+x86_64