CRAN Package Check Results for Package irtProb

Last updated on 2015-04-01 23:49:16.

Flavor Version Tinstall Tcheck Ttotal Status Flags
r-devel-linux-x86_64-debian-clang 1.2 2.86 17.45 20.31 NOTE
r-devel-linux-x86_64-debian-gcc 1.2 0.87 17.46 18.32 NOTE
r-devel-linux-x86_64-fedora-clang 1.2 37.86 NOTE
r-devel-linux-x86_64-fedora-gcc 1.2 35.06 NOTE
r-devel-osx-x86_64-clang 1.2 42.02 NOTE
r-prerel-windows-ix86+x86_64 1.2 3.00 29.00 32.00 NOTE
r-prerel-linux-x86_64 1.2 1.11 17.50 18.62 NOTE
r-prerel-solaris-sparc 1.2 245.00 NOTE
r-prerel-solaris-x86 1.2 50.10 NOTE
r-release-linux-x86_64 1.2 0.95 20.59 21.54 OK
r-release-osx-x86_64-mavericks 1.2 OK
r-release-osx-x86_64-snowleopard 1.2 OK
r-release-windows-ix86+x86_64 1.2 4.00 35.00 39.00 OK
r-oldrel-windows-ix86+x86_64 1.2 4.00 35.00 39.00 OK

Check Details

Version: 1.2
Check: DESCRIPTION meta-information
Result: NOTE
    Malformed Description field: should contain one or more complete sentences.
Flavors: r-devel-linux-x86_64-debian-clang, r-devel-linux-x86_64-debian-gcc, r-devel-linux-x86_64-fedora-clang, r-devel-linux-x86_64-fedora-gcc, r-devel-osx-x86_64-clang, r-prerel-windows-ix86+x86_64, r-prerel-linux-x86_64, r-prerel-solaris-sparc, r-prerel-solaris-x86