CRAN Package Check Results for Package irtrees

Last updated on 2016-06-01 06:49:02.

Flavor Version Tinstall Tcheck Ttotal Status Flags
r-devel-linux-x86_64-debian-gcc 0.1.0 0.57 9.77 10.34 NOTE
r-devel-linux-x86_64-fedora-clang 0.1.0 16.86 NOTE
r-devel-linux-x86_64-fedora-gcc 0.1.0 14.46 NOTE
r-devel-osx-x86_64-clang 0.1.0 19.64 NOTE
r-devel-windows-ix86+x86_64 0.1.0 3.00 24.00 27.00 NOTE
r-patched-linux-x86_64 0.1.0 0.78 9.58 10.35 NOTE
r-patched-solaris-sparc 0.1.0 100.00 NOTE
r-patched-solaris-x86 0.1.0 24.20 NOTE
r-release-linux-x86_64 0.1.0 0.58 8.89 9.47 NOTE
r-release-osx-x86_64-mavericks 0.1.0 NOTE
r-release-windows-ix86+x86_64 0.1.0 4.00 25.00 29.00 NOTE
r-oldrel-windows-ix86+x86_64 0.1.0 2.00 22.00 24.00 NOTE

Check Details

Version: 0.1.0
Check: R code for possible problems
Result: NOTE
    dendrify: no visible binding for global variable ‘item’
    dendrify: no visible binding for global variable ‘node’
    dendrify: no visible binding for global variable ‘value’
    exogenize: no visible binding for global variable ‘item’
    Undefined global functions or variables:
     item node value
Flavors: r-devel-linux-x86_64-debian-gcc, r-devel-linux-x86_64-fedora-clang, r-devel-linux-x86_64-fedora-gcc, r-devel-osx-x86_64-clang, r-devel-windows-ix86+x86_64, r-patched-linux-x86_64, r-patched-solaris-sparc, r-patched-solaris-x86, r-release-linux-x86_64, r-release-osx-x86_64-mavericks, r-release-windows-ix86+x86_64

Version: 0.1.0
Check: R code for possible problems
Result: NOTE
    dendrify: no visible binding for global variable 'item'
    dendrify: no visible binding for global variable 'node'
    dendrify: no visible binding for global variable 'value'
    exogenize: no visible binding for global variable 'item'
Flavor: r-oldrel-windows-ix86+x86_64