CRAN Package Check Results for Package irtrees

Last updated on 2018-05-28 04:49:25 CEST.

Flavor Version Tinstall Tcheck Ttotal Status Flags
r-devel-linux-x86_64-debian-clang 0.1.0 1.02 16.09 17.11 NOTE
r-devel-linux-x86_64-debian-gcc 0.1.0 0.75 14.00 14.75 NOTE
r-devel-linux-x86_64-fedora-clang 0.1.0 23.23 NOTE
r-devel-linux-x86_64-fedora-gcc 0.1.0 21.01 NOTE
r-devel-windows-ix86+x86_64 0.1.0 2.00 38.00 40.00 NOTE
r-patched-linux-x86_64 0.1.0 0.93 16.56 17.49 NOTE
r-patched-solaris-x86 0.1.0 33.20 NOTE
r-release-linux-x86_64 0.1.0 0.60 16.60 17.20 NOTE
r-release-windows-ix86+x86_64 0.1.0 4.00 27.00 31.00 NOTE
r-release-osx-x86_64 0.1.0 NOTE
r-oldrel-windows-ix86+x86_64 0.1.0 3.00 26.00 29.00 NOTE
r-oldrel-osx-x86_64 0.1.0 NOTE

Check Details

Version: 0.1.0
Check: R code for possible problems
Result: NOTE
    dendrify: no visible binding for global variable ‘item’
    dendrify: no visible binding for global variable ‘node’
    dendrify: no visible binding for global variable ‘value’
    exogenize: no visible binding for global variable ‘item’
    Undefined global functions or variables:
     item node value
Flavors: r-devel-linux-x86_64-debian-clang, r-devel-linux-x86_64-debian-gcc, r-devel-linux-x86_64-fedora-clang, r-devel-linux-x86_64-fedora-gcc, r-devel-windows-ix86+x86_64, r-patched-linux-x86_64, r-patched-solaris-x86, r-release-linux-x86_64, r-release-windows-ix86+x86_64, r-release-osx-x86_64, r-oldrel-windows-ix86+x86_64, r-oldrel-osx-x86_64