CRAN Package Check Results for Package irtrees

Last updated on 2015-04-18 08:48:44.

Flavor Version Tinstall Tcheck Ttotal Status Flags
r-devel-linux-x86_64-debian-clang 0.1.0 0.57 9.64 10.21 NOTE
r-devel-linux-x86_64-debian-gcc 0.1.0 0.58 8.84 9.42 NOTE
r-devel-linux-x86_64-fedora-clang 0.1.0 18.73 NOTE
r-devel-linux-x86_64-fedora-gcc 0.1.0 16.95 NOTE
r-devel-osx-x86_64-clang 0.1.0 22.93 NOTE
r-prerel-windows-ix86+x86_64 0.1.0 4.00 16.00 20.00 NOTE
r-prerel-linux-x86_64 0.1.0 0.56 8.69 9.25 NOTE
r-prerel-solaris-sparc 0.1.0 129.00 NOTE
r-prerel-solaris-x86 0.1.0 27.00 NOTE
r-release-linux-x86_64 0.1.0 0.63 9.43 10.06 NOTE
r-release-osx-x86_64-mavericks 0.1.0 NOTE
r-release-windows-ix86+x86_64 0.1.0 3.00 20.00 23.00 NOTE
r-oldrel-windows-ix86+x86_64 0.1.0 2.00 24.00 26.00 NOTE

Check Details

Version: 0.1.0
Check: R code for possible problems
Result: NOTE
    dendrify: no visible binding for global variable ‘item’
    dendrify: no visible binding for global variable ‘node’
    dendrify: no visible binding for global variable ‘value’
    exogenize: no visible binding for global variable ‘item’
Flavors: r-devel-linux-x86_64-debian-clang, r-devel-linux-x86_64-debian-gcc, r-devel-linux-x86_64-fedora-clang, r-devel-linux-x86_64-fedora-gcc, r-devel-osx-x86_64-clang, r-prerel-windows-ix86+x86_64, r-prerel-linux-x86_64, r-prerel-solaris-sparc, r-prerel-solaris-x86, r-release-linux-x86_64, r-release-osx-x86_64-mavericks, r-release-windows-ix86+x86_64, r-oldrel-windows-ix86+x86_64