CRAN Package Check Results for Package irtrees

Last updated on 2015-07-05 14:46:35.

Flavor Version Tinstall Tcheck Ttotal Status Flags
r-devel-linux-x86_64-debian-clang 0.1.0 0.58 8.34 8.92 NOTE
r-devel-linux-x86_64-debian-gcc 0.1.0 0.54 8.37 8.91 NOTE
r-devel-linux-x86_64-fedora-clang 0.1.0 16.94 NOTE
r-devel-linux-x86_64-fedora-gcc 0.1.0 15.20 NOTE
r-devel-osx-x86_64-clang 0.1.0 19.01 NOTE
r-devel-windows-ix86+x86_64 0.1.0 3.00 27.00 30.00 NOTE
r-patched-linux-x86_64 0.1.0 0.57 8.74 9.32 NOTE
r-patched-solaris-sparc 0.1.0 109.10 NOTE
r-patched-solaris-x86 0.1.0 26.90 NOTE
r-release-linux-x86_64 0.1.0 0.56 9.04 9.61 NOTE
r-release-osx-x86_64-mavericks 0.1.0 NOTE
r-release-windows-ix86+x86_64 0.1.0 3.00 15.00 18.00 NOTE
r-oldrel-windows-ix86+x86_64 0.1.0 5.00 17.00 22.00 NOTE

Check Details

Version: 0.1.0
Check: R code for possible problems
Result: NOTE
    dendrify: no visible binding for global variable ‘item’
    dendrify: no visible binding for global variable ‘node’
    dendrify: no visible binding for global variable ‘value’
    exogenize: no visible binding for global variable ‘item’
    Undefined global functions or variables:
     item node value
Flavors: r-devel-linux-x86_64-debian-clang, r-devel-linux-x86_64-debian-gcc, r-devel-linux-x86_64-fedora-clang, r-devel-linux-x86_64-fedora-gcc, r-devel-osx-x86_64-clang, r-devel-windows-ix86+x86_64

Version: 0.1.0
Check: R code for possible problems
Result: NOTE
    dendrify: no visible binding for global variable ‘item’
    dendrify: no visible binding for global variable ‘node’
    dendrify: no visible binding for global variable ‘value’
    exogenize: no visible binding for global variable ‘item’
Flavors: r-patched-linux-x86_64, r-patched-solaris-sparc, r-patched-solaris-x86, r-release-linux-x86_64, r-release-osx-x86_64-mavericks, r-release-windows-ix86+x86_64, r-oldrel-windows-ix86+x86_64