CRAN Package Check Results for Package irtrees

Last updated on 2014-09-17 03:47:38.

Flavor Version Tinstall Tcheck Ttotal Status Flags
r-devel-linux-x86_64-debian-clang 0.1.0 0.56 9.00 9.56 NOTE
r-devel-linux-x86_64-debian-gcc 0.1.0 0.58 8.86 9.44 NOTE
r-devel-linux-x86_64-fedora-clang 0.1.0 18.87 NOTE
r-devel-linux-x86_64-fedora-gcc 0.1.0 17.35 NOTE
r-devel-osx-x86_64-clang 0.1.0 21.71 NOTE
r-devel-windows-ix86+x86_64 0.1.0 2.00 14.00 16.00 NOTE
r-patched-linux-x86_64 0.1.0 0.58 10.96 11.55 NOTE
r-patched-solaris-sparc 0.1.0 142.50 NOTE
r-patched-solaris-x86 0.1.0 34.30 NOTE
r-release-linux-ix86 0.1.0 1.02 17.39 18.41 NOTE
r-release-linux-x86_64 0.1.0 0.60 11.32 11.92 NOTE
r-release-osx-x86_64-mavericks 0.1.0 NOTE
r-release-windows-ix86+x86_64 0.1.0 2.00 19.00 21.00 NOTE
r-oldrel-windows-ix86+x86_64 0.1.0 2.00 21.00 23.00 NOTE

Check Details

Version: 0.1.0
Check: R code for possible problems
Result: NOTE
    dendrify: no visible binding for global variable ‘item’
    dendrify: no visible binding for global variable ‘node’
    dendrify: no visible binding for global variable ‘value’
    exogenize: no visible binding for global variable ‘item’
Flavors: r-devel-linux-x86_64-debian-clang, r-devel-linux-x86_64-debian-gcc, r-devel-linux-x86_64-fedora-clang, r-devel-linux-x86_64-fedora-gcc, r-devel-osx-x86_64-clang, r-devel-windows-ix86+x86_64, r-patched-linux-x86_64, r-patched-solaris-sparc, r-patched-solaris-x86, r-release-linux-ix86, r-release-linux-x86_64, r-release-osx-x86_64-mavericks, r-release-windows-ix86+x86_64, r-oldrel-windows-ix86+x86_64