CRAN Package Check Results for Package irtrees

Last updated on 2014-04-21 12:31:33.

Flavor Version Tinstall Tcheck Ttotal Status Flags
r-devel-linux-x86_64-debian-clang 0.1.0 0.63 11.29 11.92 NOTE
r-devel-linux-x86_64-debian-gcc 0.1.0 0.62 11.40 12.02 NOTE
r-devel-linux-x86_64-fedora-clang 0.1.0 25.41 NOTE
r-devel-linux-x86_64-fedora-gcc 0.1.0 23.15 NOTE
r-devel-osx-x86_64-clang 0.1.0 24.35 NOTE
r-devel-osx-x86_64-gcc 0.1.0 NOTE
r-devel-windows-ix86+x86_64 0.1.0 2.00 19.00 21.00 NOTE
r-patched-linux-x86_64 0.1.0 0.62 11.46 12.08 NOTE
r-patched-solaris-sparc 0.1.0 140.70 NOTE
r-patched-solaris-x86 0.1.0 35.40 NOTE
r-release-linux-x86_64 0.1.0 0.61 11.28 11.89 NOTE
r-release-osx-x86_64-mavericks 0.1.0 WARN
r-release-windows-ix86+x86_64 0.1.0 3.00 19.00 22.00 NOTE
r-oldrel-windows-ix86+x86_64 0.1.0 3.00 20.00 23.00 NOTE

Check Details

Version: 0.1.0
Check: R code for possible problems
Result: NOTE
    dendrify: no visible binding for global variable ‘item’
    dendrify: no visible binding for global variable ‘node’
    dendrify: no visible binding for global variable ‘value’
    exogenize: no visible binding for global variable ‘item’
Flavors: r-devel-linux-x86_64-debian-clang, r-devel-linux-x86_64-debian-gcc, r-devel-linux-x86_64-fedora-clang, r-devel-linux-x86_64-fedora-gcc, r-devel-osx-x86_64-clang, r-devel-osx-x86_64-gcc, r-devel-windows-ix86+x86_64, r-patched-linux-x86_64, r-patched-solaris-sparc, r-patched-solaris-x86, r-release-linux-x86_64, r-release-osx-x86_64-mavericks, r-release-windows-ix86+x86_64, r-oldrel-windows-ix86+x86_64

Version: 0.1.0
Check: package dependencies
Result: NOTE
    Package suggested but not available for checking: ‘lme4’
Flavors: r-devel-osx-x86_64-gcc, r-release-osx-x86_64-mavericks

Version: 0.1.0
Check: PDF version of manual
Result: WARNING
    LaTeX errors when creating PDF version.
    This typically indicates Rd problems.
    LaTeX errors found:
    ! LaTeX Error: File `upquote.sty' not found.
    
    Type X to quit or <RETURN> to proceed,
    or enter new name. (Default extension: sty)
    
    72ca3e2/Rd2.tex:8: ==> Fatal error occurred, no output PDF file produced!
Flavor: r-release-osx-x86_64-mavericks