CRAN Package Check Results for Package irtrees

Last updated on 2017-10-23 01:46:45.

Flavor Version Tinstall Tcheck Ttotal Status Flags
r-devel-linux-x86_64-debian-clang 0.1.0 0.63 11.11 11.74 NOTE
r-devel-linux-x86_64-debian-gcc 0.1.0 0.72 11.76 12.48 NOTE
r-devel-linux-x86_64-fedora-clang 0.1.0 20.29 NOTE
r-devel-linux-x86_64-fedora-gcc 0.1.0 19.45 NOTE
r-devel-windows-ix86+x86_64 0.1.0 2.00 36.00 38.00 NOTE
r-patched-linux-x86_64 0.1.0 0.68 11.38 12.06 NOTE
r-patched-solaris-x86 0.1.0 27.20 NOTE
r-release-linux-x86_64 0.1.0 0.61 11.24 11.85 NOTE
r-release-windows-ix86+x86_64 0.1.0 3.00 39.00 42.00 NOTE
r-release-osx-x86_64 0.1.0 NOTE
r-oldrel-windows-ix86+x86_64 0.1.0 2.00 31.00 33.00 NOTE
r-oldrel-osx-x86_64 0.1.0 NOTE

Check Details

Version: 0.1.0
Check: R code for possible problems
Result: NOTE
    dendrify: no visible binding for global variable ‘item’
    dendrify: no visible binding for global variable ‘node’
    dendrify: no visible binding for global variable ‘value’
    exogenize: no visible binding for global variable ‘item’
    Undefined global functions or variables:
     item node value
Flavors: r-devel-linux-x86_64-debian-clang, r-devel-linux-x86_64-debian-gcc, r-devel-linux-x86_64-fedora-clang, r-devel-linux-x86_64-fedora-gcc, r-devel-windows-ix86+x86_64, r-patched-linux-x86_64, r-patched-solaris-x86, r-release-linux-x86_64, r-release-windows-ix86+x86_64, r-release-osx-x86_64, r-oldrel-windows-ix86+x86_64, r-oldrel-osx-x86_64