CRAN Package Check Results for Package irtrees

Last updated on 2017-01-20 01:47:35.

Flavor Version Tinstall Tcheck Ttotal Status Flags
r-devel-linux-x86_64-debian-clang 0.1.0 0.66 10.86 11.52 NOTE
r-devel-linux-x86_64-debian-gcc 0.1.0 0.68 10.81 11.49 NOTE
r-devel-linux-x86_64-fedora-clang 0.1.0 18.67 NOTE --no-stop-on-test-error
r-devel-linux-x86_64-fedora-gcc 0.1.0 19.25 NOTE --no-stop-on-test-error
r-devel-macos-x86_64-clang 0.1.0 17.47 NOTE --no-stop-on-test-error
r-devel-windows-ix86+x86_64 0.1.0 4.00 26.00 30.00 NOTE
r-patched-linux-x86_64 0.1.0 0.64 8.87 9.50 NOTE
r-patched-solaris-sparc 0.1.0 104.90 NOTE
r-patched-solaris-x86 0.1.0 24.00 NOTE
r-release-linux-x86_64 0.1.0 0.69 9.23 9.93 NOTE
r-release-osx-x86_64-mavericks 0.1.0 NOTE
r-release-windows-ix86+x86_64 0.1.0 3.00 37.00 40.00 NOTE
r-oldrel-windows-ix86+x86_64 0.1.0 3.00 22.00 25.00 NOTE

Check Details

Version: 0.1.0
Check: R code for possible problems
Result: NOTE
    dendrify: no visible binding for global variable ‘item’
    dendrify: no visible binding for global variable ‘node’
    dendrify: no visible binding for global variable ‘value’
    exogenize: no visible binding for global variable ‘item’
    Undefined global functions or variables:
     item node value
Flavors: r-devel-linux-x86_64-debian-clang, r-devel-linux-x86_64-debian-gcc, r-devel-windows-ix86+x86_64, r-patched-linux-x86_64, r-patched-solaris-sparc, r-patched-solaris-x86, r-release-linux-x86_64, r-release-osx-x86_64-mavericks, r-release-windows-ix86+x86_64

Version: 0.1.0
Flags: --no-stop-on-test-error
Check: R code for possible problems
Result: NOTE
    dendrify: no visible binding for global variable ‘item’
    dendrify: no visible binding for global variable ‘node’
    dendrify: no visible binding for global variable ‘value’
    exogenize: no visible binding for global variable ‘item’
    Undefined global functions or variables:
     item node value
Flavors: r-devel-linux-x86_64-fedora-clang, r-devel-linux-x86_64-fedora-gcc, r-devel-macos-x86_64-clang

Version: 0.1.0
Check: R code for possible problems
Result: NOTE
    dendrify: no visible binding for global variable 'item'
    dendrify: no visible binding for global variable 'node'
    dendrify: no visible binding for global variable 'value'
    exogenize: no visible binding for global variable 'item'
Flavor: r-oldrel-windows-ix86+x86_64