CRAN Package Check Results for Package irtrees

Last updated on 2016-09-30 06:47:33.

Flavor Version Tinstall Tcheck Ttotal Status Flags
r-devel-linux-x86_64-debian-clang 0.1.0 0.63 9.75 10.38 NOTE
r-devel-linux-x86_64-debian-gcc 0.1.0 0.70 9.90 10.61 NOTE
r-devel-linux-x86_64-fedora-clang 0.1.0 17.60 NOTE
r-devel-linux-x86_64-fedora-gcc 0.1.0 14.80 NOTE
r-devel-macos-x86_64-clang 0.1.0 15.06 NOTE
r-devel-windows-ix86+x86_64 0.1.0 2.00 31.00 33.00 NOTE
r-patched-linux-x86_64 0.1.0 0.66 9.33 9.98 NOTE
r-patched-solaris-sparc 0.1.0 102.20 NOTE
r-patched-solaris-x86 0.1.0 23.50 NOTE
r-release-linux-x86_64 0.1.0 0.62 9.21 9.83 NOTE
r-release-osx-x86_64-mavericks 0.1.0 NOTE
r-release-windows-ix86+x86_64 0.1.0 3.00 23.00 26.00 NOTE
r-oldrel-windows-ix86+x86_64 0.1.0 4.00 28.00 32.00 NOTE

Check Details

Version: 0.1.0
Check: R code for possible problems
Result: NOTE
    dendrify: no visible binding for global variable ‘item’
    dendrify: no visible binding for global variable ‘node’
    dendrify: no visible binding for global variable ‘value’
    exogenize: no visible binding for global variable ‘item’
    Undefined global functions or variables:
     item node value
Flavors: r-devel-linux-x86_64-debian-clang, r-devel-linux-x86_64-debian-gcc, r-devel-linux-x86_64-fedora-clang, r-devel-linux-x86_64-fedora-gcc, r-devel-macos-x86_64-clang, r-devel-windows-ix86+x86_64, r-patched-linux-x86_64, r-patched-solaris-sparc, r-patched-solaris-x86, r-release-linux-x86_64, r-release-osx-x86_64-mavericks, r-release-windows-ix86+x86_64

Version: 0.1.0
Check: R code for possible problems
Result: NOTE
    dendrify: no visible binding for global variable 'item'
    dendrify: no visible binding for global variable 'node'
    dendrify: no visible binding for global variable 'value'
    exogenize: no visible binding for global variable 'item'
Flavor: r-oldrel-windows-ix86+x86_64