CRAN Package Check Results for Package irtrees

Last updated on 2017-03-29 06:48:14.

Flavor Version Tinstall Tcheck Ttotal Status Flags
r-devel-linux-x86_64-debian-clang 0.1.0 0.67 11.09 11.75 NOTE
r-devel-linux-x86_64-debian-gcc 0.1.0 0.79 10.83 11.62 NOTE
r-devel-linux-x86_64-fedora-clang 0.1.0 21.84 NOTE --no-stop-on-test-error
r-devel-linux-x86_64-fedora-gcc 0.1.0 17.79 NOTE --no-stop-on-test-error
r-devel-macos-x86_64-clang 0.1.0 17.65 NOTE --no-stop-on-test-error
r-devel-windows-ix86+x86_64 0.1.0 3.00 25.00 28.00 NOTE
r-patched-linux-x86_64 0.1.0 0.70 11.01 11.71 NOTE
r-patched-solaris-sparc 0.1.0 113.80 NOTE
r-patched-solaris-x86 0.1.0 27.30 NOTE
r-release-linux-x86_64 0.1.0 0.58 9.44 10.02 NOTE
r-release-osx-x86_64-mavericks 0.1.0 NOTE
r-release-windows-ix86+x86_64 0.1.0 3.00 33.00 36.00 NOTE
r-oldrel-windows-ix86+x86_64 0.1.0 2.00 29.00 31.00 NOTE

Check Details

Version: 0.1.0
Check: R code for possible problems
Result: NOTE
    dendrify: no visible binding for global variable ‘item’
    dendrify: no visible binding for global variable ‘node’
    dendrify: no visible binding for global variable ‘value’
    exogenize: no visible binding for global variable ‘item’
    Undefined global functions or variables:
     item node value
Flavors: r-devel-linux-x86_64-debian-clang, r-devel-linux-x86_64-debian-gcc, r-devel-windows-ix86+x86_64, r-patched-linux-x86_64, r-patched-solaris-sparc, r-patched-solaris-x86, r-release-linux-x86_64, r-release-osx-x86_64-mavericks, r-release-windows-ix86+x86_64

Version: 0.1.0
Flags: --no-stop-on-test-error
Check: R code for possible problems
Result: NOTE
    dendrify: no visible binding for global variable ‘item’
    dendrify: no visible binding for global variable ‘node’
    dendrify: no visible binding for global variable ‘value’
    exogenize: no visible binding for global variable ‘item’
    Undefined global functions or variables:
     item node value
Flavors: r-devel-linux-x86_64-fedora-clang, r-devel-linux-x86_64-fedora-gcc, r-devel-macos-x86_64-clang

Version: 0.1.0
Check: R code for possible problems
Result: NOTE
    dendrify: no visible binding for global variable 'item'
    dendrify: no visible binding for global variable 'node'
    dendrify: no visible binding for global variable 'value'
    exogenize: no visible binding for global variable 'item'
Flavor: r-oldrel-windows-ix86+x86_64