CRAN Package Check Results for Package irtrees

Last updated on 2015-01-29 07:48:48.

Flavor Version Tinstall Tcheck Ttotal Status Flags
r-devel-linux-x86_64-debian-clang 0.1.0 0.59 9.97 10.56 NOTE
r-devel-linux-x86_64-debian-gcc 0.1.0 0.59 8.72 9.31 NOTE
r-devel-linux-x86_64-fedora-clang 0.1.0 21.01 NOTE
r-devel-linux-x86_64-fedora-gcc 0.1.0 19.31 NOTE
r-devel-osx-x86_64-clang 0.1.0 26.68 NOTE
r-devel-windows-ix86+x86_64 0.1.0 5.00 16.00 21.00 NOTE
r-patched-linux-x86_64 0.1.0 0.68 9.26 9.94 NOTE
r-patched-solaris-sparc 0.1.0 123.90 NOTE
r-patched-solaris-x86 0.1.0 30.80 NOTE
r-release-linux-ix86 0.1.0 0.93 14.93 15.86 NOTE
r-release-linux-x86_64 0.1.0 0.64 9.83 10.46 NOTE
r-release-osx-x86_64-mavericks 0.1.0 NOTE
r-release-windows-ix86+x86_64 0.1.0 3.00 16.00 19.00 NOTE
r-oldrel-windows-ix86+x86_64 0.1.0 3.00 21.00 24.00 NOTE

Check Details

Version: 0.1.0
Check: R code for possible problems
Result: NOTE
    dendrify: no visible binding for global variable ‘item’
    dendrify: no visible binding for global variable ‘node’
    dendrify: no visible binding for global variable ‘value’
    exogenize: no visible binding for global variable ‘item’
Flavors: r-devel-linux-x86_64-debian-clang, r-devel-linux-x86_64-debian-gcc, r-devel-linux-x86_64-fedora-clang, r-devel-linux-x86_64-fedora-gcc, r-devel-osx-x86_64-clang, r-devel-windows-ix86+x86_64, r-patched-linux-x86_64, r-patched-solaris-sparc, r-patched-solaris-x86, r-release-linux-ix86, r-release-linux-x86_64, r-release-osx-x86_64-mavericks, r-release-windows-ix86+x86_64, r-oldrel-windows-ix86+x86_64