CRAN Package Check Results for Package irtrees

Last updated on 2014-11-26 18:48:24.

Flavor Version Tinstall Tcheck Ttotal Status Flags
r-devel-linux-x86_64-debian-clang 0.1.0 0.62 10.28 10.90 NOTE
r-devel-linux-x86_64-debian-gcc 0.1.0 0.65 9.39 10.04 NOTE
r-devel-linux-x86_64-fedora-clang 0.1.0 21.37 NOTE
r-devel-linux-x86_64-fedora-gcc 0.1.0 21.52 NOTE
r-devel-osx-x86_64-clang 0.1.0 23.29 NOTE
r-devel-windows-ix86+x86_64 0.1.0 2.00 17.00 19.00 NOTE
r-patched-linux-x86_64 0.1.0 0.64 9.24 9.89 NOTE
r-patched-solaris-sparc 0.1.0 116.80 NOTE
r-patched-solaris-x86 0.1.0 30.60 NOTE
r-release-linux-ix86 0.1.0 0.94 14.96 15.90 NOTE
r-release-linux-x86_64 0.1.0 0.64 9.45 10.09 NOTE
r-release-osx-x86_64-mavericks 0.1.0 NOTE
r-release-windows-ix86+x86_64 0.1.0 2.00 16.00 18.00 NOTE
r-oldrel-windows-ix86+x86_64 0.1.0 2.00 19.00 21.00 NOTE

Check Details

Version: 0.1.0
Check: R code for possible problems
Result: NOTE
    dendrify: no visible binding for global variable ‘item’
    dendrify: no visible binding for global variable ‘node’
    dendrify: no visible binding for global variable ‘value’
    exogenize: no visible binding for global variable ‘item’
Flavors: r-devel-linux-x86_64-debian-clang, r-devel-linux-x86_64-debian-gcc, r-devel-linux-x86_64-fedora-clang, r-devel-linux-x86_64-fedora-gcc, r-devel-osx-x86_64-clang, r-devel-windows-ix86+x86_64, r-patched-linux-x86_64, r-patched-solaris-sparc, r-patched-solaris-x86, r-release-linux-ix86, r-release-linux-x86_64, r-release-osx-x86_64-mavericks, r-release-windows-ix86+x86_64, r-oldrel-windows-ix86+x86_64