CRAN Package Check Results for Package irtrees

Last updated on 2015-03-28 16:47:12.

Flavor Version Tinstall Tcheck Ttotal Status Flags
r-devel-linux-x86_64-debian-clang 0.1.0 0.57 8.94 9.51 NOTE
r-devel-linux-x86_64-debian-gcc 0.1.0 0.59 8.90 9.50 NOTE
r-devel-linux-x86_64-fedora-clang 0.1.0 17.89 NOTE
r-devel-linux-x86_64-fedora-gcc 0.1.0 17.30 NOTE
r-devel-osx-x86_64-clang 0.1.0 25.42 NOTE
r-prerel-windows-ix86+x86_64 0.1.0 3.00 20.00 23.00 NOTE
r-prerel-linux-x86_64 0.1.0 0.59 8.63 9.22 NOTE
r-prerel-solaris-sparc 0.1.0 129.00 NOTE
r-prerel-solaris-x86 0.1.0 26.90 NOTE
r-release-linux-x86_64 0.1.0 0.64 10.02 10.66 NOTE
r-release-osx-x86_64-mavericks 0.1.0 NOTE
r-release-windows-ix86+x86_64 0.1.0 3.00 17.00 20.00 NOTE
r-oldrel-windows-ix86+x86_64 0.1.0 3.00 21.00 24.00 NOTE

Check Details

Version: 0.1.0
Check: R code for possible problems
Result: NOTE
    dendrify: no visible binding for global variable ‘item’
    dendrify: no visible binding for global variable ‘node’
    dendrify: no visible binding for global variable ‘value’
    exogenize: no visible binding for global variable ‘item’
Flavors: r-devel-linux-x86_64-debian-clang, r-devel-linux-x86_64-debian-gcc, r-devel-linux-x86_64-fedora-clang, r-devel-linux-x86_64-fedora-gcc, r-devel-osx-x86_64-clang, r-prerel-windows-ix86+x86_64, r-prerel-linux-x86_64, r-prerel-solaris-sparc, r-prerel-solaris-x86, r-release-linux-x86_64, r-release-osx-x86_64-mavericks, r-release-windows-ix86+x86_64, r-oldrel-windows-ix86+x86_64