CRAN Package Check Results for Package irtrees

Last updated on 2017-06-28 20:48:35.

Flavor Version Tinstall Tcheck Ttotal Status Flags
r-devel-linux-x86_64-debian-clang 0.1.0 0.68 11.11 11.79 NOTE
r-devel-linux-x86_64-debian-gcc 0.1.0 0.66 11.25 11.90 NOTE
r-devel-linux-x86_64-fedora-clang 0.1.0 18.84 NOTE
r-devel-linux-x86_64-fedora-gcc 0.1.0 18.46 NOTE
r-devel-windows-ix86+x86_64 0.1.0 3.00 28.00 31.00 NOTE
r-patched-linux-x86_64 0.1.0 0.78 11.27 12.05 NOTE
r-patched-solaris-sparc 0.1.0 113.80 NOTE
r-patched-solaris-x86 0.1.0 27.00 NOTE
r-release-linux-x86_64 0.1.0 0.70 10.63 11.33 NOTE
r-release-windows-ix86+x86_64 0.1.0 2.00 40.00 42.00 NOTE
r-release-osx-x86_64 0.1.0 NOTE
r-oldrel-windows-ix86+x86_64 0.1.0 3.00 28.00 31.00 NOTE
r-oldrel-osx-x86_64 0.1.0 NOTE

Check Details

Version: 0.1.0
Check: R code for possible problems
Result: NOTE
    dendrify: no visible binding for global variable ‘item’
    dendrify: no visible binding for global variable ‘node’
    dendrify: no visible binding for global variable ‘value’
    exogenize: no visible binding for global variable ‘item’
    Undefined global functions or variables:
     item node value
Flavors: r-devel-linux-x86_64-debian-clang, r-devel-linux-x86_64-debian-gcc, r-devel-linux-x86_64-fedora-clang, r-devel-linux-x86_64-fedora-gcc, r-devel-windows-ix86+x86_64, r-patched-linux-x86_64, r-patched-solaris-sparc, r-patched-solaris-x86, r-release-linux-x86_64, r-release-windows-ix86+x86_64, r-release-osx-x86_64, r-oldrel-windows-ix86+x86_64, r-oldrel-osx-x86_64