CRAN Package Check Results for Package irtrees

Last updated on 2015-05-28 23:47:29.

Flavor Version Tinstall Tcheck Ttotal Status Flags
r-devel-linux-x86_64-debian-clang 0.1.0 0.57 9.08 9.65 NOTE
r-devel-linux-x86_64-debian-gcc 0.1.0 0.56 8.83 9.39 NOTE
r-devel-linux-x86_64-fedora-clang 0.1.0 18.72 NOTE
r-devel-linux-x86_64-fedora-gcc 0.1.0 16.75 NOTE
r-devel-osx-x86_64-clang 0.1.0 23.21 NOTE
r-devel-windows-ix86+x86_64 0.1.0 3.00 17.00 20.00 NOTE
r-patched-linux-x86_64 0.1.0 0.55 8.73 9.28 NOTE
r-patched-solaris-sparc 0.1.0 109.10 NOTE
r-patched-solaris-x86 0.1.0 27.40 NOTE
r-release-linux-x86_64 0.1.0 0.58 8.68 9.26 NOTE
r-release-osx-x86_64-mavericks 0.1.0 NOTE
r-release-osx-x86_64-snowleopard 0.1.0 NOTE
r-release-windows-ix86+x86_64 0.1.0 2.00 16.00 18.00 NOTE
r-oldrel-windows-ix86+x86_64 0.1.0 3.00 17.00 20.00 NOTE

Check Details

Version: 0.1.0
Check: R code for possible problems
Result: NOTE
    dendrify: no visible binding for global variable ‘item’
    dendrify: no visible binding for global variable ‘node’
    dendrify: no visible binding for global variable ‘value’
    exogenize: no visible binding for global variable ‘item’
Flavors: r-devel-linux-x86_64-debian-clang, r-devel-linux-x86_64-debian-gcc, r-devel-linux-x86_64-fedora-clang, r-devel-linux-x86_64-fedora-gcc, r-devel-osx-x86_64-clang, r-devel-windows-ix86+x86_64, r-patched-linux-x86_64, r-patched-solaris-sparc, r-patched-solaris-x86, r-release-linux-x86_64, r-release-osx-x86_64-mavericks, r-release-osx-x86_64-snowleopard, r-release-windows-ix86+x86_64, r-oldrel-windows-ix86+x86_64