CRAN Package Check Results for Package irtrees

Last updated on 2014-07-24 14:48:43.

Flavor Version Tinstall Tcheck Ttotal Status Flags
r-devel-linux-x86_64-debian-clang 0.1.0 0.58 10.72 11.30 NOTE
r-devel-linux-x86_64-debian-gcc 0.1.0 0.59 10.63 11.22 NOTE
r-devel-linux-x86_64-fedora-clang 0.1.0 25.39 NOTE
r-devel-linux-x86_64-fedora-gcc 0.1.0 23.62 NOTE
r-devel-osx-x86_64-clang 0.1.0 25.70 NOTE
r-devel-windows-ix86+x86_64 0.1.0 2.00 18.00 20.00 NOTE
r-patched-linux-x86_64 0.1.0 0.64 10.68 11.32 NOTE
r-patched-solaris-sparc 0.1.0 140.70 NOTE
r-patched-solaris-x86 0.1.0 34.60 NOTE
r-release-linux-ix86 0.1.0 0.92 17.23 18.15 NOTE
r-release-linux-x86_64 0.1.0 0.60 10.92 11.52 NOTE
r-release-osx-x86_64-mavericks 0.1.0 NOTE
r-release-windows-ix86+x86_64 0.1.0 2.00 19.00 21.00 NOTE
r-oldrel-windows-ix86+x86_64 0.1.0 3.00 21.00 24.00 NOTE

Check Details

Version: 0.1.0
Check: R code for possible problems
Result: NOTE
    dendrify: no visible binding for global variable ‘item’
    dendrify: no visible binding for global variable ‘node’
    dendrify: no visible binding for global variable ‘value’
    exogenize: no visible binding for global variable ‘item’
Flavors: r-devel-linux-x86_64-debian-clang, r-devel-linux-x86_64-debian-gcc, r-devel-linux-x86_64-fedora-clang, r-devel-linux-x86_64-fedora-gcc, r-devel-osx-x86_64-clang, r-devel-windows-ix86+x86_64, r-patched-linux-x86_64, r-patched-solaris-sparc, r-patched-solaris-x86, r-release-linux-ix86, r-release-linux-x86_64, r-release-osx-x86_64-mavericks, r-release-windows-ix86+x86_64, r-oldrel-windows-ix86+x86_64