CRAN Package Check Results for Package irtrees

Last updated on 2018-01-17 03:49:13 CET.

Flavor Version Tinstall Tcheck Ttotal Status Flags
r-devel-linux-x86_64-debian-clang 0.1.0 0.61 17.36 17.97 NOTE
r-devel-linux-x86_64-debian-gcc 0.1.0 0.62 13.63 14.25 NOTE
r-devel-linux-x86_64-fedora-clang 0.1.0 20.52 NOTE
r-devel-linux-x86_64-fedora-gcc 0.1.0 19.90 NOTE
r-devel-windows-ix86+x86_64 0.1.0 3.00 26.00 29.00 NOTE
r-patched-linux-x86_64 0.1.0 0.70 15.57 16.27 NOTE
r-patched-solaris-x86 0.1.0 31.20 NOTE
r-release-linux-x86_64 0.1.0 0.69 15.63 16.32 NOTE
r-release-windows-ix86+x86_64 0.1.0 6.00 37.00 43.00 NOTE
r-release-osx-x86_64 0.1.0 NOTE
r-oldrel-windows-ix86+x86_64 0.1.0 3.00 39.00 42.00 NOTE
r-oldrel-osx-x86_64 0.1.0 NOTE

Check Details

Version: 0.1.0
Check: R code for possible problems
Result: NOTE
    dendrify: no visible binding for global variable ‘item’
    dendrify: no visible binding for global variable ‘node’
    dendrify: no visible binding for global variable ‘value’
    exogenize: no visible binding for global variable ‘item’
    Undefined global functions or variables:
     item node value
Flavors: r-devel-linux-x86_64-debian-clang, r-devel-linux-x86_64-debian-gcc, r-devel-linux-x86_64-fedora-clang, r-devel-linux-x86_64-fedora-gcc, r-devel-windows-ix86+x86_64, r-patched-linux-x86_64, r-patched-solaris-x86, r-release-linux-x86_64, r-release-windows-ix86+x86_64, r-release-osx-x86_64, r-oldrel-windows-ix86+x86_64, r-oldrel-osx-x86_64