CRAN Package Check Results for Package isa2

Last updated on 2016-02-10 02:49:09.

Flavor Version Tinstall Tcheck Ttotal Status Flags
r-devel-linux-x86_64-debian-gcc 0.3.4 1.37 28.05 29.42 NOTE
r-devel-linux-x86_64-fedora-clang 0.3.4 53.25 NOTE
r-devel-linux-x86_64-fedora-gcc 0.3.4 50.82 NOTE
r-devel-osx-x86_64-clang 0.3.4 55.91 NOTE
r-devel-windows-ix86+x86_64 0.3.4 10.00 65.00 75.00 NOTE
r-patched-linux-x86_64 0.3.4 1.39 27.30 28.69 OK
r-patched-solaris-sparc 0.3.4 350.20 OK
r-patched-solaris-x86 0.3.4 67.00 OK
r-release-linux-x86_64 0.3.4 1.41 28.06 29.47 OK
r-release-osx-x86_64-mavericks 0.3.4 OK
r-release-windows-ix86+x86_64 0.3.4 8.00 64.00 72.00 OK
r-oldrel-windows-ix86+x86_64 0.3.4 10.00 80.00 90.00 OK

Check Details

Version: 0.3.4
Check: R code for possible problems
Result: NOTE
    images: no visible global function definition for ‘colorRampPalette’
    isa.biclust: no visible global function definition for ‘new’
    isa.in.silico: no visible global function definition for ‘rnorm’
    isa.iterate.default: no visible global function definition for ‘tail’
    isa.sweep.default: no visible global function definition for ‘cor’
    isa.unique.default: no visible global function definition for ‘cor’
    ppa.in.silico: no visible global function definition for ‘rnorm’
    ppa.unique.default: no visible global function definition for ‘cor’
    sweep.graph.default : <anonymous>: no visible global function
     definition for ‘tail’
    Undefined global functions or variables:
     colorRampPalette cor new rnorm tail
    Consider adding
     importFrom("grDevices", "colorRampPalette")
     importFrom("methods", "new")
     importFrom("stats", "cor", "rnorm")
     importFrom("utils", "tail")
    to your NAMESPACE file (and ensure that your DESCRIPTION Imports field
    contains 'methods').
Flavors: r-devel-linux-x86_64-debian-gcc, r-devel-linux-x86_64-fedora-clang, r-devel-linux-x86_64-fedora-gcc, r-devel-osx-x86_64-clang, r-devel-windows-ix86+x86_64