CRAN Package Check Results for Package isa2

Last updated on 2014-09-02 17:46:50.

Flavor Version Tinstall Tcheck Ttotal Status Flags
r-devel-linux-x86_64-debian-clang 0.3.3 1.16 26.30 27.46 NOTE
r-devel-linux-x86_64-debian-gcc 0.3.3 1.26 26.41 27.66 NOTE
r-devel-linux-x86_64-fedora-clang 0.3.3 62.69 NOTE
r-devel-linux-x86_64-fedora-gcc 0.3.3 58.94 NOTE
r-devel-osx-x86_64-clang 0.3.3 48.41 NOTE
r-devel-windows-ix86+x86_64 0.3.3 6.00 55.00 61.00 NOTE
r-patched-linux-x86_64 0.3.3 1.21 26.94 28.15 NOTE
r-patched-solaris-sparc 0.3.3 377.60 NOTE
r-patched-solaris-x86 0.3.3 82.90 NOTE
r-release-linux-ix86 0.3.3 1.99 36.34 38.34 NOTE
r-release-linux-x86_64 0.3.3 1.24 27.40 28.64 NOTE
r-release-osx-x86_64-mavericks 0.3.3 NOTE
r-release-windows-ix86+x86_64 0.3.3 5.00 55.00 60.00 NOTE
r-oldrel-windows-ix86+x86_64 0.3.3 6.00 60.00 66.00 NOTE

Check Details

Version: 0.3.3
Check: DESCRIPTION meta-information
Result: NOTE
    Deprecated license: CC BY-NC-SA 3.0
Flavors: r-devel-linux-x86_64-debian-clang, r-devel-linux-x86_64-debian-gcc, r-devel-linux-x86_64-fedora-clang, r-devel-linux-x86_64-fedora-gcc, r-devel-osx-x86_64-clang, r-patched-linux-x86_64, r-patched-solaris-sparc, r-patched-solaris-x86

Version: 0.3.3
Check: dependencies in R code
Result: NOTE
    Package in Depends field not imported from: ‘methods’
     These packages need to be imported from (in the NAMESPACE file)
     for when this namespace is loaded but not attached.
    See the information on DESCRIPTION files in the chapter ‘Creating R
    packages’ of the ‘Writing R Extensions’ manual.
Flavors: r-devel-linux-x86_64-debian-clang, r-devel-linux-x86_64-debian-gcc, r-devel-linux-x86_64-fedora-clang, r-devel-linux-x86_64-fedora-gcc, r-devel-osx-x86_64-clang, r-devel-windows-ix86+x86_64, r-patched-linux-x86_64, r-patched-solaris-sparc, r-patched-solaris-x86, r-release-linux-ix86, r-release-linux-x86_64, r-release-osx-x86_64-mavericks, r-release-windows-ix86+x86_64, r-oldrel-windows-ix86+x86_64

Version: 0.3.3
Check: R code for possible problems
Result: NOTE
    images: no visible global function definition for ‘levelplot’
    sweep.graph.default: no visible global function definition for ‘graph’
    sweep.graph.default: no visible global function definition for ‘V’
    sweep.graph.default: no visible global function definition for ‘V<-’
    sweep.graph.default: no visible global function definition for ‘vcount’
    sweep.graph.default: no visible global function definition for
     ‘decompose.graph’
    sweep.graph.default : <anonymous>: no visible global function
     definition for ‘layout.reingold.tilford’
    sweep.graph.default : <anonymous>: no visible global function
     definition for ‘topological.sort’
    sweep.graph.default : <anonymous>: no visible global function
     definition for ‘V’
    sweep.graph.default : <anonymous>: no visible global function
     definition for ‘layout.norm’
    sweep.graph.default: no visible binding for global variable
     ‘get.vertex.attribute’
    sweep.graph.default: no visible global function definition for ‘E’
    sweep.graph.default: no visible global function definition for ‘E<-’
Flavors: r-devel-linux-x86_64-debian-clang, r-devel-linux-x86_64-debian-gcc, r-devel-linux-x86_64-fedora-clang, r-devel-linux-x86_64-fedora-gcc, r-devel-osx-x86_64-clang, r-devel-windows-ix86+x86_64