CRAN Package Check Results for Package isa2

Last updated on 2015-08-28 03:48:24.

Flavor Version Tinstall Tcheck Ttotal Status Flags
r-devel-linux-x86_64-debian-clang 0.3.4 1.15 28.12 29.26 NOTE
r-devel-linux-x86_64-debian-gcc 0.3.4 1.12 26.67 27.79 NOTE
r-devel-linux-x86_64-fedora-clang 0.3.4 56.09 NOTE
r-devel-linux-x86_64-fedora-gcc 0.3.4 54.14 NOTE
r-devel-osx-x86_64-clang 0.3.4 46.15 OK
r-devel-windows-ix86+x86_64 0.3.4 10.00 89.00 99.00 NOTE
r-patched-linux-x86_64 0.3.4 1.31 28.01 29.32 OK
r-patched-solaris-sparc 0.3.4 366.80 OK
r-patched-solaris-x86 0.3.4 74.50 OK
r-release-linux-x86_64 0.3.4 1.25 27.87 29.12 OK
r-release-osx-x86_64-mavericks 0.3.4 OK
r-release-windows-ix86+x86_64 0.3.4 8.00 70.00 78.00 OK
r-oldrel-windows-ix86+x86_64 0.3.4 9.00 95.00 104.00 OK

Check Details

Version: 0.3.4
Check: R code for possible problems
Result: NOTE
    images: no visible global function definition for ‘colorRampPalette’
    isa.biclust: no visible global function definition for ‘new’
    isa.in.silico: no visible global function definition for ‘rnorm’
    isa.iterate.default: no visible global function definition for ‘tail’
    isa.sweep.default: no visible global function definition for ‘cor’
    isa.unique.default: no visible global function definition for ‘cor’
    ppa.in.silico: no visible global function definition for ‘rnorm’
    ppa.unique.default: no visible global function definition for ‘cor’
    sweep.graph.default : <anonymous>: no visible global function
     definition for ‘tail’
    Undefined global functions or variables:
     colorRampPalette cor new rnorm tail
    Consider adding
     importFrom("grDevices", "colorRampPalette")
     importFrom("methods", "new")
     importFrom("stats", "cor", "rnorm")
     importFrom("utils", "tail")
    to your NAMESPACE (and ensure that your DESCRIPTION Imports field
    contains 'methods').
Flavors: r-devel-linux-x86_64-debian-clang, r-devel-linux-x86_64-debian-gcc, r-devel-linux-x86_64-fedora-clang, r-devel-linux-x86_64-fedora-gcc, r-devel-windows-ix86+x86_64