CRAN Package Check Results for Package isa2

Last updated on 2014-08-27 15:49:31.

Flavor Version Tinstall Tcheck Ttotal Status Flags
r-devel-linux-x86_64-debian-clang 0.3.3 1.20 26.25 27.45 NOTE
r-devel-linux-x86_64-debian-gcc 0.3.3 1.17 26.00 27.18 NOTE
r-devel-linux-x86_64-fedora-clang 0.3.3 61.66 NOTE
r-devel-linux-x86_64-fedora-gcc 0.3.3 58.09 NOTE
r-devel-osx-x86_64-clang 0.3.3 48.75 NOTE
r-devel-windows-ix86+x86_64 0.3.3 6.00 57.00 63.00 NOTE
r-patched-linux-x86_64 0.3.3 1.20 27.75 28.95 NOTE
r-patched-solaris-sparc 0.3.3 377.60 NOTE
r-patched-solaris-x86 0.3.3 81.90 NOTE
r-release-linux-ix86 0.3.3 2.09 36.32 38.41 NOTE
r-release-linux-x86_64 0.3.3 1.31 28.70 30.02 NOTE
r-release-osx-x86_64-mavericks 0.3.3 NOTE
r-release-windows-ix86+x86_64 0.3.3 6.00 57.00 63.00 NOTE
r-oldrel-windows-ix86+x86_64 0.3.3 7.00 59.00 66.00 NOTE

Check Details

Version: 0.3.3
Check: DESCRIPTION meta-information
Result: NOTE
    Deprecated license: CC BY-NC-SA 3.0
Flavors: r-devel-linux-x86_64-debian-clang, r-devel-linux-x86_64-debian-gcc, r-devel-linux-x86_64-fedora-clang, r-devel-linux-x86_64-fedora-gcc, r-devel-osx-x86_64-clang, r-patched-linux-x86_64, r-patched-solaris-sparc, r-patched-solaris-x86

Version: 0.3.3
Check: dependencies in R code
Result: NOTE
    Package in Depends field not imported from: ‘methods’
     These packages need to be imported from (in the NAMESPACE file)
     for when this namespace is loaded but not attached.
    See the information on DESCRIPTION files in the chapter ‘Creating R
    packages’ of the ‘Writing R Extensions’ manual.
Flavors: r-devel-linux-x86_64-debian-clang, r-devel-linux-x86_64-debian-gcc, r-devel-linux-x86_64-fedora-clang, r-devel-linux-x86_64-fedora-gcc, r-devel-osx-x86_64-clang, r-devel-windows-ix86+x86_64, r-patched-linux-x86_64, r-patched-solaris-sparc, r-patched-solaris-x86, r-release-linux-ix86, r-release-linux-x86_64, r-release-osx-x86_64-mavericks, r-release-windows-ix86+x86_64, r-oldrel-windows-ix86+x86_64

Version: 0.3.3
Check: R code for possible problems
Result: NOTE
    images: no visible global function definition for ‘levelplot’
    sweep.graph.default: no visible global function definition for ‘graph’
    sweep.graph.default: no visible global function definition for ‘V’
    sweep.graph.default: no visible global function definition for ‘V<-’
    sweep.graph.default: no visible global function definition for ‘vcount’
    sweep.graph.default: no visible global function definition for
     ‘decompose.graph’
    sweep.graph.default : <anonymous>: no visible global function
     definition for ‘layout.reingold.tilford’
    sweep.graph.default : <anonymous>: no visible global function
     definition for ‘topological.sort’
    sweep.graph.default : <anonymous>: no visible global function
     definition for ‘V’
    sweep.graph.default : <anonymous>: no visible global function
     definition for ‘layout.norm’
    sweep.graph.default: no visible binding for global variable
     ‘get.vertex.attribute’
    sweep.graph.default: no visible global function definition for ‘E’
    sweep.graph.default: no visible global function definition for ‘E<-’
Flavors: r-devel-linux-x86_64-debian-clang, r-devel-linux-x86_64-debian-gcc, r-devel-linux-x86_64-fedora-clang, r-devel-linux-x86_64-fedora-gcc, r-devel-osx-x86_64-clang, r-devel-windows-ix86+x86_64