CRAN Package Check Results for Package isa2

Last updated on 2016-12-10 23:48:43.

Flavor Version Tinstall Tcheck Ttotal Status Flags
r-devel-linux-x86_64-debian-clang 0.3.4 1.55 33.32 34.87 NOTE
r-devel-linux-x86_64-debian-gcc 0.3.4 1.56 31.12 32.68 NOTE
r-devel-linux-x86_64-fedora-clang 0.3.4 60.90 NOTE --no-stop-on-test-error
r-devel-linux-x86_64-fedora-gcc 0.3.4 58.33 NOTE --no-stop-on-test-error
r-devel-macos-x86_64-clang 0.3.4 47.27 NOTE --no-stop-on-test-error
r-devel-windows-ix86+x86_64 0.3.4 6.00 99.00 105.00 NOTE
r-patched-linux-x86_64 0.3.4 1.27 28.10 29.37 NOTE
r-patched-solaris-sparc 0.3.4 349.90 NOTE
r-patched-solaris-x86 0.3.4 68.90 NOTE
r-release-linux-x86_64 0.3.4 1.24 28.24 29.47 NOTE
r-release-osx-x86_64-mavericks 0.3.4 NOTE
r-release-windows-ix86+x86_64 0.3.4 11.00 61.00 72.00 NOTE
r-oldrel-windows-ix86+x86_64 0.3.4 11.00 65.00 76.00 OK

Check Details

Version: 0.3.4
Check: R code for possible problems
Result: NOTE
    images: no visible global function definition for ‘colorRampPalette’
    isa.biclust: no visible global function definition for ‘new’
    isa.in.silico: no visible global function definition for ‘rnorm’
    isa.iterate.default: no visible global function definition for ‘tail’
    isa.sweep.default: no visible global function definition for ‘cor’
    isa.unique.default: no visible global function definition for ‘cor’
    ppa.in.silico: no visible global function definition for ‘rnorm’
    ppa.unique.default: no visible global function definition for ‘cor’
    sweep.graph.default : <anonymous>: no visible global function
     definition for ‘tail’
    Undefined global functions or variables:
     colorRampPalette cor new rnorm tail
    Consider adding
     importFrom("grDevices", "colorRampPalette")
     importFrom("methods", "new")
     importFrom("stats", "cor", "rnorm")
     importFrom("utils", "tail")
    to your NAMESPACE file (and ensure that your DESCRIPTION Imports field
    contains 'methods').
Flavors: r-devel-linux-x86_64-debian-clang, r-devel-linux-x86_64-debian-gcc, r-devel-windows-ix86+x86_64, r-patched-linux-x86_64, r-patched-solaris-sparc, r-patched-solaris-x86, r-release-linux-x86_64, r-release-osx-x86_64-mavericks, r-release-windows-ix86+x86_64

Version: 0.3.4
Flags: --no-stop-on-test-error
Check: R code for possible problems
Result: NOTE
    images: no visible global function definition for ‘colorRampPalette’
    isa.biclust: no visible global function definition for ‘new’
    isa.in.silico: no visible global function definition for ‘rnorm’
    isa.iterate.default: no visible global function definition for ‘tail’
    isa.sweep.default: no visible global function definition for ‘cor’
    isa.unique.default: no visible global function definition for ‘cor’
    ppa.in.silico: no visible global function definition for ‘rnorm’
    ppa.unique.default: no visible global function definition for ‘cor’
    sweep.graph.default : <anonymous>: no visible global function
     definition for ‘tail’
    Undefined global functions or variables:
     colorRampPalette cor new rnorm tail
    Consider adding
     importFrom("grDevices", "colorRampPalette")
     importFrom("methods", "new")
     importFrom("stats", "cor", "rnorm")
     importFrom("utils", "tail")
    to your NAMESPACE file (and ensure that your DESCRIPTION Imports field
    contains 'methods').
Flavors: r-devel-linux-x86_64-fedora-clang, r-devel-linux-x86_64-fedora-gcc, r-devel-macos-x86_64-clang