CRAN Package Check Results for Package isa2

Last updated on 2017-01-20 03:47:26.

Flavor Version Tinstall Tcheck Ttotal Status Flags
r-devel-linux-x86_64-debian-clang 0.3.4 1.55 32.87 34.42 NOTE
r-devel-linux-x86_64-debian-gcc 0.3.4 1.51 30.64 32.15 NOTE
r-devel-linux-x86_64-fedora-clang 0.3.4 59.70 NOTE --no-stop-on-test-error
r-devel-linux-x86_64-fedora-gcc 0.3.4 59.42 NOTE --no-stop-on-test-error
r-devel-macos-x86_64-clang 0.3.4 46.58 NOTE --no-stop-on-test-error
r-devel-windows-ix86+x86_64 0.3.4 8.00 72.00 80.00 NOTE
r-patched-linux-x86_64 0.3.4 1.28 27.05 28.33 NOTE
r-patched-solaris-sparc 0.3.4 352.20 NOTE
r-patched-solaris-x86 0.3.4 68.50 NOTE
r-release-linux-x86_64 0.3.4 1.27 28.09 29.36 NOTE
r-release-osx-x86_64-mavericks 0.3.4 NOTE
r-release-windows-ix86+x86_64 0.3.4 6.00 91.00 97.00 NOTE
r-oldrel-windows-ix86+x86_64 0.3.4 7.00 94.00 101.00 OK

Check Details

Version: 0.3.4
Check: R code for possible problems
Result: NOTE
    images: no visible global function definition for ‘colorRampPalette’
    isa.biclust: no visible global function definition for ‘new’
    isa.in.silico: no visible global function definition for ‘rnorm’
    isa.iterate.default: no visible global function definition for ‘tail’
    isa.sweep.default: no visible global function definition for ‘cor’
    isa.unique.default: no visible global function definition for ‘cor’
    ppa.in.silico: no visible global function definition for ‘rnorm’
    ppa.unique.default: no visible global function definition for ‘cor’
    sweep.graph.default : <anonymous>: no visible global function
     definition for ‘tail’
    Undefined global functions or variables:
     colorRampPalette cor new rnorm tail
    Consider adding
     importFrom("grDevices", "colorRampPalette")
     importFrom("methods", "new")
     importFrom("stats", "cor", "rnorm")
     importFrom("utils", "tail")
    to your NAMESPACE file (and ensure that your DESCRIPTION Imports field
    contains 'methods').
Flavors: r-devel-linux-x86_64-debian-clang, r-devel-linux-x86_64-debian-gcc, r-devel-windows-ix86+x86_64, r-patched-linux-x86_64, r-patched-solaris-sparc, r-patched-solaris-x86, r-release-linux-x86_64, r-release-osx-x86_64-mavericks, r-release-windows-ix86+x86_64

Version: 0.3.4
Flags: --no-stop-on-test-error
Check: R code for possible problems
Result: NOTE
    images: no visible global function definition for ‘colorRampPalette’
    isa.biclust: no visible global function definition for ‘new’
    isa.in.silico: no visible global function definition for ‘rnorm’
    isa.iterate.default: no visible global function definition for ‘tail’
    isa.sweep.default: no visible global function definition for ‘cor’
    isa.unique.default: no visible global function definition for ‘cor’
    ppa.in.silico: no visible global function definition for ‘rnorm’
    ppa.unique.default: no visible global function definition for ‘cor’
    sweep.graph.default : <anonymous>: no visible global function
     definition for ‘tail’
    Undefined global functions or variables:
     colorRampPalette cor new rnorm tail
    Consider adding
     importFrom("grDevices", "colorRampPalette")
     importFrom("methods", "new")
     importFrom("stats", "cor", "rnorm")
     importFrom("utils", "tail")
    to your NAMESPACE file (and ensure that your DESCRIPTION Imports field
    contains 'methods').
Flavors: r-devel-linux-x86_64-fedora-clang, r-devel-linux-x86_64-fedora-gcc, r-devel-macos-x86_64-clang