CRAN Package Check Results for Package isa2

Last updated on 2017-02-20 22:59:01.

Flavor Version Tinstall Tcheck Ttotal Status Flags
r-devel-linux-x86_64-debian-clang 0.3.4 1.45 33.57 35.02 NOTE
r-devel-linux-x86_64-debian-gcc 0.3.4 1.40 31.99 33.39 NOTE
r-devel-linux-x86_64-fedora-clang 0.3.4 58.50 NOTE --no-stop-on-test-error
r-devel-linux-x86_64-fedora-gcc 0.3.4 56.18 NOTE --no-stop-on-test-error
r-devel-macos-x86_64-clang 0.3.4 46.39 NOTE --no-stop-on-test-error
r-devel-windows-ix86+x86_64 0.3.4 6.00 93.00 99.00 NOTE
r-patched-linux-x86_64 0.3.4 1.16 29.33 30.49 NOTE
r-patched-solaris-sparc 0.3.4 352.20 NOTE
r-patched-solaris-x86 0.3.4 68.20 NOTE
r-release-linux-x86_64 0.3.4 1.14 28.64 29.78 NOTE
r-release-osx-x86_64-mavericks 0.3.4 NOTE
r-release-windows-ix86+x86_64 0.3.4 8.00 92.00 100.00 NOTE
r-oldrel-windows-ix86+x86_64 0.3.4 7.00 62.00 69.00 OK

Check Details

Version: 0.3.4
Check: R code for possible problems
Result: NOTE
    images: no visible global function definition for ‘colorRampPalette’
    isa.biclust: no visible global function definition for ‘new’
    isa.in.silico: no visible global function definition for ‘rnorm’
    isa.iterate.default: no visible global function definition for ‘tail’
    isa.sweep.default: no visible global function definition for ‘cor’
    isa.unique.default: no visible global function definition for ‘cor’
    ppa.in.silico: no visible global function definition for ‘rnorm’
    ppa.unique.default: no visible global function definition for ‘cor’
    sweep.graph.default : <anonymous>: no visible global function
     definition for ‘tail’
    Undefined global functions or variables:
     colorRampPalette cor new rnorm tail
    Consider adding
     importFrom("grDevices", "colorRampPalette")
     importFrom("methods", "new")
     importFrom("stats", "cor", "rnorm")
     importFrom("utils", "tail")
    to your NAMESPACE file (and ensure that your DESCRIPTION Imports field
    contains 'methods').
Flavors: r-devel-linux-x86_64-debian-clang, r-devel-linux-x86_64-debian-gcc, r-devel-windows-ix86+x86_64, r-patched-linux-x86_64, r-patched-solaris-sparc, r-patched-solaris-x86, r-release-linux-x86_64, r-release-osx-x86_64-mavericks, r-release-windows-ix86+x86_64

Version: 0.3.4
Check: compiled code
Result: NOTE
    File ‘isa2/libs/isa2.so’:
     Found no calls to: ‘R_registerRoutines’, ‘R_useDynamicSymbols’
    
    It is good practice to register native routines and to disable symbol
    search.
    
    See ‘Writing portable packages’ in the ‘Writing R Extensions’ manual.
Flavors: r-devel-linux-x86_64-debian-clang, r-devel-linux-x86_64-debian-gcc

Version: 0.3.4
Flags: --no-stop-on-test-error
Check: R code for possible problems
Result: NOTE
    images: no visible global function definition for ‘colorRampPalette’
    isa.biclust: no visible global function definition for ‘new’
    isa.in.silico: no visible global function definition for ‘rnorm’
    isa.iterate.default: no visible global function definition for ‘tail’
    isa.sweep.default: no visible global function definition for ‘cor’
    isa.unique.default: no visible global function definition for ‘cor’
    ppa.in.silico: no visible global function definition for ‘rnorm’
    ppa.unique.default: no visible global function definition for ‘cor’
    sweep.graph.default : <anonymous>: no visible global function
     definition for ‘tail’
    Undefined global functions or variables:
     colorRampPalette cor new rnorm tail
    Consider adding
     importFrom("grDevices", "colorRampPalette")
     importFrom("methods", "new")
     importFrom("stats", "cor", "rnorm")
     importFrom("utils", "tail")
    to your NAMESPACE file (and ensure that your DESCRIPTION Imports field
    contains 'methods').
Flavors: r-devel-linux-x86_64-fedora-clang, r-devel-linux-x86_64-fedora-gcc, r-devel-macos-x86_64-clang

Version: 0.3.4
Flags: --no-stop-on-test-error
Check: compiled code
Result: NOTE
    File ‘isa2/libs/isa2.so’:
     Found no calls to: ‘R_registerRoutines’, ‘R_useDynamicSymbols’
    
    It is good practice to register native routines and to disable symbol
    search.
    
    See ‘Writing portable packages’ in the ‘Writing R Extensions’ manual.
Flavors: r-devel-linux-x86_64-fedora-clang, r-devel-linux-x86_64-fedora-gcc, r-devel-macos-x86_64-clang