CRAN Package Check Results for Package isa2

Last updated on 2015-06-30 11:48:21.

Flavor Version Tinstall Tcheck Ttotal Status Flags
r-devel-linux-x86_64-debian-clang 0.3.4 1.16 28.26 29.42 NOTE
r-devel-linux-x86_64-debian-gcc 0.3.4 1.22 27.30 28.52 NOTE
r-devel-linux-x86_64-fedora-clang 0.3.4 56.88 OK
r-devel-linux-x86_64-fedora-gcc 0.3.4 53.36 OK
r-devel-osx-x86_64-clang 0.3.4 50.70 OK
r-devel-windows-ix86+x86_64 0.3.4 9.00 60.00 69.00 NOTE
r-patched-linux-x86_64 0.3.4 1.24 27.53 28.78 OK
r-patched-solaris-sparc 0.3.4 372.00 OK
r-patched-solaris-x86 0.3.4 72.80 OK
r-release-linux-x86_64 0.3.4 1.20 27.70 28.90 OK
r-release-osx-x86_64-mavericks 0.3.4 OK
r-release-windows-ix86+x86_64 0.3.4 10.00 61.00 71.00 OK
r-oldrel-windows-ix86+x86_64 0.3.4 11.00 70.00 81.00 OK

Check Details

Version: 0.3.4
Check: R code for possible problems
Result: NOTE
    images: no visible global function definition for ‘colorRampPalette’
    isa.biclust: no visible global function definition for ‘new’
    isa.in.silico: no visible global function definition for ‘rnorm’
    isa.iterate.default: no visible global function definition for ‘tail’
    isa.sweep.default: no visible global function definition for ‘cor’
    isa.unique.default: no visible global function definition for ‘cor’
    ppa.in.silico: no visible global function definition for ‘rnorm’
    ppa.unique.default: no visible global function definition for ‘cor’
    sweep.graph.default : <anonymous>: no visible global function
     definition for ‘tail’
Flavors: r-devel-linux-x86_64-debian-clang, r-devel-linux-x86_64-debian-gcc, r-devel-windows-ix86+x86_64