CRAN Package Check Results for Package isa2

Last updated on 2014-07-24 11:53:24.

Flavor Version Tinstall Tcheck Ttotal Status Flags
r-devel-linux-x86_64-debian-clang 0.3.3 1.18 27.68 28.87 NOTE
r-devel-linux-x86_64-debian-gcc 0.3.3 1.28 26.84 28.12 NOTE
r-devel-linux-x86_64-fedora-clang 0.3.3 64.13 NOTE
r-devel-linux-x86_64-fedora-gcc 0.3.3 59.51 NOTE
r-devel-osx-x86_64-clang 0.3.3 51.57 NOTE
r-devel-windows-ix86+x86_64 0.3.3 6.00 59.00 65.00 NOTE
r-patched-linux-x86_64 0.3.3 1.23 27.42 28.65 NOTE
r-patched-solaris-sparc 0.3.3 370.00 NOTE
r-patched-solaris-x86 0.3.3 81.50 NOTE
r-release-linux-ix86 0.3.3 1.84 36.41 38.25 NOTE
r-release-linux-x86_64 0.3.3 1.23 26.91 28.14 NOTE
r-release-osx-x86_64-mavericks 0.3.3 NOTE
r-release-windows-ix86+x86_64 0.3.3 5.00 54.00 59.00 NOTE
r-oldrel-windows-ix86+x86_64 0.3.3 6.00 61.00 67.00 NOTE

Check Details

Version: 0.3.3
Check: dependencies in R code
Result: NOTE
    Package in Depends field not imported from: ‘methods’
     These packages need to be imported from (in the NAMESPACE file)
     for when this namespace is loaded but not attached.
    See the information on DESCRIPTION files in the chapter ‘Creating R
    packages’ of the ‘Writing R Extensions’ manual.
Flavors: r-devel-linux-x86_64-debian-clang, r-devel-linux-x86_64-debian-gcc, r-devel-linux-x86_64-fedora-clang, r-devel-linux-x86_64-fedora-gcc, r-devel-osx-x86_64-clang, r-devel-windows-ix86+x86_64, r-patched-linux-x86_64, r-patched-solaris-sparc, r-patched-solaris-x86, r-release-linux-ix86, r-release-linux-x86_64, r-release-osx-x86_64-mavericks, r-release-windows-ix86+x86_64, r-oldrel-windows-ix86+x86_64