CRAN Package Check Results for Package isa2

Last updated on 2015-03-05 08:49:13.

Flavor Version Tinstall Tcheck Ttotal Status Flags
r-devel-linux-x86_64-debian-clang 0.3.3 1.20 26.70 27.90 NOTE
r-devel-linux-x86_64-debian-gcc 0.3.3 1.10 26.12 27.22 NOTE
r-devel-linux-x86_64-fedora-clang 0.3.3 53.93 NOTE
r-devel-linux-x86_64-fedora-gcc 0.3.3 52.77 NOTE
r-devel-osx-x86_64-clang 0.3.3 29.49 ERROR
r-devel-windows-ix86+x86_64 0.3.3 7.00 57.00 64.00 NOTE
r-patched-linux-x86_64 0.3.3 1.20 28.12 29.32 NOTE
r-patched-solaris-sparc 0.3.3 373.00 NOTE
r-patched-solaris-x86 0.3.3 75.20 NOTE
r-release-linux-ix86 0.3.3 1.74 37.32 39.06 NOTE
r-release-linux-x86_64 0.3.3 1.26 28.29 29.54 NOTE
r-release-osx-x86_64-mavericks 0.3.3 NOTE
r-release-windows-ix86+x86_64 0.3.3 6.00 56.00 62.00 NOTE
r-oldrel-windows-ix86+x86_64 0.3.3 6.00 90.00 96.00 NOTE

Check Details

Version: 0.3.3
Check: DESCRIPTION meta-information
Result: NOTE
    Deprecated license: CC BY-NC-SA 3.0
Flavors: r-devel-linux-x86_64-debian-clang, r-devel-linux-x86_64-debian-gcc, r-devel-linux-x86_64-fedora-clang, r-devel-linux-x86_64-fedora-gcc, r-devel-osx-x86_64-clang, r-patched-linux-x86_64, r-patched-solaris-sparc, r-patched-solaris-x86, r-release-linux-ix86, r-release-linux-x86_64, r-release-osx-x86_64-mavericks

Version: 0.3.3
Check: dependencies in R code
Result: NOTE
    'library' or 'require' calls in package code:
     ‘biclust’ ‘igraph’ ‘lattice’
     Please use :: or requireNamespace() instead.
     See section 'Suggested packages' in the 'Writing R Extensions' manual.
    Package in Depends field not imported from: ‘methods’
     These packages need to be imported from (in the NAMESPACE file)
     for when this namespace is loaded but not attached.
Flavors: r-devel-linux-x86_64-debian-clang, r-devel-linux-x86_64-debian-gcc, r-devel-linux-x86_64-fedora-clang, r-devel-linux-x86_64-fedora-gcc, r-devel-osx-x86_64-clang, r-devel-windows-ix86+x86_64, r-patched-linux-x86_64, r-patched-solaris-sparc, r-patched-solaris-x86

Version: 0.3.3
Check: R code for possible problems
Result: NOTE
    images: no visible global function definition for ‘levelplot’
    sweep.graph.default: no visible global function definition for ‘graph’
    sweep.graph.default: no visible global function definition for ‘V’
    sweep.graph.default: no visible global function definition for ‘V<-’
    sweep.graph.default: no visible global function definition for ‘vcount’
    sweep.graph.default: no visible global function definition for
     ‘decompose.graph’
    sweep.graph.default : <anonymous>: no visible global function
     definition for ‘layout.reingold.tilford’
    sweep.graph.default : <anonymous>: no visible global function
     definition for ‘topological.sort’
    sweep.graph.default : <anonymous>: no visible global function
     definition for ‘V’
    sweep.graph.default : <anonymous>: no visible global function
     definition for ‘layout.norm’
    sweep.graph.default: no visible binding for global variable
     ‘get.vertex.attribute’
    sweep.graph.default: no visible global function definition for ‘E’
    sweep.graph.default: no visible global function definition for ‘E<-’
Flavors: r-devel-linux-x86_64-debian-clang, r-devel-linux-x86_64-debian-gcc, r-devel-linux-x86_64-fedora-clang, r-devel-linux-x86_64-fedora-gcc, r-devel-osx-x86_64-clang, r-devel-windows-ix86+x86_64, r-patched-linux-x86_64, r-patched-solaris-sparc, r-patched-solaris-x86, r-release-linux-ix86, r-release-linux-x86_64, r-release-osx-x86_64-mavericks, r-release-windows-ix86+x86_64

Version: 0.3.3
Check: examples
Result: ERROR
    Running examples in ‘isa2-Ex.R’ failed
    The error most likely occurred in:
    
    > ### Name: isa.sweep
    > ### Title: Create a hierarchical structure of ISA biclusters
    > ### Aliases: isa.sweep isa.sweep,matrix-method sweep.graph
    > ### sweep.graph,list-method
    > ### Keywords: cluster
    >
    > ### ** Examples
    >
    > ## In-silico data
    > set.seed(1)
    > insili <- isa.in.silico()
    Creating in-silico data set
    DONE
    >
    > ## Do ISA with a bunch of row thresholds while keeping the column
    > ## threshold fixed. This is quite an artificial example...
    > isares <- isa(insili[[1]], thr.row=c(0.5,1,2), thr.col=0)
    Performing complete ISA work flow
    ISA normalization
    DONE
    Generating seeds
    DONE
    Doing ISA iteration
    DONE
    Doing ISA iteration
    DONE
    Doing ISA iteration
    DONE
    Creating unique module set
    DONE
    Creating unique module set
    DONE
    Creating unique module set
    DONE
    Filtering ISA result for robustness...
    Calculating ISA robustness
    DONE
    ISA normalization
    DONE
    Doing ISA iteration
    DONE
    Calculating ISA robustness
    DONE
    DONE.
    Filtering ISA result for robustness...
    Calculating ISA robustness
    DONE
    ISA normalization
    DONE
    Doing ISA iteration
    DONE
    Calculating ISA robustness
    DONE
    DONE.
    Filtering ISA result for robustness...
    Calculating ISA robustness
    DONE
    ISA normalization
    DONE
    Doing ISA iteration
    DONE
    Calculating ISA robustness
    DONE
    DONE.
    Creating unique module set
    DONE
    DONE
    >
    > ## Create a nice tree from the modules, we need the normed data for this
    > nm <- isa.normalize(insili[[1]])
    ISA normalization
    DONE
    > isa.tree <- isa.sweep(insili[[1]], nm, isares)
    Performing an ISA sweep
    Doing ISA iteration
    DONE
    Creating unique module set
    DONE
    Calculating ISA robustness
    DONE
    Doing ISA iteration
    DONE
    Creating unique module set
    DONE
    Calculating ISA robustness
    DONE
    DONE
    > network <- sweep.graph(isa.tree)
    Loading required package: igraph
    Error in if (vr[1] == vr[2]) { : missing value where TRUE/FALSE needed
    Calls: sweep.graph ... sweep.graph.default -> lapply -> FUN -> layout.norm -> .layout.norm.col
    Execution halted
Flavor: r-devel-osx-x86_64-clang

Version: 0.3.3
Check: dependencies in R code
Result: NOTE
    Package in Depends field not imported from: ‘methods’
     These packages need to be imported from (in the NAMESPACE file)
     for when this namespace is loaded but not attached.
    See the information on DESCRIPTION files in the chapter ‘Creating R
    packages’ of the ‘Writing R Extensions’ manual.
Flavors: r-release-linux-ix86, r-release-linux-x86_64, r-release-osx-x86_64-mavericks, r-release-windows-ix86+x86_64, r-oldrel-windows-ix86+x86_64