CRAN Package Check Results for Package isa2

Last updated on 2016-05-24 23:48:11.

Flavor Version Tinstall Tcheck Ttotal Status Flags
r-devel-linux-x86_64-debian-gcc 0.3.4 1.36 27.18 28.54 NOTE
r-devel-linux-x86_64-fedora-clang 0.3.4 57.65 NOTE
r-devel-linux-x86_64-fedora-gcc 0.3.4 51.95 NOTE
r-devel-osx-x86_64-clang 0.3.4 56.32 NOTE
r-devel-windows-ix86+x86_64 0.3.4 6.00 71.00 77.00 NOTE
r-patched-linux-x86_64 0.3.4 1.19 28.07 29.26 NOTE
r-patched-solaris-sparc 0.3.4 351.20 NOTE
r-patched-solaris-x86 0.3.4 67.50 NOTE
r-release-linux-x86_64 0.3.4 1.19 27.80 28.98 NOTE
r-release-osx-x86_64-mavericks 0.3.4 NOTE
r-release-windows-ix86+x86_64 0.3.4 6.00 71.00 77.00 NOTE
r-oldrel-windows-ix86+x86_64 0.3.4 11.00 86.00 97.00 OK

Check Details

Version: 0.3.4
Check: R code for possible problems
Result: NOTE
    images: no visible global function definition for ‘colorRampPalette’
    isa.biclust: no visible global function definition for ‘new’
    isa.in.silico: no visible global function definition for ‘rnorm’
    isa.iterate.default: no visible global function definition for ‘tail’
    isa.sweep.default: no visible global function definition for ‘cor’
    isa.unique.default: no visible global function definition for ‘cor’
    ppa.in.silico: no visible global function definition for ‘rnorm’
    ppa.unique.default: no visible global function definition for ‘cor’
    sweep.graph.default : <anonymous>: no visible global function
     definition for ‘tail’
    Undefined global functions or variables:
     colorRampPalette cor new rnorm tail
    Consider adding
     importFrom("grDevices", "colorRampPalette")
     importFrom("methods", "new")
     importFrom("stats", "cor", "rnorm")
     importFrom("utils", "tail")
    to your NAMESPACE file (and ensure that your DESCRIPTION Imports field
    contains 'methods').
Flavors: r-devel-linux-x86_64-debian-gcc, r-devel-linux-x86_64-fedora-clang, r-devel-linux-x86_64-fedora-gcc, r-devel-osx-x86_64-clang, r-devel-windows-ix86+x86_64, r-patched-linux-x86_64, r-patched-solaris-sparc, r-patched-solaris-x86, r-release-linux-x86_64, r-release-osx-x86_64-mavericks, r-release-windows-ix86+x86_64