CRAN Package Check Results for Package isa2

Last updated on 2015-07-30 09:47:30.

Flavor Version Tinstall Tcheck Ttotal Status Flags
r-devel-linux-x86_64-debian-clang 0.3.4 1.23 27.60 28.83 NOTE
r-devel-linux-x86_64-debian-gcc 0.3.4 1.20 26.54 27.74 NOTE
r-devel-linux-x86_64-fedora-clang 0.3.4 54.48 NOTE
r-devel-linux-x86_64-fedora-gcc 0.3.4 52.62 NOTE
r-devel-osx-x86_64-clang 0.3.4 43.99 OK
r-devel-windows-ix86+x86_64 0.3.4 8.00 57.00 65.00 NOTE
r-patched-linux-x86_64 0.3.4 1.38 27.52 28.90 OK
r-patched-solaris-sparc 0.3.4 366.80 OK
r-patched-solaris-x86 0.3.4 74.00 OK
r-release-linux-x86_64 0.3.4 1.28 28.72 30.00 OK
r-release-osx-x86_64-mavericks 0.3.4 OK
r-release-windows-ix86+x86_64 0.3.4 8.00 61.00 69.00 OK
r-oldrel-windows-ix86+x86_64 0.3.4 12.00 70.00 82.00 OK

Check Details

Version: 0.3.4
Check: R code for possible problems
Result: NOTE
    images: no visible global function definition for ‘colorRampPalette’
    isa.biclust: no visible global function definition for ‘new’
    isa.in.silico: no visible global function definition for ‘rnorm’
    isa.iterate.default: no visible global function definition for ‘tail’
    isa.sweep.default: no visible global function definition for ‘cor’
    isa.unique.default: no visible global function definition for ‘cor’
    ppa.in.silico: no visible global function definition for ‘rnorm’
    ppa.unique.default: no visible global function definition for ‘cor’
    sweep.graph.default : <anonymous>: no visible global function
     definition for ‘tail’
    Undefined global functions or variables:
     colorRampPalette cor new rnorm tail
    Consider adding
     importFrom("grDevices", "colorRampPalette")
     importFrom("methods", "new")
     importFrom("stats", "cor", "rnorm")
     importFrom("utils", "tail")
    to your NAMESPACE.
Flavors: r-devel-linux-x86_64-debian-clang, r-devel-linux-x86_64-debian-gcc, r-devel-linux-x86_64-fedora-clang, r-devel-linux-x86_64-fedora-gcc, r-devel-windows-ix86+x86_64