CRAN Package Check Results for Package isa2

Last updated on 2015-05-22 15:46:35.

Flavor Version Tinstall Tcheck Ttotal Status Flags
r-devel-linux-x86_64-debian-clang 0.3.4 1.36 27.52 28.88 OK
r-devel-linux-x86_64-debian-gcc 0.3.4 1.21 27.26 28.47 OK
r-devel-linux-x86_64-fedora-gcc 0.3.4 54.81 OK
r-devel-osx-x86_64-clang 0.3.4 51.85 OK
r-devel-windows-ix86+x86_64 0.3.4 9.00 62.00 71.00 OK
r-patched-linux-x86_64 0.3.4 1.33 27.87 29.20 OK
r-patched-solaris-sparc 0.3.4 332.60 OK
r-patched-solaris-x86 0.3.4 74.50 OK
r-release-linux-x86_64 0.3.4 1.23 27.92 29.15 OK
r-release-osx-x86_64-mavericks 0.3.4 OK
r-release-osx-x86_64-snowleopard 0.3.4 ERROR
r-release-windows-ix86+x86_64 0.3.4 6.00 57.00 63.00 OK
r-oldrel-windows-ix86+x86_64 0.3.4 6.00 59.00 65.00 OK

Check Details

Version: 0.3.4
Check: package dependencies
Result: NOTE
    Package suggested but not available for checking: ‘igraph’
Flavor: r-release-osx-x86_64-snowleopard

Version: 0.3.4
Check: examples
Result: ERROR
    Running examples in ‘isa2-Ex.R’ failed
    The error most likely occurred in:
    
    > ### Name: isa.sweep
    > ### Title: Create a hierarchical structure of ISA biclusters
    > ### Aliases: isa.sweep isa.sweep,matrix-method sweep.graph
    > ### sweep.graph,list-method
    > ### Keywords: cluster
    >
    > ### ** Examples
    >
    > ## In-silico data
    > set.seed(1)
    > insili <- isa.in.silico()
    Creating in-silico data set
    DONE
    >
    > ## Do ISA with a bunch of row thresholds while keeping the column
    > ## threshold fixed. This is quite an artificial example...
    > isares <- isa(insili[[1]], thr.row=c(0.5,1,2), thr.col=0)
    Performing complete ISA work flow
    ISA normalization
    DONE
    Generating seeds
    DONE
    Doing ISA iteration
    DONE
    Doing ISA iteration
    DONE
    Doing ISA iteration
    DONE
    Creating unique module set
    DONE
    Creating unique module set
    DONE
    Creating unique module set
    DONE
    Filtering ISA result for robustness...
    Calculating ISA robustness
    DONE
    ISA normalization
    DONE
    Doing ISA iteration
    DONE
    Calculating ISA robustness
    DONE
    DONE.
    Filtering ISA result for robustness...
    Calculating ISA robustness
    DONE
    ISA normalization
    DONE
    Doing ISA iteration
    DONE
    Calculating ISA robustness
    DONE
    DONE.
    Filtering ISA result for robustness...
    Calculating ISA robustness
    DONE
    ISA normalization
    DONE
    Doing ISA iteration
    DONE
    Calculating ISA robustness
    DONE
    DONE.
    Creating unique module set
    DONE
    DONE
    >
    > ## Create a nice tree from the modules, we need the normed data for this
    > nm <- isa.normalize(insili[[1]])
    ISA normalization
    DONE
    > isa.tree <- isa.sweep(insili[[1]], nm, isares)
    Performing an ISA sweep
    Doing ISA iteration
    DONE
    Creating unique module set
    DONE
    Calculating ISA robustness
    DONE
    Doing ISA iteration
    DONE
    Creating unique module set
    DONE
    Calculating ISA robustness
    DONE
    DONE
    > network <- sweep.graph(isa.tree)
    Loading required namespace: igraph
    Failed with error: ‘there is no package called ‘igraph’’
    Error in sweep.graph.default(sweep.result, ...) :
     The igraph package is required for sweeping
    Calls: sweep.graph -> sweep.graph -> sweep.graph.default
    Execution halted
Flavor: r-release-osx-x86_64-snowleopard