CRAN Package Check Results for Package isdals

Last updated on 2016-06-30 09:49:39.

Flavor Version Tinstall Tcheck Ttotal Status Flags
r-devel-linux-x86_64-debian-gcc 2.0-4 1.24 13.91 15.15 NOTE
r-devel-linux-x86_64-fedora-clang 2.0-4 22.36 NOTE
r-devel-linux-x86_64-fedora-gcc 2.0-4 20.86 NOTE
r-devel-osx-x86_64-clang 2.0-4 20.90 NOTE
r-devel-windows-ix86+x86_64 2.0-4 6.00 51.00 57.00 NOTE
r-patched-linux-x86_64 2.0-4 1.23 13.41 14.65 NOTE
r-patched-solaris-sparc 2.0-4 148.10 NOTE
r-patched-solaris-x86 2.0-4 33.80 NOTE
r-release-linux-x86_64 2.0-4 1.00 12.30 13.30 NOTE
r-release-osx-x86_64-mavericks 2.0-4 NOTE
r-release-windows-ix86+x86_64 2.0-4 7.00 49.00 56.00 NOTE
r-oldrel-windows-ix86+x86_64 2.0-4 10.00 46.00 56.00 NOTE

Check Details

Version: 2.0-4
Check: DESCRIPTION meta-information
Result: NOTE
    Malformed Description field: should contain one or more complete sentences.
Flavors: r-devel-linux-x86_64-debian-gcc, r-devel-linux-x86_64-fedora-clang, r-devel-linux-x86_64-fedora-gcc, r-devel-osx-x86_64-clang, r-devel-windows-ix86+x86_64, r-patched-linux-x86_64, r-patched-solaris-sparc, r-patched-solaris-x86, r-release-linux-x86_64, r-release-osx-x86_64-mavericks, r-release-windows-ix86+x86_64, r-oldrel-windows-ix86+x86_64

Version: 2.0-4
Check: R code for possible problems
Result: NOTE
    residualplot: no visible global function definition for ‘predict’
    residualplot: no visible global function definition for ‘rstandard’
    residualplot: no visible global function definition for
     ‘complete.cases’
    residualplot: no visible global function definition for ‘plot’
    residualplot: no visible global function definition for ‘points’
    residualplot: no visible global function definition for ‘lines’
    residualplot: no visible global function definition for ‘smooth.spline’
    residualplot: no visible global function definition for ‘sd’
    residualplot: no visible global function definition for ‘rgb’
    residualplot: no visible global function definition for ‘polygon’
    Undefined global functions or variables:
     complete.cases lines plot points polygon predict rgb rstandard sd
     smooth.spline
    Consider adding
     importFrom("grDevices", "rgb")
     importFrom("graphics", "lines", "plot", "points", "polygon")
     importFrom("stats", "complete.cases", "predict", "rstandard", "sd",
     "smooth.spline")
    to your NAMESPACE file.
Flavors: r-devel-linux-x86_64-debian-gcc, r-devel-linux-x86_64-fedora-clang, r-devel-linux-x86_64-fedora-gcc, r-devel-osx-x86_64-clang, r-devel-windows-ix86+x86_64, r-patched-linux-x86_64, r-patched-solaris-sparc, r-patched-solaris-x86, r-release-linux-x86_64, r-release-osx-x86_64-mavericks, r-release-windows-ix86+x86_64