CRAN Package Check Results for Package isdals

Last updated on 2015-08-04 14:48:04.

Flavor Version Tinstall Tcheck Ttotal Status Flags
r-devel-linux-x86_64-debian-clang 2.0-4 1.20 12.13 13.33 NOTE
r-devel-linux-x86_64-debian-gcc 2.0-4 1.05 12.17 13.22 NOTE
r-devel-linux-x86_64-fedora-clang 2.0-4 24.63 NOTE
r-devel-linux-x86_64-fedora-gcc 2.0-4 23.13 NOTE
r-devel-osx-x86_64-clang 2.0-4 25.93 NOTE
r-devel-windows-ix86+x86_64 2.0-4 11.00 42.00 53.00 NOTE
r-patched-linux-x86_64 2.0-4 1.32 11.84 13.16 NOTE
r-patched-solaris-sparc 2.0-4 161.50 NOTE
r-patched-solaris-x86 2.0-4 36.60 NOTE
r-release-linux-x86_64 2.0-4 1.14 11.93 13.07 NOTE
r-release-osx-x86_64-mavericks 2.0-4 NOTE
r-release-windows-ix86+x86_64 2.0-4 9.00 45.00 54.00 NOTE
r-oldrel-windows-ix86+x86_64 2.0-4 11.00 32.00 43.00 OK

Check Details

Version: 2.0-4
Check: DESCRIPTION meta-information
Result: NOTE
    Malformed Description field: should contain one or more complete sentences.
Flavors: r-devel-linux-x86_64-debian-clang, r-devel-linux-x86_64-debian-gcc, r-devel-linux-x86_64-fedora-clang, r-devel-linux-x86_64-fedora-gcc, r-devel-osx-x86_64-clang, r-devel-windows-ix86+x86_64, r-patched-linux-x86_64, r-patched-solaris-sparc, r-patched-solaris-x86, r-release-linux-x86_64, r-release-osx-x86_64-mavericks, r-release-windows-ix86+x86_64

Version: 2.0-4
Check: R code for possible problems
Result: NOTE
    residualplot: no visible global function definition for ‘predict’
    residualplot: no visible global function definition for ‘rstandard’
    residualplot: no visible global function definition for
     ‘complete.cases’
    residualplot: no visible global function definition for ‘plot’
    residualplot: no visible global function definition for ‘points’
    residualplot: no visible global function definition for ‘lines’
    residualplot: no visible global function definition for ‘smooth.spline’
    residualplot: no visible global function definition for ‘sd’
    residualplot: no visible global function definition for ‘rgb’
    residualplot: no visible global function definition for ‘polygon’
    Undefined global functions or variables:
     complete.cases lines plot points polygon predict rgb rstandard sd
     smooth.spline
    Consider adding
     importFrom("grDevices", "rgb")
     importFrom("graphics", "lines", "plot", "points", "polygon")
     importFrom("stats", "complete.cases", "predict", "rstandard", "sd",
     "smooth.spline")
    to your NAMESPACE.
Flavors: r-devel-linux-x86_64-debian-clang, r-devel-linux-x86_64-debian-gcc, r-devel-linux-x86_64-fedora-clang, r-devel-linux-x86_64-fedora-gcc, r-devel-windows-ix86+x86_64