CRAN Package Check Results for Package isdals

Last updated on 2015-03-06 12:46:41.

Flavor Version Tinstall Tcheck Ttotal Status Flags
r-devel-linux-x86_64-debian-clang 2.0-4 1.14 12.16 13.30 NOTE
r-devel-linux-x86_64-debian-gcc 2.0-4 1.07 11.84 12.92 NOTE
r-devel-linux-x86_64-fedora-clang 2.0-4 25.38 NOTE
r-devel-linux-x86_64-fedora-gcc 2.0-4 24.35 NOTE
r-devel-osx-x86_64-clang 2.0-4 29.31 NOTE
r-devel-windows-ix86+x86_64 2.0-4 6.00 25.00 31.00 NOTE
r-patched-linux-x86_64 2.0-4 1.52 14.44 15.96 OK
r-patched-solaris-sparc 2.0-4 195.00 OK
r-patched-solaris-x86 2.0-4 45.00 OK
r-release-linux-ix86 2.0-4 1.80 21.05 22.84 OK
r-release-linux-x86_64 2.0-4 1.36 14.60 15.96 OK
r-release-osx-x86_64-mavericks 2.0-4 OK
r-release-osx-x86_64-snowleopard 2.0-4 OK
r-release-windows-ix86+x86_64 2.0-4 7.00 29.00 36.00 OK
r-oldrel-windows-ix86+x86_64 2.0-4 9.00 51.00 60.00 OK

Check Details

Version: 2.0-4
Check: DESCRIPTION meta-information
Result: NOTE
    Malformed Description field: should contain one or more complete sentences.
Flavors: r-devel-linux-x86_64-debian-clang, r-devel-linux-x86_64-debian-gcc, r-devel-linux-x86_64-fedora-clang, r-devel-linux-x86_64-fedora-gcc, r-devel-osx-x86_64-clang, r-devel-windows-ix86+x86_64