CRAN Package Check Results for Package isdals

Last updated on 2015-04-18 08:48:44.

Flavor Version Tinstall Tcheck Ttotal Status Flags
r-devel-linux-x86_64-debian-clang 2.0-4 1.12 12.02 13.14 NOTE
r-devel-linux-x86_64-debian-gcc 2.0-4 1.16 12.34 13.50 NOTE
r-devel-linux-x86_64-fedora-clang 2.0-4 26.10 NOTE
r-devel-linux-x86_64-fedora-gcc 2.0-4 24.38 NOTE
r-devel-osx-x86_64-clang 2.0-4 29.81 NOTE
r-prerel-windows-ix86+x86_64 2.0-4 6.00 26.00 32.00 NOTE
r-prerel-linux-x86_64 2.0-4 1.10 12.18 13.28 NOTE
r-prerel-solaris-sparc 2.0-4 175.40 NOTE
r-prerel-solaris-x86 2.0-4 36.30 NOTE
r-release-linux-x86_64 2.0-4 1.51 14.52 16.02 OK
r-release-osx-x86_64-mavericks 2.0-4 OK
r-release-osx-x86_64-snowleopard 2.0-4 OK
r-release-windows-ix86+x86_64 2.0-4 6.00 25.00 31.00 OK
r-oldrel-windows-ix86+x86_64 2.0-4 7.00 35.00 42.00 OK

Check Details

Version: 2.0-4
Check: DESCRIPTION meta-information
Result: NOTE
    Malformed Description field: should contain one or more complete sentences.
Flavors: r-devel-linux-x86_64-debian-clang, r-devel-linux-x86_64-debian-gcc, r-devel-linux-x86_64-fedora-clang, r-devel-linux-x86_64-fedora-gcc, r-devel-osx-x86_64-clang, r-prerel-windows-ix86+x86_64, r-prerel-linux-x86_64, r-prerel-solaris-sparc, r-prerel-solaris-x86