CRAN Package Check Results for Package isdals

Last updated on 2018-05-21 11:50:18 CEST.

Flavor Version Tinstall Tcheck Ttotal Status Flags
r-devel-linux-x86_64-debian-clang 2.0-4 1.66 21.23 22.89 NOTE
r-devel-linux-x86_64-debian-gcc 2.0-4 1.32 18.28 19.60 NOTE
r-devel-linux-x86_64-fedora-clang 2.0-4 29.65 NOTE
r-devel-linux-x86_64-fedora-gcc 2.0-4 27.77 NOTE
r-devel-windows-ix86+x86_64 2.0-4 9.00 39.00 48.00 NOTE
r-patched-linux-x86_64 2.0-4 1.34 22.17 23.51 NOTE
r-patched-solaris-x86 2.0-4 42.90 NOTE
r-release-linux-x86_64 2.0-4 1.30 22.22 23.52 NOTE
r-release-windows-ix86+x86_64 2.0-4 11.00 52.00 63.00 NOTE
r-release-osx-x86_64 2.0-4 NOTE
r-oldrel-windows-ix86+x86_64 2.0-4 6.00 49.00 55.00 NOTE
r-oldrel-osx-x86_64 2.0-4 NOTE

Check Details

Version: 2.0-4
Check: DESCRIPTION meta-information
Result: NOTE
    Malformed Description field: should contain one or more complete sentences.
Flavors: r-devel-linux-x86_64-debian-clang, r-devel-linux-x86_64-debian-gcc, r-devel-linux-x86_64-fedora-clang, r-devel-linux-x86_64-fedora-gcc, r-devel-windows-ix86+x86_64, r-patched-linux-x86_64, r-patched-solaris-x86, r-release-linux-x86_64, r-release-windows-ix86+x86_64, r-release-osx-x86_64, r-oldrel-windows-ix86+x86_64, r-oldrel-osx-x86_64

Version: 2.0-4
Check: R code for possible problems
Result: NOTE
    residualplot: no visible global function definition for ‘predict’
    residualplot: no visible global function definition for ‘rstandard’
    residualplot: no visible global function definition for
     ‘complete.cases’
    residualplot: no visible global function definition for ‘plot’
    residualplot: no visible global function definition for ‘points’
    residualplot: no visible global function definition for ‘lines’
    residualplot: no visible global function definition for ‘smooth.spline’
    residualplot: no visible global function definition for ‘sd’
    residualplot: no visible global function definition for ‘rgb’
    residualplot: no visible global function definition for ‘polygon’
    Undefined global functions or variables:
     complete.cases lines plot points polygon predict rgb rstandard sd
     smooth.spline
    Consider adding
     importFrom("grDevices", "rgb")
     importFrom("graphics", "lines", "plot", "points", "polygon")
     importFrom("stats", "complete.cases", "predict", "rstandard", "sd",
     "smooth.spline")
    to your NAMESPACE file.
Flavors: r-devel-linux-x86_64-debian-clang, r-devel-linux-x86_64-debian-gcc, r-devel-linux-x86_64-fedora-clang, r-devel-linux-x86_64-fedora-gcc, r-devel-windows-ix86+x86_64, r-patched-linux-x86_64, r-patched-solaris-x86, r-release-linux-x86_64, r-release-windows-ix86+x86_64, r-release-osx-x86_64, r-oldrel-windows-ix86+x86_64, r-oldrel-osx-x86_64