CRAN Package Check Results for Package isdals

Last updated on 2015-05-22 23:48:01.

Flavor Version Tinstall Tcheck Ttotal Status Flags
r-devel-linux-x86_64-debian-clang 2.0-4 1.11 12.07 13.18 NOTE
r-devel-linux-x86_64-debian-gcc 2.0-4 1.34 11.78 13.12 NOTE
r-devel-linux-x86_64-fedora-clang 2.0-4 25.51 NOTE
r-devel-linux-x86_64-fedora-gcc 2.0-4 24.07 NOTE
r-devel-osx-x86_64-clang 2.0-4 29.88 NOTE
r-devel-windows-ix86+x86_64 2.0-4 7.00 25.00 32.00 NOTE
r-patched-linux-x86_64 2.0-4 1.18 12.63 13.80 NOTE
r-patched-solaris-sparc 2.0-4 156.90 NOTE
r-patched-solaris-x86 2.0-4 36.50 NOTE
r-release-linux-x86_64 2.0-4 1.08 12.50 13.59 NOTE
r-release-osx-x86_64-mavericks 2.0-4 NOTE
r-release-osx-x86_64-snowleopard 2.0-4 NOTE
r-release-windows-ix86+x86_64 2.0-4 5.00 25.00 30.00 NOTE
r-oldrel-windows-ix86+x86_64 2.0-4 7.00 43.00 50.00 OK

Check Details

Version: 2.0-4
Check: DESCRIPTION meta-information
Result: NOTE
    Malformed Description field: should contain one or more complete sentences.
Flavors: r-devel-linux-x86_64-debian-clang, r-devel-linux-x86_64-debian-gcc, r-devel-linux-x86_64-fedora-clang, r-devel-linux-x86_64-fedora-gcc, r-devel-osx-x86_64-clang, r-devel-windows-ix86+x86_64, r-patched-linux-x86_64, r-patched-solaris-sparc, r-patched-solaris-x86, r-release-linux-x86_64, r-release-osx-x86_64-mavericks, r-release-osx-x86_64-snowleopard, r-release-windows-ix86+x86_64