CRAN Package Check Results for Package isdals

Last updated on 2016-12-05 02:46:59.

Flavor Version Tinstall Tcheck Ttotal Status Flags
r-devel-linux-x86_64-debian-clang 2.0-4 1.20 14.71 15.91 NOTE
r-devel-linux-x86_64-debian-gcc 2.0-4 1.21 14.62 15.83 NOTE
r-devel-linux-x86_64-fedora-clang 2.0-4 27.69 NOTE --no-stop-on-test-error
r-devel-linux-x86_64-fedora-gcc 2.0-4 26.33 NOTE --no-stop-on-test-error
r-devel-macos-x86_64-clang 2.0-4 24.72 NOTE
r-devel-windows-ix86+x86_64 2.0-4 5.00 49.00 54.00 NOTE
r-patched-linux-x86_64 2.0-4 1.02 12.63 13.65 NOTE
r-patched-solaris-sparc 2.0-4 151.80 NOTE
r-patched-solaris-x86 2.0-4 32.80 NOTE
r-release-linux-x86_64 2.0-4 1.04 12.04 13.08 NOTE
r-release-osx-x86_64-mavericks 2.0-4 NOTE
r-release-windows-ix86+x86_64 2.0-4 10.00 32.00 42.00 NOTE
r-oldrel-windows-ix86+x86_64 2.0-4 6.00 33.00 39.00 NOTE

Check Details

Version: 2.0-4
Check: DESCRIPTION meta-information
Result: NOTE
    Malformed Description field: should contain one or more complete sentences.
Flavors: r-devel-linux-x86_64-debian-clang, r-devel-linux-x86_64-debian-gcc, r-devel-macos-x86_64-clang, r-devel-windows-ix86+x86_64, r-patched-linux-x86_64, r-patched-solaris-sparc, r-patched-solaris-x86, r-release-linux-x86_64, r-release-osx-x86_64-mavericks, r-release-windows-ix86+x86_64, r-oldrel-windows-ix86+x86_64

Version: 2.0-4
Check: R code for possible problems
Result: NOTE
    residualplot: no visible global function definition for ‘predict’
    residualplot: no visible global function definition for ‘rstandard’
    residualplot: no visible global function definition for
     ‘complete.cases’
    residualplot: no visible global function definition for ‘plot’
    residualplot: no visible global function definition for ‘points’
    residualplot: no visible global function definition for ‘lines’
    residualplot: no visible global function definition for ‘smooth.spline’
    residualplot: no visible global function definition for ‘sd’
    residualplot: no visible global function definition for ‘rgb’
    residualplot: no visible global function definition for ‘polygon’
    Undefined global functions or variables:
     complete.cases lines plot points polygon predict rgb rstandard sd
     smooth.spline
    Consider adding
     importFrom("grDevices", "rgb")
     importFrom("graphics", "lines", "plot", "points", "polygon")
     importFrom("stats", "complete.cases", "predict", "rstandard", "sd",
     "smooth.spline")
    to your NAMESPACE file.
Flavors: r-devel-linux-x86_64-debian-clang, r-devel-linux-x86_64-debian-gcc, r-devel-macos-x86_64-clang, r-devel-windows-ix86+x86_64, r-patched-linux-x86_64, r-patched-solaris-sparc, r-patched-solaris-x86, r-release-linux-x86_64, r-release-osx-x86_64-mavericks, r-release-windows-ix86+x86_64

Version: 2.0-4
Flags: --no-stop-on-test-error
Check: DESCRIPTION meta-information
Result: NOTE
    Malformed Description field: should contain one or more complete sentences.
Flavors: r-devel-linux-x86_64-fedora-clang, r-devel-linux-x86_64-fedora-gcc

Version: 2.0-4
Flags: --no-stop-on-test-error
Check: R code for possible problems
Result: NOTE
    residualplot: no visible global function definition for ‘predict’
    residualplot: no visible global function definition for ‘rstandard’
    residualplot: no visible global function definition for
     ‘complete.cases’
    residualplot: no visible global function definition for ‘plot’
    residualplot: no visible global function definition for ‘points’
    residualplot: no visible global function definition for ‘lines’
    residualplot: no visible global function definition for ‘smooth.spline’
    residualplot: no visible global function definition for ‘sd’
    residualplot: no visible global function definition for ‘rgb’
    residualplot: no visible global function definition for ‘polygon’
    Undefined global functions or variables:
     complete.cases lines plot points polygon predict rgb rstandard sd
     smooth.spline
    Consider adding
     importFrom("grDevices", "rgb")
     importFrom("graphics", "lines", "plot", "points", "polygon")
     importFrom("stats", "complete.cases", "predict", "rstandard", "sd",
     "smooth.spline")
    to your NAMESPACE file.
Flavors: r-devel-linux-x86_64-fedora-clang, r-devel-linux-x86_64-fedora-gcc