CRAN Package Check Results for Package isdparser

Last updated on 2021-02-27 07:53:49 CET.

Flavor Version Tinstall Tcheck Ttotal Status Flags
r-devel-linux-x86_64-debian-clang 0.4.0 5.60 76.47 82.07 OK
r-devel-linux-x86_64-debian-gcc 0.4.0 3.90 55.08 58.98 OK
r-devel-linux-x86_64-fedora-clang 0.4.0 103.43 NOTE
r-devel-linux-x86_64-fedora-gcc 0.4.0 92.30 NOTE
r-devel-windows-ix86+x86_64 0.4.0 9.00 72.00 81.00 OK
r-patched-linux-x86_64 0.4.0 5.73 70.04 75.77 OK
r-patched-solaris-x86 0.4.0 136.40 NOTE
r-release-linux-x86_64 0.4.0 5.13 70.95 76.08 OK
r-release-macos-x86_64 0.4.0 NOTE
r-release-windows-ix86+x86_64 0.4.0 21.00 109.00 130.00 OK
r-oldrel-macos-x86_64 0.4.0 NOTE
r-oldrel-windows-ix86+x86_64 0.4.0 7.00 94.00 101.00 OK

Check Details

Version: 0.4.0
Check: data for non-ASCII characters
Result: NOTE
     Note: found 104 marked UTF-8 strings
Flavors: r-devel-linux-x86_64-fedora-clang, r-devel-linux-x86_64-fedora-gcc, r-patched-solaris-x86, r-release-macos-x86_64, r-oldrel-macos-x86_64