CRAN Package Check Results for Package ismev

Last updated on 2014-04-24 09:49:03.

Flavor Version Tinstall Tcheck Ttotal Status Flags
r-devel-linux-x86_64-debian-clang 1.39 4.02 47.06 51.08 NOTE
r-devel-linux-x86_64-debian-gcc 1.39 4.02 48.23 52.25 NOTE
r-devel-linux-x86_64-fedora-clang 1.39 111.93 NOTE
r-devel-linux-x86_64-fedora-gcc 1.39 110.61 NOTE
r-devel-osx-x86_64-clang 1.39 83.63 NOTE
r-devel-osx-x86_64-gcc 1.39 NOTE
r-devel-windows-ix86+x86_64 1.39 10.00 64.00 74.00 NOTE
r-patched-linux-x86_64 1.39 3.98 45.87 49.85 NOTE
r-patched-solaris-sparc 1.39 604.40 NOTE
r-patched-solaris-x86 1.39 144.70 NOTE
r-release-linux-ix86 1.39 5.00 74.00 79.00 NOTE
r-release-linux-x86_64 1.39 3.84 46.60 50.44 NOTE
r-release-osx-x86_64-mavericks 1.39 NOTE
r-release-osx-x86_64-snowleopard 1.39 ERROR
r-release-windows-ix86+x86_64 1.39 9.00 65.00 74.00 NOTE
r-oldrel-windows-ix86+x86_64 1.39 8.00 61.00 69.00 NOTE

Check Details

Version: 1.39
Check: dependencies in R code
Result: NOTE
    'library' or 'require' call to ‘mgcv’ which was already attached by Depends.
     Please remove these calls from your code.
    Package in Depends field not imported from: ‘mgcv’
     These packages need to be imported from (in the NAMESPACE file)
     for when this namespace is loaded but not attached.
    See the information on DESCRIPTION files in the chapter ‘Creating R
    packages’ of the ‘Writing R Extensions’ manual.
Flavors: r-devel-linux-x86_64-debian-clang, r-devel-linux-x86_64-debian-gcc, r-devel-linux-x86_64-fedora-clang, r-devel-linux-x86_64-fedora-gcc, r-devel-osx-x86_64-clang, r-devel-osx-x86_64-gcc, r-devel-windows-ix86+x86_64, r-patched-linux-x86_64, r-patched-solaris-sparc, r-patched-solaris-x86, r-release-linux-ix86, r-release-linux-x86_64, r-release-osx-x86_64-mavericks, r-release-windows-ix86+x86_64, r-oldrel-windows-ix86+x86_64

Version: 1.39
Check: whether package can be installed
Result: ERROR
    Installation failed.
    See ‘/Volumes/XT3/Builds/R-dev-web/QA/Simon/packages/snowleopard-x86_64/results/3.1/ismev.Rcheck/00install.out’ for details.
Flavor: r-release-osx-x86_64-snowleopard