CRAN Package Check Results for Package ismev

Last updated on 2014-09-22 03:48:19.

Flavor Version Tinstall Tcheck Ttotal Status Flags
r-devel-linux-x86_64-debian-clang 1.39 3.62 42.42 46.04 NOTE
r-devel-linux-x86_64-debian-gcc 1.39 3.52 42.69 46.21 NOTE
r-devel-linux-x86_64-fedora-clang 1.39 106.66 NOTE
r-devel-linux-x86_64-fedora-gcc 1.39 100.16 NOTE
r-devel-osx-x86_64-clang 1.39 87.59 NOTE
r-devel-windows-ix86+x86_64 1.39 10.00 62.00 72.00 NOTE
r-patched-linux-x86_64 1.39 3.78 44.92 48.70 NOTE
r-patched-solaris-sparc 1.39 631.90 NOTE
r-patched-solaris-x86 1.39 146.10 NOTE
r-release-linux-ix86 1.39 4.39 56.65 61.04 NOTE
r-release-linux-x86_64 1.39 3.76 46.25 50.01 NOTE
r-release-osx-x86_64-mavericks 1.39 NOTE
r-release-osx-x86_64-snowleopard 1.39 ERROR
r-release-windows-ix86+x86_64 1.39 10.00 65.00 75.00 NOTE
r-oldrel-windows-ix86+x86_64 1.39 9.00 63.00 72.00 NOTE

Check Details

Version: 1.39
Check: dependencies in R code
Result: NOTE
    'library' or 'require' call to ‘mgcv’ which was already attached by Depends.
     Please remove these calls from your code.
    Package in Depends field not imported from: ‘mgcv’
     These packages need to be imported from (in the NAMESPACE file)
     for when this namespace is loaded but not attached.
    See the information on DESCRIPTION files in the chapter ‘Creating R
    packages’ of the ‘Writing R Extensions’ manual.
Flavors: r-devel-linux-x86_64-debian-clang, r-devel-linux-x86_64-debian-gcc, r-devel-linux-x86_64-fedora-clang, r-devel-linux-x86_64-fedora-gcc, r-devel-osx-x86_64-clang, r-devel-windows-ix86+x86_64, r-patched-linux-x86_64, r-patched-solaris-sparc, r-patched-solaris-x86, r-release-linux-ix86, r-release-linux-x86_64, r-release-osx-x86_64-mavericks, r-release-windows-ix86+x86_64, r-oldrel-windows-ix86+x86_64

Version: 1.39
Check: R code for possible problems
Result: NOTE
    gamGPDfitUp: no visible global function definition for ‘gam’
Flavors: r-devel-linux-x86_64-debian-clang, r-devel-linux-x86_64-debian-gcc, r-devel-linux-x86_64-fedora-clang, r-devel-linux-x86_64-fedora-gcc, r-devel-osx-x86_64-clang, r-devel-windows-ix86+x86_64

Version: 1.39
Check: whether package can be installed
Result: ERROR
    Installation failed.
Flavor: r-release-osx-x86_64-snowleopard