CRAN Package Check Results for Package ismev

Last updated on 2015-07-29 12:47:26.

Flavor Version Tinstall Tcheck Ttotal Status Flags
r-devel-linux-x86_64-debian-clang 1.40 2.86 44.19 47.04 NOTE
r-devel-linux-x86_64-debian-gcc 1.40 2.84 41.04 43.88 NOTE
r-devel-linux-x86_64-fedora-clang 1.40 91.53 NOTE
r-devel-linux-x86_64-fedora-gcc 1.40 84.73 NOTE
r-devel-osx-x86_64-clang 1.40 73.90 OK
r-devel-windows-ix86+x86_64 1.40 8.00 66.00 74.00 NOTE
r-patched-linux-x86_64 1.40 2.91 41.51 44.42 OK
r-patched-solaris-sparc 1.40 570.80 OK
r-patched-solaris-x86 1.40 122.80 OK
r-release-linux-x86_64 1.40 2.86 43.31 46.17 OK
r-release-osx-x86_64-mavericks 1.40 OK
r-release-windows-ix86+x86_64 1.40 12.00 70.00 82.00 OK
r-oldrel-windows-ix86+x86_64 1.40 10.00 80.00 90.00 OK

Check Details

Version: 1.40
Check: R code for possible problems
Result: NOTE
    GPD.fit: no visible global function definition for ‘as.formula’
    GPD.fit: no visible global function definition for ‘aggregate’
    GPD.fit: no visible binding for global variable ‘quantile’
    GPD.predict: no visible global function definition for ‘predict’
    gamGPDboot: no visible global function definition for ‘txtProgressBar’
    gamGPDboot: no visible global function definition for
     ‘setTxtProgressBar’
    gamGPDboot : <anonymous>: no visible global function definition for
     ‘ave’
    gamGPDboot : <anonymous>: no visible global function definition for
     ‘setTxtProgressBar’
    gamGPDfit: no visible global function definition for ‘quantile’
    gamGPDfit: no visible binding for global variable ‘fitted’
    gamGPDfitUp: no visible global function definition for ‘update’
    gamGPDfitUp: no visible global function definition for ‘fitted’
    gev.diag: no visible global function definition for ‘par’
    gev.diag: no visible global function definition for ‘plot’
    gev.diag: no visible global function definition for ‘abline’
    gev.diag: no visible global function definition for ‘title’
    gev.fit: no visible global function definition for ‘var’
    gev.fit: no visible global function definition for ‘optim’
    gev.his: no visible global function definition for ‘hist’
    gev.his: no visible global function definition for ‘points’
    gev.his: no visible global function definition for ‘lines’
    gev.pp: no visible global function definition for ‘plot’
    gev.pp: no visible global function definition for ‘abline’
    gev.prof: no visible global function definition for ‘optim’
    gev.prof: no visible global function definition for ‘plot’
    gev.prof: no visible global function definition for ‘abline’
    gev.prof: no visible global function definition for ‘qchisq’
    gev.profxi: no visible global function definition for ‘optim’
    gev.profxi: no visible global function definition for ‘plot’
    gev.profxi: no visible global function definition for ‘abline’
    gev.profxi: no visible global function definition for ‘qchisq’
    gev.qq: no visible global function definition for ‘plot’
    gev.qq: no visible global function definition for ‘abline’
    gev.rl: no visible global function definition for ‘plot’
    gev.rl: no visible global function definition for ‘title’
    gev.rl: no visible global function definition for ‘lines’
    gev.rl: no visible global function definition for ‘points’
    gpd.diag: no visible global function definition for ‘par’
    gpd.diag: no visible global function definition for ‘plot’
    gpd.diag: no visible global function definition for ‘abline’
    gpd.diag: no visible global function definition for ‘title’
    gpd.fit: no visible global function definition for ‘var’
    gpd.fit: no visible global function definition for ‘optim’
    gpd.fitrange: no visible global function definition for ‘par’
    gpd.fitrange: no visible global function definition for ‘plot’
    gpd.fitrange: no visible global function definition for ‘lines’
    gpd.his: no visible global function definition for ‘hist’
    gpd.his: no visible global function definition for ‘lines’
    gpd.pp: no visible global function definition for ‘plot’
    gpd.pp: no visible global function definition for ‘abline’
    gpd.prof: no visible global function definition for ‘optim’
    gpd.prof: no visible global function definition for ‘plot’
    gpd.prof: no visible global function definition for ‘abline’
    gpd.prof: no visible global function definition for ‘qchisq’
    gpd.profxi: no visible global function definition for ‘optim’
    gpd.profxi: no visible global function definition for ‘plot’
    gpd.profxi: no visible global function definition for ‘abline’
    gpd.profxi: no visible global function definition for ‘qchisq’
    gpd.qq: no visible global function definition for ‘plot’
    gpd.qq: no visible global function definition for ‘abline’
    gpd.rl: no visible global function definition for ‘plot’
    gpd.rl: no visible global function definition for ‘lines’
    gpd.rl: no visible global function definition for ‘points’
    gum.diag: no visible global function definition for ‘par’
    gum.diag: no visible global function definition for ‘plot’
    gum.diag: no visible global function definition for ‘abline’
    gum.diag: no visible global function definition for ‘title’
    gum.fit: no visible global function definition for ‘var’
    gum.fit: no visible global function definition for ‘optim’
    gum.rl: no visible global function definition for ‘plot’
    gum.rl: no visible global function definition for ‘title’
    gum.rl: no visible global function definition for ‘lines’
    gum.rl: no visible global function definition for ‘points’
    lambda.fit: no visible global function definition for ‘as.formula’
    lambda.fit: no visible global function definition for ‘aggregate’
    lambda.predict: no visible global function definition for ‘predict’
    lambda.predict: no visible global function definition for ‘qnorm’
    mrl.plot: no visible global function definition for ‘var’
    mrl.plot: no visible global function definition for ‘qnorm’
    mrl.plot: no visible global function definition for ‘plot’
    mrl.plot: no visible global function definition for ‘lines’
    pp.diag: no visible global function definition for ‘par’
    pp.diag: no visible global function definition for ‘plot’
    pp.diag: no visible global function definition for ‘abline’
    pp.diag: no visible global function definition for ‘title’
    pp.fit: no visible global function definition for ‘var’
    pp.fit: no visible global function definition for ‘optim’
    pp.fitrange: no visible global function definition for ‘par’
    pp.fitrange: no visible global function definition for ‘plot’
    pp.fitrange: no visible global function definition for ‘lines’
    pp.pp: no visible global function definition for ‘plot’
    pp.pp: no visible global function definition for ‘abline’
    pp.qq: no visible global function definition for ‘plot’
    pp.qq: no visible global function definition for ‘abline’
    rlarg.diag: no visible global function definition for ‘par’
    rlarg.fit: no visible global function definition for ‘var’
    rlarg.fit: no visible global function definition for ‘optim’
    rlarg.pp: no visible global function definition for ‘plot’
    rlarg.pp: no visible global function definition for ‘title’
    rlarg.pp: no visible global function definition for ‘abline’
    rlarg.qq: no visible global function definition for ‘plot’
    rlarg.qq: no visible global function definition for ‘title’
    rlarg.qq: no visible global function definition for ‘abline’
    rlargq: no visible global function definition for ‘uniroot’
    Undefined global functions or variables:
     abline aggregate as.formula ave fitted hist lines optim par plot
     points predict qchisq qnorm quantile setTxtProgressBar title
     txtProgressBar uniroot update var
    Consider adding
     importFrom("graphics", "abline", "hist", "lines", "par", "plot",
     "points", "title")
     importFrom("stats", "aggregate", "as.formula", "ave", "fitted",
     "optim", "predict", "qchisq", "qnorm", "quantile",
     "uniroot", "update", "var")
     importFrom("utils", "setTxtProgressBar", "txtProgressBar")
    to your NAMESPACE.
Flavors: r-devel-linux-x86_64-debian-clang, r-devel-linux-x86_64-debian-gcc, r-devel-linux-x86_64-fedora-clang, r-devel-linux-x86_64-fedora-gcc, r-devel-windows-ix86+x86_64