CRAN Package Check Results for Package isocalcR

Last updated on 2022-12-02 05:55:19 CET.

Flavor Version Tinstall Tcheck Ttotal Status Flags
r-devel-linux-x86_64-debian-clang 0.1.0 2.80 35.12 37.92 OK
r-devel-linux-x86_64-debian-gcc 0.1.0 2.04 26.76 28.80 OK
r-devel-linux-x86_64-fedora-clang 0.1.0 56.82 OK
r-devel-linux-x86_64-fedora-gcc 0.1.0 56.38 OK
r-devel-windows-x86_64 0.1.0 15.00 67.00 82.00 OK
r-patched-linux-x86_64 0.1.0 2.91 32.80 35.71 OK
r-release-linux-x86_64 0.1.0 2.36 33.72 36.08 OK
r-release-macos-arm64 0.1.0 19.00 OK
r-release-macos-x86_64 0.1.0 30.00 OK
r-release-windows-x86_64 0.1.0 22.00 69.00 91.00 OK
r-oldrel-macos-arm64 0.1.0 21.00 OK
r-oldrel-macos-x86_64 0.1.0 34.00 OK
r-oldrel-windows-ix86+x86_64 0.1.0 6.00 62.00 68.00 ERROR

Check Details

Version: 0.1.0
Check: PDF version of manual
Result: WARN
    LaTeX errors when creating PDF version.
    This typically indicates Rd problems.
    LaTeX errors found:
    ! Package inputenc Error: Unicode char â<c2><80><c2><90> (U+2010)
    (inputenc) not set up for use with LaTeX.
    
    See the inputenc package documentation for explanation.
    Type H <return> for immediate help.
    ! Package inputenc Error: Unicode char â<c2><80><c2><90> (U+2010)
    (inputenc) not set up for use with LaTeX.
    
    See the inputenc package documentation for explanation.
    Type H <return> for immediate help.
    ! Package inputenc Error: Unicode char â<c2><80><c2><90> (U+2010)
    (inputenc) not set up for use with LaTeX.
    
    See the inputenc package documentation for explanation.
    Type H <return> for immediate help.
    ! Package inputenc Error: Unicode char â<c2><80><c2><90> (U+2010)
    (inputenc) not set up for use with LaTeX.
    
    See the inputenc package documentation for explanation.
    Type H <return> for immediate help.
    ! Package inputenc Error: Unicode char â<c2><80><c2><90> (U+2010)
    (inputenc) not set up for use with LaTeX.
    
    See the inputenc package documentation for explanation.
    Type H <return> for immediate help.
Flavor: r-oldrel-windows-ix86+x86_64

Version: 0.1.0
Check: PDF version of manual without hyperrefs or index
Result: ERROR
Flavor: r-oldrel-windows-ix86+x86_64