CRAN Package Check Results for Package isocir

Last updated on 2018-04-24 00:46:47 CEST.

Flavor Version Tinstall Tcheck Ttotal Status Flags
r-devel-linux-x86_64-debian-clang 2.0-6 7.86 45.31 53.17 NOTE
r-devel-linux-x86_64-debian-gcc 2.0-6 7.62 39.48 47.10 NOTE
r-devel-linux-x86_64-fedora-clang 2.0-6 73.99 NOTE
r-devel-linux-x86_64-fedora-gcc 2.0-6 71.35 NOTE
r-devel-windows-ix86+x86_64 2.0-6 24.00 87.00 111.00 NOTE
r-devel-osx-x86_64 2.0-6 NOTE
r-patched-linux-x86_64 2.0-6 8.66 50.29 58.95 NOTE
r-patched-solaris-x86 2.0-6 100.00 NOTE
r-release-linux-x86_64 2.0-6 7.64 50.33 57.97 NOTE
r-release-windows-ix86+x86_64 2.0-6 16.00 112.00 128.00 NOTE
r-release-osx-x86_64 2.0-6 WARN
r-oldrel-windows-ix86+x86_64 2.0-6 14.00 107.00 121.00 NOTE

Check Details

Version: 2.0-6
Check: R code for possible problems
Result: NOTE
    ACO : bordacircular: no visible global function definition for
     ‘medianCircular’
    Undefined global functions or variables:
     medianCircular
Flavors: r-devel-linux-x86_64-debian-clang, r-devel-linux-x86_64-debian-gcc, r-devel-linux-x86_64-fedora-clang, r-devel-linux-x86_64-fedora-gcc, r-devel-windows-ix86+x86_64, r-devel-osx-x86_64, r-patched-linux-x86_64, r-patched-solaris-x86, r-release-linux-x86_64, r-release-windows-ix86+x86_64, r-oldrel-windows-ix86+x86_64

Version: 2.0-6
Check: compiled code
Result: NOTE
    File ‘isocir/libs/isocir.so’:
     Found no calls to: ‘R_registerRoutines’, ‘R_useDynamicSymbols’
    
    It is good practice to register native routines and to disable symbol
    search.
    
    See ‘Writing portable packages’ in the ‘Writing R Extensions’ manual.
Flavors: r-devel-linux-x86_64-debian-clang, r-devel-linux-x86_64-debian-gcc, r-devel-linux-x86_64-fedora-clang, r-devel-linux-x86_64-fedora-gcc, r-patched-linux-x86_64, r-release-linux-x86_64

Version: 2.0-6
Check: re-building of vignette outputs
Result: WARN
    Error in re-building vignettes:
     ...
    Error in texi2dvi(file = file, pdf = TRUE, clean = clean, quiet = quiet, :
     Running 'texi2dvi' on 'isocir.tex' failed.
    LaTeX errors:
    ! LaTeX Error: File `subfigure.sty' not found.
    
    Type X to quit or <RETURN> to proceed,
    or enter new name. (Default extension: sty)
    
    ! Emergency stop.
    <read *>
    
    l.10 \usepackage
     [latin1]{inputenc}^^M
    ! ==> Fatal error occurred, no output PDF file produced!
    Calls: buildVignettes -> texi2pdf -> texi2dvi
    Execution halted
Flavor: r-release-osx-x86_64