CRAN Package Check Results for Package isocir

Last updated on 2014-09-18 21:46:48.

Flavor Version Tinstall Tcheck Ttotal Status Flags
r-devel-linux-x86_64-debian-clang 1.1-3 1.43 21.18 22.61 OK
r-devel-linux-x86_64-debian-gcc 1.1-3 1.93 20.86 22.80 OK
r-devel-linux-x86_64-fedora-clang 1.1-3 50.53 OK
r-devel-linux-x86_64-fedora-gcc 1.1-3 46.97 OK
r-devel-osx-x86_64-clang 1.1-3 52.11 OK
r-devel-windows-ix86+x86_64 1.1-3 8.00 42.00 50.00 OK
r-patched-linux-x86_64 1.1-3 1.94 21.25 23.20 OK
r-patched-solaris-sparc 1.1-3 306.50 OK
r-patched-solaris-x86 1.1-3 66.80 OK
r-release-linux-ix86 1.1-3 2.80 30.95 33.75 OK
r-release-linux-x86_64 1.1-3 2.04 21.59 23.62 OK
r-release-osx-x86_64-mavericks 1.1-3 NOTE
r-release-osx-x86_64-snowleopard 1.1-3 OK
r-release-windows-ix86+x86_64 1.1-3 8.00 42.00 50.00 OK
r-oldrel-windows-ix86+x86_64 1.1-3 9.00 45.00 54.00 OK

Check Details

Version: 1.1-3
Check: re-building of vignette outputs
Result: NOTE
    Error in re-building vignettes:
     ...
    Error in texi2dvi(file = file, pdf = TRUE, clean = clean, quiet = quiet, :
     Running 'texi2dvi' on 'isocir.tex' failed.
    LaTeX errors:
    ! LaTeX Error: File `subfigure.sty' not found.
    
    Type X to quit or <RETURN> to proceed,
    or enter new name. (Default extension: sty)
    
    test/isocir/vignettes/isocir.tex:10: ==> Fatal error occurred, no output PDF f
    ile produced!
    Calls: buildVignettes -> texi2pdf -> texi2dvi
    Execution halted
Flavor: r-release-osx-x86_64-mavericks