CRAN Package Check Results for Package isocir

Last updated on 2014-12-19 20:48:18.

Flavor Version Tinstall Tcheck Ttotal Status Flags
r-devel-linux-x86_64-debian-clang 1.1-3 1.50 22.28 23.78 OK
r-devel-linux-x86_64-debian-gcc 1.1-3 2.00 21.12 23.12 OK
r-devel-linux-x86_64-fedora-clang 1.1-3 48.82 OK
r-devel-linux-x86_64-fedora-gcc 1.1-3 45.04 OK
r-devel-osx-x86_64-clang 1.1-3 53.87 OK
r-devel-windows-ix86+x86_64 1.1-3 8.00 45.00 53.00 OK
r-patched-linux-x86_64 1.1-3 2.01 21.65 23.66 OK
r-patched-solaris-sparc 1.1-3 306.50 OK
r-patched-solaris-x86 1.1-3 71.10 OK
r-release-linux-ix86 1.1-3 2.69 30.23 32.92 OK
r-release-linux-x86_64 1.1-3 2.01 21.69 23.70 OK
r-release-osx-x86_64-mavericks 1.1-3 NOTE
r-release-osx-x86_64-snowleopard 1.1-3 OK
r-release-windows-ix86+x86_64 1.1-3 9.00 44.00 53.00 OK
r-oldrel-windows-ix86+x86_64 1.1-3 9.00 46.00 55.00 OK

Check Details

Version: 1.1-3
Check: re-building of vignette outputs
Result: NOTE
    Error in re-building vignettes:
     ...
    Error in texi2dvi(file = file, pdf = TRUE, clean = clean, quiet = quiet, :
     Running 'texi2dvi' on 'isocir.tex' failed.
    LaTeX errors:
    ! LaTeX Error: File `subfigure.sty' not found.
    
    Type X to quit or <RETURN> to proceed,
    or enter new name. (Default extension: sty)
    
    test/isocir/vignettes/isocir.tex:10: ==> Fatal error occurred, no output PDF f
    ile produced!
    Calls: buildVignettes -> texi2pdf -> texi2dvi
    Execution halted
Flavor: r-release-osx-x86_64-mavericks