CRAN Package Check Results for Package isocir

Last updated on 2017-07-23 04:48:29.

Flavor Version Tinstall Tcheck Ttotal Status Flags
r-devel-linux-x86_64-debian-clang 2.0-6 3.24 44.25 47.49 NOTE
r-devel-linux-x86_64-debian-gcc 2.0-6 3.85 42.79 46.65 NOTE
r-devel-linux-x86_64-fedora-clang 2.0-6 70.77 NOTE
r-devel-linux-x86_64-fedora-gcc 2.0-6 69.70 NOTE
r-devel-windows-ix86+x86_64 2.0-6 19.00 84.00 103.00 NOTE
r-patched-linux-x86_64 2.0-6 3.42 42.61 46.03 NOTE
r-patched-solaris-x86 2.0-6 94.50 NOTE
r-release-linux-x86_64 2.0-6 3.33 41.55 44.88 NOTE
r-release-windows-ix86+x86_64 2.0-6 15.00 111.00 126.00 NOTE
r-release-osx-x86_64 2.0-6 WARN
r-oldrel-windows-ix86+x86_64 2.0-6 15.00 102.00 117.00 NOTE
r-oldrel-osx-x86_64 2.0-6 WARN

Check Details

Version: 2.0-6
Check: R code for possible problems
Result: NOTE
    ACO : bordacircular: no visible global function definition for
     ‘medianCircular’
    Undefined global functions or variables:
     medianCircular
Flavors: r-devel-linux-x86_64-debian-clang, r-devel-linux-x86_64-debian-gcc, r-devel-linux-x86_64-fedora-clang, r-devel-linux-x86_64-fedora-gcc, r-devel-windows-ix86+x86_64, r-patched-linux-x86_64, r-patched-solaris-x86, r-release-linux-x86_64, r-release-windows-ix86+x86_64, r-oldrel-windows-ix86+x86_64

Version: 2.0-6
Check: compiled code
Result: NOTE
    File ‘isocir/libs/isocir.so’:
     Found no calls to: ‘R_registerRoutines’, ‘R_useDynamicSymbols’
    
    It is good practice to register native routines and to disable symbol
    search.
    
    See ‘Writing portable packages’ in the ‘Writing R Extensions’ manual.
Flavors: r-devel-linux-x86_64-debian-clang, r-devel-linux-x86_64-debian-gcc, r-devel-linux-x86_64-fedora-clang, r-devel-linux-x86_64-fedora-gcc, r-patched-linux-x86_64, r-release-linux-x86_64

Version: 2.0-6
Check: re-building of vignette outputs
Result: WARN
    Error in re-building vignettes:
     ...
    Error in texi2dvi(file = file, pdf = TRUE, clean = clean, quiet = quiet, :
     Running 'texi2dvi' on 'isocir.tex' failed.
    LaTeX errors:
    ! LaTeX Error: File `subfigure.sty' not found.
    
    Type X to quit or <RETURN> to proceed,
    or enter new name. (Default extension: sty)
    
    ! Emergency stop.
    <read *>
    
    l.10 \usepackage
     [latin1]{inputenc}^^M
    ! ==> Fatal error occurred, no output PDF file produced!
    Calls: buildVignettes -> texi2pdf -> texi2dvi
    Execution halted
Flavor: r-release-osx-x86_64

Version: 2.0-6
Check: re-building of vignette outputs
Result: WARN
    Error in re-building vignettes:
     ...
     input string 443 is invalid in this locale
    Warning in grepl("(Rerun to get|biblatex.*\\(re\\)run)", readLines(log, :
     input string 451 is invalid in this locale
    Warning in grepl("(Rerun to get|biblatex.*\\(re\\)run)", readLines(log, :
     input string 452 is invalid in this locale
    Warning in grepl("(Rerun to get|biblatex.*\\(re\\)run)", readLines(log, :
     input string 460 is invalid in this locale
    Error in texi2dvi(file = file, pdf = TRUE, clean = clean, quiet = quiet, :
     Running 'texi2dvi' on 'isocir.tex' failed.
    LaTeX errors:
    ! Undefined control sequence.
    l.15 ...<b6>m<cb><f6><81>^^?<c9>?<e5><cc>B^^H<<c4><ef><f0>؞p<b9><cb>~<a6>i~<f3><cd>7<bf><fc><f2><8b>i<9a><86>a\<bf>
     ~]<d7>u<<b7>m<bb>P(<88>^^V<b2>٬a^^X<d8><df><f4><f4><f4>...
    The control sequence at the end of the top line
    of your error message was never \def'ed. If you have
    ! Undefined control sequence.
    l.16 ...<fd><f6><db><fe><9b>xud^^Lݼy<b3>'a<d6>u]Q^^T<f9><a7>a^^X?<fd><f4><93><a2>(<f1>x\^^H
     <f1><e5><97>_^<bb>vm~~~gg<e7><d7>_^^?<9d><9d><9d>5^^L...
    The control sequence at the end of the top line
    of your error message was never \def'ed. If you have
    ! Undefined control sequence.
    l.19 ...<e6>y<fe><fc>y2<99><f4></<99>L<86><a3>^^E^^L,<95>J<9f>^^?<fe><b9><e3>8<99>L<e6>,<c8><eb>^^W\p
     <dd>^^[<90><d7><cf>8<96><e5>4MS<d7>u<c6><d8><c2><c2><c2><d8><d
    Calls: buildVignettes -> texi2pdf -> texi2dvi
    Execution halted
Flavor: r-oldrel-osx-x86_64