CRAN Package Check Results for Package isocir

Last updated on 2017-01-17 08:47:59.

Flavor Version Tinstall Tcheck Ttotal Status Flags
r-devel-linux-x86_64-debian-clang 2.0-6 3.06 34.94 38.00 OK
r-devel-linux-x86_64-debian-gcc 2.0-6 3.38 35.02 38.39 OK
r-devel-linux-x86_64-fedora-clang 2.0-6 68.71 OK --no-stop-on-test-error
r-devel-linux-x86_64-fedora-gcc 2.0-6 71.27 OK --no-stop-on-test-error
r-devel-macos-x86_64-clang 2.0-6 57.63 OK --no-stop-on-test-error
r-devel-windows-ix86+x86_64 2.0-6 23.00 80.00 103.00 OK
r-patched-linux-x86_64 2.0-6 2.96 30.65 33.61 OK
r-patched-solaris-sparc 2.0-6 374.90 OK
r-patched-solaris-x86 2.0-6 81.60 OK
r-release-linux-x86_64 2.0-6 2.90 31.32 34.22 OK
r-release-osx-x86_64-mavericks 2.0-6 WARN
r-release-windows-ix86+x86_64 2.0-6 15.00 96.00 111.00 OK
r-oldrel-windows-ix86+x86_64 2.0-6 15.00 102.00 117.00 OK

Check Details

Version: 2.0-6
Check: re-building of vignette outputs
Result: WARN
    Error in re-building vignettes:
     ...
     input string 443 is invalid in this locale
    Warning in grepl("(Rerun to get|biblatex.*\\(re\\)run)", readLines(log, :
     input string 451 is invalid in this locale
    Warning in grepl("(Rerun to get|biblatex.*\\(re\\)run)", readLines(log, :
     input string 452 is invalid in this locale
    Warning in grepl("(Rerun to get|biblatex.*\\(re\\)run)", readLines(log, :
     input string 460 is invalid in this locale
    Error in texi2dvi(file = file, pdf = TRUE, clean = clean, quiet = quiet, :
     Running 'texi2dvi' on 'isocir.tex' failed.
    LaTeX errors:
    ! Undefined control sequence.
    l.15 ...<b6>m<cb><f6><81>^^?<c9>?<e5><cc>B^^H<<c4><ef><f0>؞p<b9><cb>~<a6>i~<f3><cd>7<bf><fc><f2><8b>i<9a><86>a\<bf>
     ~]<d7>u<<b7>m<bb>P(<88>^^V<b2>٬a^^X<d8><df><f4><f4><f4>...
    The control sequence at the end of the top line
    of your error message was never \def'ed. If you have
    ! Undefined control sequence.
    l.16 ...<fd><f6><db><fe><9b>xud^^Lݼy<b3>'a<d6>u]Q^^T<f9><a7>a^^X?<fd><f4><93><a2>(<f1>x\^^H
     <f1><e5><97>_^<bb>vm~~~gg<e7><d7>_^^?<9d><9d><9d>5^^L...
    The control sequence at the end of the top line
    of your error message was never \def'ed. If you have
    ! Undefined control sequence.
    l.19 ...<e6>y<fe><fc>y2<99><f4></<99>L<86><a3>^^E^^L,<95>J<9f>^^?<fe><b9><e3>8<99>L<e6>,<c8><eb>^^W\p
     <dd>^^[<90><d7><cf>8<96><e5>4MS<d7>u<c6><d8><c2><c2><c2><d8><d
    Calls: buildVignettes -> texi2pdf -> texi2dvi
    Execution halted
Flavor: r-release-osx-x86_64-mavericks