CRAN Package Check Results for Package isocir

Last updated on 2016-07-23 23:48:06.

Flavor Version Tinstall Tcheck Ttotal Status Flags
r-devel-linux-x86_64-debian-clang 1.1-3 2.36 24.73 27.08 NOTE
r-devel-linux-x86_64-debian-gcc 1.1-3 2.45 24.55 27.00 NOTE
r-devel-linux-x86_64-fedora-clang 1.1-3 39.99 NOTE
r-devel-linux-x86_64-fedora-gcc 1.1-3 39.10 NOTE
r-devel-osx-x86_64-clang 1.1-3 35.95 NOTE
r-devel-windows-ix86+x86_64 1.1-3 11.00 74.00 85.00 NOTE
r-patched-linux-x86_64 1.1-3 2.32 24.66 26.98 NOTE
r-patched-solaris-sparc 1.1-3 243.10 NOTE
r-patched-solaris-x86 1.1-3 54.60 NOTE
r-release-linux-x86_64 1.1-3 2.12 24.49 26.61 NOTE
r-release-osx-x86_64-mavericks 1.1-3 WARN
r-release-windows-ix86+x86_64 1.1-3 7.00 69.00 76.00 NOTE
r-oldrel-windows-ix86+x86_64 1.1-3 10.00 55.00 65.00 OK

Check Details

Version: 1.1-3
Check: S3 generic/method consistency
Result: NOTE
    Found the following apparent S3 methods exported but not registered:
     plot.isocir print.isocir
    See section ‘Registering S3 methods’ in the ‘Writing R Extensions’
    manual.
Flavors: r-devel-linux-x86_64-debian-clang, r-devel-linux-x86_64-debian-gcc, r-devel-linux-x86_64-fedora-clang, r-devel-linux-x86_64-fedora-gcc, r-devel-osx-x86_64-clang, r-patched-linux-x86_64, r-patched-solaris-sparc, r-patched-solaris-x86, r-release-linux-x86_64

Version: 1.1-3
Check: R code for possible problems
Result: NOTE
    cond.test: no visible global function definition for ‘pchisq’
    cond.test: no visible global function definition for ‘pf’
    plot.isocir : CirclePlotRad: no visible global function definition for
     ‘par’
    plot.isocir : CirclePlotRad: no visible global function definition for
     ‘plot.default’
    plot.isocir : circle.control: no visible global function definition for
     ‘par’
    plot.isocir : PointsCircularmRad: no visible global function definition
     for ‘points.default’
    plot.isocir : PointsCircularmRad: no visible global function definition
     for ‘hist.default’
    plot.isocir: no visible global function definition for ‘na.omit’
    sce: no visible global function definition for ‘complete.cases’
    Undefined global functions or variables:
     complete.cases hist.default na.omit par pchisq pf plot.default
     points.default
    Consider adding
     importFrom("graphics", "hist.default", "par", "plot.default",
     "points.default")
     importFrom("stats", "complete.cases", "na.omit", "pchisq", "pf")
    to your NAMESPACE file.
Flavors: r-devel-linux-x86_64-debian-clang, r-devel-linux-x86_64-debian-gcc, r-devel-linux-x86_64-fedora-clang, r-devel-linux-x86_64-fedora-gcc, r-devel-osx-x86_64-clang, r-devel-windows-ix86+x86_64, r-patched-linux-x86_64, r-patched-solaris-sparc, r-patched-solaris-x86, r-release-linux-x86_64, r-release-osx-x86_64-mavericks, r-release-windows-ix86+x86_64

Version: 1.1-3
Check: re-building of vignette outputs
Result: WARN
    Error in re-building vignettes:
     ...
     input string 443 is invalid in this locale
    Warning in grepl("(Rerun to get|biblatex.*\\(re\\)run)", readLines(log, :
     input string 451 is invalid in this locale
    Warning in grepl("(Rerun to get|biblatex.*\\(re\\)run)", readLines(log, :
     input string 452 is invalid in this locale
    Warning in grepl("(Rerun to get|biblatex.*\\(re\\)run)", readLines(log, :
     input string 460 is invalid in this locale
    Error in texi2dvi(file = file, pdf = TRUE, clean = clean, quiet = quiet, :
     Running 'texi2dvi' on 'isocir.tex' failed.
    LaTeX errors:
    ! Undefined control sequence.
    l.15 ...<b6>m<cb><f6><81>^^?<c9>?<e5><cc>B^^H<<c4><ef><f0>؞p<b9><cb>~<a6>i~<f3><cd>7<bf><fc><f2><8b>i<9a><86>a\<bf>
     ~]<d7>u<<b7>m<bb>P(<88>^^V<b2>٬a^^X<d8><df><f4><f4><f4>...
    The control sequence at the end of the top line
    of your error message was never \def'ed. If you have
    ! Undefined control sequence.
    l.16 ...<fd><f6><db><fe><9b>xud^^Lݼy<b3>'a<d6>u]Q^^T<f9><a7>a^^X?<fd><f4><93><a2>(<f1>x\^^H
     <f1><e5><97>_^<bb>vm~~~gg<e7><d7>_^^?<9d><9d><9d>5^^L...
    The control sequence at the end of the top line
    of your error message was never \def'ed. If you have
    ! Undefined control sequence.
    l.19 ...<e6>y<fe><fc>y2<99><f4></<99>L<86><a3>^^E^^L,<95>J<9f>^^?<fe><b9><e3>8<99>L<e6>,<c8><eb>^^W\p
     <dd>^^[<90><d7><cf>8<96><e5>4MS<d7>u<c6><d8><c2><c2><c2><d8><d
    Calls: buildVignettes -> texi2pdf -> texi2dvi
    Execution halted
Flavor: r-release-osx-x86_64-mavericks