CRAN Package Check Results for Package isocir

Last updated on 2015-03-30 23:47:48.

Flavor Version Tinstall Tcheck Ttotal Status Flags
r-devel-linux-x86_64-debian-clang 1.1-3 1.48 20.98 22.46 NOTE
r-devel-linux-x86_64-debian-gcc 1.1-3 2.14 19.90 22.04 NOTE
r-devel-linux-x86_64-fedora-clang 1.1-3 45.80 NOTE
r-devel-linux-x86_64-fedora-gcc 1.1-3 43.35 NOTE
r-devel-osx-x86_64-clang 1.1-3 57.55 NOTE
r-prerel-windows-ix86+x86_64 1.1-3 6.00 39.00 45.00 OK
r-prerel-linux-x86_64 1.1-3 1.98 19.73 21.71 NOTE
r-prerel-solaris-sparc 1.1-3 303.80 OK
r-prerel-solaris-x86 1.1-3 63.80 OK
r-release-linux-x86_64 1.1-3 2.14 22.13 24.27 OK
r-release-osx-x86_64-mavericks 1.1-3 NOTE
r-release-osx-x86_64-snowleopard 1.1-3 OK
r-release-windows-ix86+x86_64 1.1-3 8.00 48.00 56.00 OK
r-oldrel-windows-ix86+x86_64 1.1-3 8.00 71.00 79.00 OK

Check Details

Version: 1.1-3
Check: S3 generic/method consistency
Result: NOTE
    Found the following apparent S3 methods exported but not registered:
     plot.isocir print.isocir
    See section ‘Registering S3 methods’ in the ‘Writing R Extensions’
    manual.
Flavors: r-devel-linux-x86_64-debian-clang, r-devel-linux-x86_64-debian-gcc, r-devel-linux-x86_64-fedora-clang, r-devel-linux-x86_64-fedora-gcc, r-devel-osx-x86_64-clang, r-prerel-linux-x86_64

Version: 1.1-3
Check: re-building of vignette outputs
Result: NOTE
    Error in re-building vignettes:
     ...
    Error in texi2dvi(file = file, pdf = TRUE, clean = clean, quiet = quiet, :
     Running 'texi2dvi' on 'isocir.tex' failed.
    LaTeX errors:
    ! Undefined control sequence.
    l.15 ...<b6>m<cb><f6><81>^^?<c9>?<e5><cc>B^^H<<c4><ef><f0>؞p<b9><cb>~<a6>i~<f3><cd>7<bf><fc><f2><8b>i<9a><86>a\<bf>
     ~]<d7>u<<b7>m<bb>P(<88>^^V<b2>٬a^^X<d8><df><f4><f4><f4>...
    The control sequence at the end of the top line
    of your error message was never \def'ed. If you have
    ! Undefined control sequence.
    l.16 ...<fd><f6><db><fe><9b>xud^^Lݼy<b3>'a<d6>u]Q^^T<f9><a7>a^^X?<fd><f4><93><a2>(<f1>x\^^H
     <f1><e5><97>_^<bb>vm~~~gg<e7><d7>_^^?<9d><9d><9d>5^^L...
    The control sequence at the end of the top line
    of your error message was never \def'ed. If you have
    ! Undefined control sequence.
    l.19 ...<e6>y<fe><fc>y2<99><f4></<99>L<86><a3>^^E^^L,<95>J<9f>^^?<fe><b9><e3>8<99>L<e6>,<c8><eb>^^W\p
     <dd>^^[<90><d7><cf>8<96><e5>4MS<d7>u<c6><d8><c2><c2><c2><d8><d
    Calls: buildVignettes -> texi2pdf -> texi2dvi
    Execution halted
Flavor: r-release-osx-x86_64-mavericks