CRAN Package Check Results for Package isopam

Last updated on 2015-05-27 19:47:11.

Flavor Version Tinstall Tcheck Ttotal Status Flags
r-devel-linux-x86_64-debian-clang 0.9-13 2.72 40.64 43.36 NOTE
r-devel-linux-x86_64-debian-gcc 0.9-13 3.50 39.44 42.94 NOTE
r-devel-linux-x86_64-fedora-clang 0.9-13 87.30 NOTE
r-devel-linux-x86_64-fedora-gcc 0.9-13 83.78 NOTE
r-devel-osx-x86_64-clang 0.9-13 85.86 NOTE
r-devel-windows-ix86+x86_64 0.9-13 8.00 59.00 67.00 NOTE
r-patched-linux-x86_64 0.9-13 2.65 39.60 42.24 NOTE
r-patched-solaris-sparc 0.9-13 513.70 NOTE
r-patched-solaris-x86 0.9-13 115.50 NOTE
r-release-linux-x86_64 0.9-13 2.68 39.32 42.00 NOTE
r-release-osx-x86_64-mavericks 0.9-13 NOTE
r-release-osx-x86_64-snowleopard 0.9-13 ERROR
r-release-windows-ix86+x86_64 0.9-13 7.00 55.00 62.00 NOTE
r-oldrel-windows-ix86+x86_64 0.9-13 11.00 75.00 86.00 NOTE

Check Details

Version: 0.9-13
Check: dependencies in R code
Result: NOTE
    'library' or 'require' call to ‘proxy’ in package code.
     Please use :: or requireNamespace() instead.
     See section 'Suggested packages' in the 'Writing R Extensions' manual.
Flavors: r-devel-linux-x86_64-debian-clang, r-devel-linux-x86_64-debian-gcc, r-devel-linux-x86_64-fedora-clang, r-devel-linux-x86_64-fedora-gcc, r-devel-osx-x86_64-clang, r-devel-windows-ix86+x86_64, r-patched-linux-x86_64, r-patched-solaris-sparc, r-patched-solaris-x86, r-release-linux-x86_64, r-release-osx-x86_64-mavericks, r-release-windows-ix86+x86_64, r-oldrel-windows-ix86+x86_64

Version: 0.9-13
Check: package dependencies
Result: ERROR
    Package required but not available: ‘vegan’
    
    Package suggested but not available for checking: ‘proxy’
    
    See section ‘The DESCRIPTION file’ in the ‘Writing R Extensions’
    manual.
Flavor: r-release-osx-x86_64-snowleopard