CRAN Package Check Results for Package isopam

Last updated on 2015-08-28 12:47:56.

Flavor Version Tinstall Tcheck Ttotal Status Flags
r-devel-linux-x86_64-debian-clang 0.9-13 2.67 39.74 42.41 NOTE
r-devel-linux-x86_64-debian-gcc 0.9-13 2.56 38.77 41.33 NOTE
r-devel-linux-x86_64-fedora-clang 0.9-13 85.14 NOTE
r-devel-linux-x86_64-fedora-gcc 0.9-13 83.92 NOTE
r-devel-osx-x86_64-clang 0.9-13 71.13 NOTE
r-devel-windows-ix86+x86_64 0.9-13 10.00 88.00 98.00 NOTE
r-patched-linux-x86_64 0.9-13 2.73 39.05 41.78 NOTE
r-patched-solaris-sparc 0.9-13 533.50 NOTE
r-patched-solaris-x86 0.9-13 117.00 NOTE
r-release-linux-x86_64 0.9-13 2.69 39.32 42.01 NOTE
r-release-osx-x86_64-mavericks 0.9-13 NOTE
r-release-windows-ix86+x86_64 0.9-13 9.00 68.00 77.00 NOTE
r-oldrel-windows-ix86+x86_64 0.9-13 15.00 91.00 106.00 NOTE

Check Details

Version: 0.9-13
Check: dependencies in R code
Result: NOTE
    'library' or 'require' call to ‘proxy’ in package code.
     Please use :: or requireNamespace() instead.
     See section 'Suggested packages' in the 'Writing R Extensions' manual.
Flavors: r-devel-linux-x86_64-debian-clang, r-devel-linux-x86_64-debian-gcc, r-devel-linux-x86_64-fedora-clang, r-devel-linux-x86_64-fedora-gcc, r-devel-osx-x86_64-clang, r-devel-windows-ix86+x86_64, r-patched-linux-x86_64, r-patched-solaris-sparc, r-patched-solaris-x86, r-release-linux-x86_64, r-release-osx-x86_64-mavericks, r-release-windows-ix86+x86_64, r-oldrel-windows-ix86+x86_64

Version: 0.9-13
Check: R code for possible problems
Result: NOTE
    isopam : core: no visible global function definition for ‘dist’
    isopam : core: no visible global function definition for ‘write.table’
    isopam : core: no visible global function definition for ‘as.dist’
    isopam : core: no visible global function definition for
     ‘txtProgressBar’
    isopam : core: no visible global function definition for
     ‘setTxtProgressBar’
    isopam : core: no visible global function definition for ‘aggregate’
    isopam: no visible binding for global variable ‘var’
    isopam: no visible global function definition for ‘na.omit’
    isopam: no visible global function definition for ‘write.table’
    isopam: no visible global function definition for ‘bmp’
    isopam: no visible global function definition for ‘dev.off’
    isotab: no visible global function definition for ‘aggregate’
    isotab : fshtest: no visible global function definition for ‘dhyper’
    isotab : fshtest : pnhyper: no visible global function definition for
     ‘phyper’
    Undefined global functions or variables:
     aggregate as.dist bmp dev.off dhyper dist na.omit phyper
     setTxtProgressBar txtProgressBar var write.table
    Consider adding
     importFrom("grDevices", "bmp", "dev.off")
     importFrom("stats", "aggregate", "as.dist", "dhyper", "dist",
     "na.omit", "phyper", "var")
     importFrom("utils", "setTxtProgressBar", "txtProgressBar",
     "write.table")
    to your NAMESPACE.
Flavors: r-devel-linux-x86_64-debian-clang, r-devel-linux-x86_64-debian-gcc, r-devel-linux-x86_64-fedora-clang, r-devel-linux-x86_64-fedora-gcc, r-devel-windows-ix86+x86_64