CRAN Package Check Results for Package isopam

Last updated on 2014-08-23 13:47:58.

Flavor Version Tinstall Tcheck Ttotal Status Flags
r-devel-linux-x86_64-debian-clang 0.9-12 0.80 19.67 20.47 NOTE
r-devel-linux-x86_64-debian-gcc 0.9-12 0.87 19.12 19.99 NOTE
r-devel-linux-x86_64-fedora-clang 0.9-12 40.46 NOTE
r-devel-linux-x86_64-fedora-gcc 0.9-12 39.50 NOTE
r-devel-osx-x86_64-clang 0.9-12 39.59 NOTE
r-devel-windows-ix86+x86_64 0.9-12 3.00 30.00 33.00 OK
r-patched-linux-x86_64 0.9-12 0.84 20.96 21.80 OK
r-patched-solaris-sparc 0.9-12 257.20 OK
r-patched-solaris-x86 0.9-12 55.00 OK
r-release-linux-ix86 0.9-12 1.22 28.18 29.40 OK
r-release-linux-x86_64 0.9-12 1.17 20.02 21.18 OK
r-release-osx-x86_64-mavericks 0.9-12 OK
r-release-osx-x86_64-snowleopard 0.9-12 WARN
r-release-windows-ix86+x86_64 0.9-12 3.00 32.00 35.00 OK
r-oldrel-windows-ix86+x86_64 0.9-12 4.00 35.00 39.00 OK

Check Details

Version: 0.9-12
Check: R code for possible problems
Result: NOTE
    isopam : core: no visible global function definition for
     ‘distconnected’
Flavors: r-devel-linux-x86_64-debian-clang, r-devel-linux-x86_64-debian-gcc, r-devel-linux-x86_64-fedora-clang, r-devel-linux-x86_64-fedora-gcc, r-devel-osx-x86_64-clang

Version: 0.9-12
Check: top-level files
Result: NOTE
    Non-standard file/directory found at top level:
     ‘isopam-Ex.R’
Flavors: r-devel-linux-x86_64-fedora-clang, r-devel-linux-x86_64-fedora-gcc

Version: 0.9-12
Check: examples
Result: WARN
    checking a package with encoding 'UTF-8' in an ASCII locale
    
     OK
Flavor: r-release-osx-x86_64-snowleopard