CRAN Package Check Results for Package isopam

Last updated on 2014-07-24 16:48:00.

Flavor Version Tinstall Tcheck Ttotal Status Flags
r-devel-linux-x86_64-debian-clang 0.9-12 0.89 19.78 20.67 OK
r-devel-linux-x86_64-debian-gcc 0.9-12 2.88 20.32 23.20 OK
r-devel-linux-x86_64-fedora-clang 0.9-12 43.64 NOTE
r-devel-linux-x86_64-fedora-gcc 0.9-12 40.16 NOTE
r-devel-osx-x86_64-clang 0.9-12 40.62 OK
r-devel-windows-ix86+x86_64 0.9-12 4.00 34.00 38.00 OK
r-patched-linux-x86_64 0.9-12 1.04 19.66 20.70 OK
r-patched-solaris-sparc 0.9-12 250.20 OK
r-patched-solaris-x86 0.9-12 53.90 OK
r-release-linux-ix86 0.9-12 1.26 27.80 29.06 OK
r-release-linux-x86_64 0.9-12 1.19 20.27 21.46 OK
r-release-osx-x86_64-mavericks 0.9-12 OK
r-release-osx-x86_64-snowleopard 0.9-12 WARN
r-release-windows-ix86+x86_64 0.9-12 4.00 34.00 38.00 OK
r-oldrel-windows-ix86+x86_64 0.9-12 4.00 37.00 41.00 OK

Check Details

Version: 0.9-12
Check: top-level files
Result: NOTE
    Non-standard file/directory found at top level:
     ‘isopam-Ex.R’
Flavors: r-devel-linux-x86_64-fedora-clang, r-devel-linux-x86_64-fedora-gcc

Version: 0.9-12
Check: examples
Result: WARNING
    checking a package with encoding 'UTF-8' in an ASCII locale
    
     OK
Flavor: r-release-osx-x86_64-snowleopard