CRAN Package Check Results for Package isopam

Last updated on 2015-01-28 19:49:21.

Flavor Version Tinstall Tcheck Ttotal Status Flags
r-devel-linux-x86_64-debian-clang 0.9-13 3.17 43.27 46.44 NOTE
r-devel-linux-x86_64-debian-gcc 0.9-13 3.10 42.98 46.08 NOTE
r-devel-linux-x86_64-fedora-clang 0.9-13 120.87 NOTE
r-devel-linux-x86_64-fedora-gcc 0.9-13 110.84 NOTE
r-devel-osx-x86_64-clang 0.9-13 99.10 NOTE
r-devel-windows-ix86+x86_64 0.9-13 9.00 61.00 70.00 NOTE
r-patched-linux-x86_64 0.9-13 3.54 46.95 50.49 OK
r-patched-solaris-sparc 0.9-13 728.10 OK
r-patched-solaris-x86 0.9-13 150.40 OK
r-release-linux-ix86 0.9-13 4.19 56.26 60.45 OK
r-release-linux-x86_64 0.9-13 3.63 49.19 52.82 OK
r-release-osx-x86_64-mavericks 0.9-13 OK
r-release-osx-x86_64-snowleopard 0.9-13 OK
r-release-windows-ix86+x86_64 0.9-13 10.00 78.00 88.00 OK
r-oldrel-windows-ix86+x86_64 0.9-13 11.00 107.00 118.00 OK

Check Details

Version: 0.9-13
Check: dependencies in R code
Result: NOTE
    'library' or 'require' call to ‘proxy’ in package code.
     Please use :: or requireNamespace() instead.
     See section 'Suggested packages' in the 'Writing R Extensions' manual.
Flavors: r-devel-linux-x86_64-debian-clang, r-devel-linux-x86_64-debian-gcc, r-devel-linux-x86_64-fedora-clang, r-devel-linux-x86_64-fedora-gcc, r-devel-osx-x86_64-clang, r-devel-windows-ix86+x86_64