CRAN Package Check Results for Package isopam

Last updated on 2014-04-25 09:52:16.

Flavor Version Tinstall Tcheck Ttotal Status Flags
r-devel-linux-x86_64-debian-clang 0.9-12 0.90 20.90 21.80 OK
r-devel-linux-x86_64-debian-gcc 0.9-12 0.88 20.98 21.86 OK
r-devel-linux-x86_64-fedora-clang 0.9-12 43.13 NOTE
r-devel-linux-x86_64-fedora-gcc 0.9-12 40.75 NOTE
r-devel-osx-x86_64-clang 0.9-12 38.33 OK
r-devel-osx-x86_64-gcc 0.9-12 ERROR
r-devel-windows-ix86+x86_64 0.9-12 3.00 44.00 47.00 OK
r-patched-linux-x86_64 0.9-12 0.90 20.79 21.69 OK
r-patched-solaris-sparc 0.9-12 250.20 OK
r-patched-solaris-x86 0.9-12 55.60 OK
r-release-linux-ix86 0.9-12 1.00 38.00 39.00 OK
r-release-linux-x86_64 0.9-12 0.90 20.66 21.56 OK
r-release-osx-x86_64-mavericks 0.9-12 WARN
r-release-osx-x86_64-snowleopard 0.9-12 WARN
r-release-windows-ix86+x86_64 0.9-12 4.00 32.00 36.00 OK
r-oldrel-windows-ix86+x86_64 0.9-12 4.00 35.00 39.00 OK

Check Details

Version: 0.9-12
Check: top-level files
Result: NOTE
    Non-standard file/directory found at top level:
     ‘isopam-Ex.R’
Flavors: r-devel-linux-x86_64-fedora-clang, r-devel-linux-x86_64-fedora-gcc

Version: 0.9-12
Check: package dependencies
Result: ERROR
    Package required but not available: ‘vegan’
    
    Package suggested but not available for checking: ‘proxy’
    
    See the information on DESCRIPTION files in the chapter ‘Creating R
    packages’ of the ‘Writing R Extensions’ manual.
Flavor: r-devel-osx-x86_64-gcc

Version: 0.9-12
Check: PDF version of manual
Result: WARNING
    LaTeX errors when creating PDF version.
    This typically indicates Rd problems.
    LaTeX errors found:
    ! LaTeX Error: File `upquote.sty' not found.
    
    Type X to quit or <RETURN> to proceed,
    or enter new name. (Default extension: sty)
    
    f1ade83/Rd2.tex:8: ==> Fatal error occurred, no output PDF file produced!
Flavor: r-release-osx-x86_64-mavericks

Version: 0.9-12
Check: examples
Result: WARNING
    checking a package with encoding 'UTF-8' in an ASCII locale
    
     OK
Flavor: r-release-osx-x86_64-snowleopard