CRAN Package Check Results for Package isopam

Last updated on 2014-10-31 20:48:11.

Flavor Version Tinstall Tcheck Ttotal Status Flags
r-devel-linux-x86_64-debian-clang 0.9-12 0.86 20.25 21.11 NOTE
r-devel-linux-x86_64-debian-gcc 0.9-12 0.82 20.46 21.29 NOTE
r-devel-linux-x86_64-fedora-clang 0.9-12 43.73 NOTE
r-devel-linux-x86_64-fedora-gcc 0.9-12 40.67 NOTE
r-devel-osx-x86_64-clang 0.9-12 43.27 NOTE
r-devel-windows-ix86+x86_64 0.9-12 3.00 31.00 34.00 NOTE
r-patched-linux-x86_64 0.9-12 0.86 20.61 21.48 NOTE
r-patched-solaris-sparc 0.9-12 245.60 NOTE
r-patched-solaris-x86 0.9-12 57.30 NOTE
r-release-linux-ix86 0.9-12 1.22 27.94 29.16 OK
r-release-linux-x86_64 0.9-12 0.90 20.54 21.44 NOTE
r-release-osx-x86_64-mavericks 0.9-12 OK
r-release-osx-x86_64-snowleopard 0.9-12 WARN
r-release-windows-ix86+x86_64 0.9-12 4.00 35.00 39.00 OK
r-oldrel-windows-ix86+x86_64 0.9-12 4.00 37.00 41.00 OK

Check Details

Version: 0.9-12
Check: top-level files
Result: NOTE
    Non-standard file/directory found at top level:
     ‘isopam-Ex.R’
Flavors: r-devel-linux-x86_64-debian-clang, r-devel-linux-x86_64-debian-gcc, r-devel-linux-x86_64-fedora-clang, r-devel-linux-x86_64-fedora-gcc, r-patched-linux-x86_64, r-release-linux-x86_64

Version: 0.9-12
Check: R code for possible problems
Result: NOTE
    isopam : core: no visible global function definition for
     ‘distconnected’
Flavors: r-devel-linux-x86_64-debian-clang, r-devel-linux-x86_64-debian-gcc, r-devel-linux-x86_64-fedora-clang, r-devel-linux-x86_64-fedora-gcc, r-devel-osx-x86_64-clang, r-devel-windows-ix86+x86_64, r-patched-linux-x86_64, r-patched-solaris-sparc, r-patched-solaris-x86

Version: 0.9-12
Check: examples
Result: WARN
    checking a package with encoding 'UTF-8' in an ASCII locale
    
     OK
Flavor: r-release-osx-x86_64-snowleopard