CRAN Package Check Results for Package isopam

Last updated on 2015-07-02 03:46:53.

Flavor Version Tinstall Tcheck Ttotal Status Flags
r-devel-linux-x86_64-debian-clang 0.9-13 2.62 39.72 42.33 NOTE
r-devel-linux-x86_64-debian-gcc 0.9-13 2.73 39.16 41.88 NOTE
r-devel-linux-x86_64-fedora-clang 0.9-13 85.81 NOTE
r-devel-linux-x86_64-fedora-gcc 0.9-13 80.87 NOTE
r-devel-osx-x86_64-clang 0.9-13 78.69 NOTE
r-devel-windows-ix86+x86_64 0.9-13 6.00 58.00 64.00 NOTE
r-patched-linux-x86_64 0.9-13 3.33 39.73 43.06 NOTE
r-patched-solaris-sparc 0.9-13 513.70 NOTE
r-patched-solaris-x86 0.9-13 114.40 NOTE
r-release-linux-x86_64 0.9-13 2.76 39.42 42.18 NOTE
r-release-osx-x86_64-mavericks 0.9-13 NOTE
r-release-windows-ix86+x86_64 0.9-13 8.00 62.00 70.00 NOTE
r-oldrel-windows-ix86+x86_64 0.9-13 11.00 113.00 124.00 NOTE

Check Details

Version: 0.9-13
Check: dependencies in R code
Result: NOTE
    'library' or 'require' call to ‘proxy’ in package code.
     Please use :: or requireNamespace() instead.
     See section 'Suggested packages' in the 'Writing R Extensions' manual.
Flavors: r-devel-linux-x86_64-debian-clang, r-devel-linux-x86_64-debian-gcc, r-devel-linux-x86_64-fedora-clang, r-devel-linux-x86_64-fedora-gcc, r-devel-osx-x86_64-clang, r-devel-windows-ix86+x86_64, r-patched-linux-x86_64, r-patched-solaris-sparc, r-patched-solaris-x86, r-release-linux-x86_64, r-release-osx-x86_64-mavericks, r-release-windows-ix86+x86_64, r-oldrel-windows-ix86+x86_64

Version: 0.9-13
Check: R code for possible problems
Result: NOTE
    isopam : core: no visible global function definition for ‘dist’
    isopam : core: no visible global function definition for ‘write.table’
    isopam : core: no visible global function definition for ‘as.dist’
    isopam : core: no visible global function definition for
     ‘txtProgressBar’
    isopam : core: no visible global function definition for
     ‘setTxtProgressBar’
    isopam : core: no visible global function definition for ‘aggregate’
    isopam: no visible binding for global variable ‘var’
    isopam: no visible global function definition for ‘na.omit’
    isopam: no visible global function definition for ‘write.table’
    isopam: no visible global function definition for ‘bmp’
    isopam: no visible global function definition for ‘dev.off’
    isotab: no visible global function definition for ‘aggregate’
    isotab : fshtest: no visible global function definition for ‘dhyper’
    isotab : fshtest : pnhyper: no visible global function definition for
     ‘phyper’
Flavors: r-devel-linux-x86_64-debian-clang, r-devel-linux-x86_64-debian-gcc, r-devel-linux-x86_64-fedora-clang, r-devel-linux-x86_64-fedora-gcc, r-devel-windows-ix86+x86_64