CRAN Package Check Results for Package isopam

Last updated on 2015-03-29 04:50:22.

Flavor Version Tinstall Tcheck Ttotal Status Flags
r-devel-linux-x86_64-debian-clang 0.9-13 2.75 38.99 41.74 NOTE
r-devel-linux-x86_64-debian-gcc 0.9-13 2.74 38.80 41.54 NOTE
r-devel-linux-x86_64-fedora-clang 0.9-13 86.39 NOTE
r-devel-linux-x86_64-fedora-gcc 0.9-13 86.45 NOTE
r-devel-osx-x86_64-clang 0.9-13 82.46 NOTE
r-prerel-windows-ix86+x86_64 0.9-13 11.00 57.00 68.00 NOTE
r-prerel-linux-x86_64 0.9-13 2.66 38.95 41.62 NOTE
r-prerel-solaris-sparc 0.9-13 520.10 NOTE
r-prerel-solaris-x86 0.9-13 109.60 NOTE
r-release-linux-x86_64 0.9-13 3.94 48.14 52.09 NOTE
r-release-osx-x86_64-mavericks 0.9-13 OK
r-release-osx-x86_64-snowleopard 0.9-13 OK
r-release-windows-ix86+x86_64 0.9-13 12.00 75.00 87.00 NOTE
r-oldrel-windows-ix86+x86_64 0.9-13 10.00 72.00 82.00 OK

Check Details

Version: 0.9-13
Check: dependencies in R code
Result: NOTE
    'library' or 'require' call to ‘proxy’ in package code.
     Please use :: or requireNamespace() instead.
     See section 'Suggested packages' in the 'Writing R Extensions' manual.
Flavors: r-devel-linux-x86_64-debian-clang, r-devel-linux-x86_64-debian-gcc, r-devel-linux-x86_64-fedora-clang, r-devel-linux-x86_64-fedora-gcc, r-devel-osx-x86_64-clang, r-prerel-windows-ix86+x86_64, r-prerel-linux-x86_64, r-prerel-solaris-sparc, r-prerel-solaris-x86, r-release-linux-x86_64, r-release-windows-ix86+x86_64