CRAN Package Check Results for Package isopam

Last updated on 2014-09-20 01:49:12.

Flavor Version Tinstall Tcheck Ttotal Status Flags
r-devel-linux-x86_64-debian-clang 0.9-12 0.79 19.74 20.53 NOTE
r-devel-linux-x86_64-debian-gcc 0.9-12 0.79 19.36 20.15 NOTE
r-devel-linux-x86_64-fedora-clang 0.9-12 41.53 NOTE
r-devel-linux-x86_64-fedora-gcc 0.9-12 38.44 NOTE
r-devel-osx-x86_64-clang 0.9-12 41.81 NOTE
r-devel-windows-ix86+x86_64 0.9-12 3.00 33.00 36.00 NOTE
r-patched-linux-x86_64 0.9-12 1.08 20.36 21.44 NOTE
r-patched-solaris-sparc 0.9-12 257.20 OK
r-patched-solaris-x86 0.9-12 53.50 OK
r-release-linux-ix86 0.9-12 1.21 27.90 29.11 OK
r-release-linux-x86_64 0.9-12 0.94 20.80 21.74 NOTE
r-release-osx-x86_64-mavericks 0.9-12 OK
r-release-osx-x86_64-snowleopard 0.9-12 WARN
r-release-windows-ix86+x86_64 0.9-12 4.00 32.00 36.00 OK
r-oldrel-windows-ix86+x86_64 0.9-12 4.00 37.00 41.00 OK

Check Details

Version: 0.9-12
Check: top-level files
Result: NOTE
    Non-standard file/directory found at top level:
     ‘isopam-Ex.R’
Flavors: r-devel-linux-x86_64-debian-clang, r-devel-linux-x86_64-debian-gcc, r-devel-linux-x86_64-fedora-clang, r-devel-linux-x86_64-fedora-gcc, r-patched-linux-x86_64, r-release-linux-x86_64

Version: 0.9-12
Check: R code for possible problems
Result: NOTE
    isopam : core: no visible global function definition for
     ‘distconnected’
Flavors: r-devel-linux-x86_64-debian-clang, r-devel-linux-x86_64-debian-gcc, r-devel-linux-x86_64-fedora-clang, r-devel-linux-x86_64-fedora-gcc, r-devel-osx-x86_64-clang, r-devel-windows-ix86+x86_64

Version: 0.9-12
Check: examples
Result: WARN
    checking a package with encoding 'UTF-8' in an ASCII locale
    
     OK
Flavor: r-release-osx-x86_64-snowleopard