CRAN Package Check Results for Package isopam

Last updated on 2015-02-26 23:47:46.

Flavor Version Tinstall Tcheck Ttotal Status Flags
r-devel-linux-x86_64-debian-clang 0.9-13 2.80 40.10 42.90 NOTE
r-devel-linux-x86_64-debian-gcc 0.9-13 2.68 38.74 41.42 NOTE
r-devel-linux-x86_64-fedora-clang 0.9-13 89.00 NOTE
r-devel-linux-x86_64-fedora-gcc 0.9-13 82.49 NOTE
r-devel-osx-x86_64-clang 0.9-13 77.10 NOTE
r-devel-windows-ix86+x86_64 0.9-13 11.00 56.00 67.00 NOTE
r-patched-linux-x86_64 0.9-13 3.74 48.71 52.45 NOTE
r-patched-solaris-sparc 0.9-13 668.90 NOTE
r-patched-solaris-x86 0.9-13 150.60 NOTE
r-release-linux-ix86 0.9-13 4.35 57.20 61.55 OK
r-release-linux-x86_64 0.9-13 3.77 0.24 4.02 OK
r-release-osx-x86_64-mavericks 0.9-13 OK
r-release-osx-x86_64-snowleopard 0.9-13 OK
r-release-windows-ix86+x86_64 0.9-13 11.00 75.00 86.00 OK
r-oldrel-windows-ix86+x86_64 0.9-13 9.00 109.00 118.00 OK

Check Details

Version: 0.9-13
Check: dependencies in R code
Result: NOTE
    'library' or 'require' call to ‘proxy’ in package code.
     Please use :: or requireNamespace() instead.
     See section 'Suggested packages' in the 'Writing R Extensions' manual.
Flavors: r-devel-linux-x86_64-debian-clang, r-devel-linux-x86_64-debian-gcc, r-devel-linux-x86_64-fedora-clang, r-devel-linux-x86_64-fedora-gcc, r-devel-osx-x86_64-clang, r-devel-windows-ix86+x86_64, r-patched-linux-x86_64, r-patched-solaris-sparc, r-patched-solaris-x86