CRAN Package Check Results for Package isotone

Last updated on 2018-04-21 14:46:40 CEST.

Flavor Version Tinstall Tcheck Ttotal Status Flags
r-devel-linux-x86_64-debian-clang 1.1-0 1.97 34.83 36.80 OK
r-devel-linux-x86_64-debian-gcc 1.1-0 1.80 26.93 28.73 OK
r-devel-linux-x86_64-fedora-clang 1.1-0 45.85 OK
r-devel-linux-x86_64-fedora-gcc 1.1-0 44.03 OK
r-devel-windows-ix86+x86_64 1.1-0 5.00 66.00 71.00 OK
r-devel-osx-x86_64 1.1-0 OK
r-patched-linux-x86_64 1.1-0 2.11 34.11 36.22 OK
r-patched-solaris-x86 1.1-0 58.20 OK
r-release-linux-x86_64 1.1-0 1.80 34.29 36.09 OK
r-release-windows-ix86+x86_64 1.1-0 5.00 46.00 51.00 OK
r-release-osx-x86_64 1.1-0 NOTE
r-oldrel-windows-ix86+x86_64 1.1-0 4.00 44.00 48.00 OK

Check Details

Version: 1.1-0
Check: re-building of vignette outputs
Result: NOTE
    Error in re-building vignettes:
     ...
    Error in texi2dvi(file = file, pdf = TRUE, clean = clean, quiet = quiet, :
     Running 'texi2dvi' on 'isotone.tex' failed.
    LaTeX errors:
    ! LaTeX Error: File `subfigure.sty' not found.
    
    Type X to quit or <RETURN> to proceed,
    or enter new name. (Default extension: sty)
    
    ! Emergency stop.
    <read *>
    
    l.4 ^^M
    
    ! ==> Fatal error occurred, no output PDF file produced!
    Calls: buildVignettes -> texi2pdf -> texi2dvi
    Execution halted
Flavor: r-release-osx-x86_64