CRAN Package Check Results for Package isotone

Last updated on 2014-04-19 01:48:20.

Flavor Version Tinstall Tcheck Ttotal Status Flags
r-devel-linux-x86_64-debian-clang 1.0-1 0.78 13.08 13.86 NOTE
r-devel-linux-x86_64-debian-gcc NOTE
r-devel-linux-x86_64-fedora-clang 1.0-1 30.59 NOTE
r-devel-linux-x86_64-fedora-gcc 1.0-1 29.01 NOTE
r-devel-macosx-x86_64-clang 1.0-1 28.33 NOTE
r-devel-macosx-x86_64-gcc 1.0-1 NOTE
r-devel-windows-ix86+x86_64 1.0-1 3.00 21.00 24.00 NOTE
r-patched-linux-x86_64 1.0-1 0.83 13.14 13.98 NOTE
r-patched-solaris-sparc 1.0-1 150.60 NOTE
r-patched-solaris-x86 1.0-1 40.00 NOTE
r-release-linux-ix86 1.0-1 2.00 27.00 29.00 NOTE
r-release-linux-x86_64 1.0-1 0.78 13.07 13.84 NOTE
r-release-windows-ix86+x86_64 1.0-1 5.00 29.00 34.00 NOTE
r-oldrel-windows-ix86+x86_64 1.0-1 3.00 25.00 28.00 NOTE

Check Details

Version: 1.0-1
Check: installed files from ‘inst/doc’
Result: NOTE
    The following files are already in R: ‘jss.bst’, ‘jss.cls’
    Please remove them from your package.
Flavors: r-devel-linux-x86_64-debian-clang, r-devel-linux-x86_64-debian-gcc, r-devel-linux-x86_64-fedora-clang, r-devel-linux-x86_64-fedora-gcc, r-devel-macosx-x86_64-clang, r-devel-macosx-x86_64-gcc, r-devel-windows-ix86+x86_64, r-patched-linux-x86_64, r-patched-solaris-sparc, r-patched-solaris-x86, r-release-linux-ix86, r-release-linux-x86_64, r-release-windows-ix86+x86_64, r-oldrel-windows-ix86+x86_64

Version: 1.0-1
Check: for old-style vignette sources
Result: NOTE
    Vignette sources only in ‘inst/doc’:
     ‘isotone.Rnw’
    A ‘vignettes’ directory is required as from R 3.1.0
    and these will not be indexed nor checked
Flavors: r-devel-linux-x86_64-debian-clang, r-devel-linux-x86_64-debian-gcc, r-devel-linux-x86_64-fedora-clang, r-devel-linux-x86_64-fedora-gcc, r-devel-macosx-x86_64-clang, r-devel-macosx-x86_64-gcc, r-devel-windows-ix86+x86_64, r-patched-linux-x86_64, r-patched-solaris-sparc, r-patched-solaris-x86, r-release-linux-ix86, r-release-linux-x86_64, r-release-windows-ix86+x86_64

Version: 1.0-1
Check: top-level files
Result: NOTE
    Non-standard file/directory found at top level:
     ‘COPYRIGHTS’
    Copyright information should be in file inst/COPYRIGHTS
Flavors: r-devel-linux-x86_64-fedora-clang, r-devel-linux-x86_64-fedora-gcc

Version: 1.0-1
Check: Rd line widths
Result: NOTE
    Rd file 'activeSet.Rd':
     \usage lines wider than 90 characters:
     activeSet(isomat, mySolver = "LS", x0 = NULL, ups = 1e-12, check = TRUE, maxiter = 100, ...)
     \examples lines wider than 100 characters:
     fit.ls2 <- activeSet(Atot, fSolver, fobj = function(x) sum(w1*(x-y)^2), gobj = function(x) 2*drop(w1*(x-y)), y = y, weights = w1)
     Ablock <- cbind(c(rep(1,3),rep(2,3),rep(3,3),rep(4,3),rep(5,3),rep(6,3)),c(rep(c(4,5,6),3),rep(c(7,8,9),3)))
    
    Rd file 'fSolver.Rd':
     \examples lines wider than 100 characters:
     fit.convex <- activeSet(btota, fSolver, fobj = function(x) sum(w*(x-y)^2), gobj = function(x) 2*drop(w*(x-y)), y = y, weights = w)
    
    These lines will be truncated in the PDF manual.
Flavors: r-devel-linux-x86_64-fedora-clang, r-devel-linux-x86_64-fedora-gcc

Version: 1.0-1
Check: for old-style vignette sources
Result: NOTE
    Vignette sources only in 'inst/doc':
     'isotone.Rnw'
    A 'vignettes' directory will be required as from R 3.1.0
Flavor: r-oldrel-windows-ix86+x86_64