CRAN Package Check Results for Package isotone

Last updated on 2017-05-25 15:48:29.

Flavor Version Tinstall Tcheck Ttotal Status Flags
r-devel-linux-x86_64-debian-clang 1.1-0 1.45 23.54 24.99 OK
r-devel-linux-x86_64-debian-gcc 1.1-0 1.40 22.92 24.31 OK
r-devel-linux-x86_64-fedora-clang 1.1-0 43.16 OK --no-stop-on-test-error
r-devel-linux-x86_64-fedora-gcc 1.1-0 41.97 OK --no-stop-on-test-error
r-devel-windows-ix86+x86_64 1.1-0 7.00 50.00 57.00 OK
r-patched-linux-x86_64 1.1-0 1.48 22.81 24.28 OK
r-patched-solaris-sparc 1.1-0 239.60 OK
r-patched-solaris-x86 1.1-0 51.70 OK
r-release-linux-x86_64 1.1-0 1.47 22.51 23.98 OK
r-release-windows-ix86+x86_64 1.1-0 4.00 43.00 47.00 OK
r-release-osx-x86_64 1.1-0 NOTE
r-oldrel-windows-ix86+x86_64 1.1-0 4.00 44.00 48.00 OK
r-oldrel-osx-x86_64 1.1-0 NOTE

Check Details

Version: 1.1-0
Check: re-building of vignette outputs
Result: NOTE
    Error in re-building vignettes:
     ...
    Error in texi2dvi(file = file, pdf = TRUE, clean = clean, quiet = quiet, :
     Running 'texi2dvi' on 'isotone.tex' failed.
    LaTeX errors:
    ! LaTeX Error: File `subfigure.sty' not found.
    
    Type X to quit or <RETURN> to proceed,
    or enter new name. (Default extension: sty)
    
    ! Emergency stop.
    <read *>
    
    l.4 ^^M
    
    ! ==> Fatal error occurred, no output PDF file produced!
    Calls: buildVignettes -> texi2pdf -> texi2dvi
    Execution halted
Flavor: r-release-osx-x86_64

Version: 1.1-0
Check: re-building of vignette outputs
Result: NOTE
    Error in re-building vignettes:
     ...
    l.19 ... ]<d7>^^AJ^^R<89>D<b3>ٔ<f3><ef><ef><ef>g<b3><d9>J<a5><92><cd>f^^AP8<e7><e5><b2>_(d\^^W
     <97>})<f6>^^@<ca>)D<84>^^_<be><bf><f3><d3>O<8d>7ޘ<e6><fc>2...
    The control sequence at the end of the top line
    of your error message was never \def'ed. If you have
    ! Extra }, or forgotten \endgroup.
    l.24 <9e>^^P<91>g}}
     ^^]<d8>^^_^^A<8d><88>^^TEY^^<ae><d5>j<e8>^^Z<db><dc><dc>l6<9b>2<b7>B
    I've deleted a group-closing symbol because it seems to be
    spurious, as in `$x}$'. But perhaps the } is legitimate and
    ! LaTeX Error: Missing \begin{document}.
    
    See the LaTeX manual or
    Calls: buildVignettes -> texi2pdf -> texi2dvi
    In addition: Warning messages:
    1: In grepl("(Rerun to get|biblatex.*\\(re\\)run)", readLines(log, :
     input string 424 is invalid in this locale
    2: In grepl("(Rerun to get|biblatex.*\\(re\\)run)", readLines(log, :
     input string 425 is invalid in this locale
    3: In grepl("(Rerun to get|biblatex.*\\(re\\)run)", readLines(log, :
     input string 433 is invalid in this locale
    4: In grepl("(Rerun to get|biblatex.*\\(re\\)run)", readLines(log, :
     input string 434 is invalid in this locale
    5: In grepl("(Rerun to get|biblatex.*\\(re\\)run)", readLines(log, :
     input string 442 is invalid in this locale
    Execution halted
Flavor: r-oldrel-osx-x86_64