CRAN Package Check Results for Package isotone

Last updated on 2018-06-21 21:49:57 CEST.

Flavor Version Tinstall Tcheck Ttotal Status Flags
r-devel-linux-x86_64-debian-clang 1.1-0 2.57 31.85 34.42 OK
r-devel-linux-x86_64-debian-gcc 1.1-0 1.39 27.82 29.21 OK
r-devel-linux-x86_64-fedora-clang 1.1-0 47.33 OK
r-devel-linux-x86_64-fedora-gcc 1.1-0 45.89 OK
r-devel-windows-ix86+x86_64 1.1-0 6.00 50.00 56.00 OK
r-patched-linux-x86_64 1.1-0 1.78 35.16 36.94 OK
r-patched-solaris-x86 1.1-0 60.70 OK
r-release-linux-x86_64 1.1-0 1.68 34.77 36.45 OK
r-release-windows-ix86+x86_64 1.1-0 7.00 52.00 59.00 OK
r-release-osx-x86_64 1.1-0 OK
r-oldrel-windows-ix86+x86_64 1.1-0 5.00 46.00 51.00 OK
r-oldrel-osx-x86_64 1.1-0 NOTE

Check Details

Version: 1.1-0
Check: re-building of vignette outputs
Result: NOTE
    Error in re-building vignettes:
     ...
    Error in texi2dvi(file = file, pdf = TRUE, clean = clean, quiet = quiet, :
     Running 'texi2dvi' on 'isotone.tex' failed.
    LaTeX errors:
    ! LaTeX Error: File `subfigure.sty' not found.
    
    Type X to quit or <RETURN> to proceed,
    or enter new name. (Default extension: sty)
    
    ! Emergency stop.
    <read *>
    
    l.4 ^^M
    
    ! ==> Fatal error occurred, no output PDF file produced!
    Calls: buildVignettes -> texi2pdf -> texi2dvi
    Execution halted
Flavor: r-oldrel-osx-x86_64