CRAN Package Check Results for Package iterLap

Last updated on 2014-08-22 09:54:38.

Flavor Version Tinstall Tcheck Ttotal Status Flags
r-devel-linux-x86_64-debian-clang 1.1-2 0.94 13.98 14.92 NOTE
r-devel-linux-x86_64-debian-gcc 1.1-2 0.93 14.44 15.37 NOTE
r-devel-linux-x86_64-fedora-clang 1.1-2 29.40 NOTE
r-devel-linux-x86_64-fedora-gcc 1.1-2 29.23 NOTE
r-devel-osx-x86_64-clang 1.1-2 30.97 NOTE
r-devel-windows-ix86+x86_64 1.1-2 5.00 32.00 37.00 NOTE
r-patched-linux-x86_64 1.1-2 0.99 13.96 14.95 NOTE
r-patched-solaris-sparc 1.1-2 187.30 NOTE
r-patched-solaris-x86 1.1-2 42.40 NOTE
r-release-linux-ix86 1.1-2 1.48 21.38 22.86 OK
r-release-linux-x86_64 1.1-2 1.01 14.39 15.40 OK
r-release-osx-x86_64-mavericks 1.1-2 OK
r-release-osx-x86_64-snowleopard 1.1-2 OK
r-release-windows-ix86+x86_64 1.1-2 6.00 32.00 38.00 OK
r-oldrel-windows-ix86+x86_64 1.1-2 7.00 32.00 39.00 OK

Check Details

Version: 1.1-2
Check: dependencies in R code
Result: NOTE
    Package in Depends field not imported from: ‘parallel’
     These packages need to be imported from (in the NAMESPACE file)
     for when this namespace is loaded but not attached.
    See the information on DESCRIPTION files in the chapter ‘Creating R
    packages’ of the ‘Writing R Extensions’ manual.
Flavors: r-devel-linux-x86_64-debian-clang, r-devel-linux-x86_64-debian-gcc, r-devel-linux-x86_64-fedora-clang, r-devel-linux-x86_64-fedora-gcc, r-devel-osx-x86_64-clang, r-devel-windows-ix86+x86_64, r-patched-linux-x86_64, r-patched-solaris-sparc, r-patched-solaris-x86

Version: 1.1-2
Check: R code for possible problems
Result: NOTE
    IS: no visible global function definition for ‘mclapply’
Flavors: r-devel-linux-x86_64-fedora-clang, r-devel-linux-x86_64-fedora-gcc, r-devel-osx-x86_64-clang