CRAN Package Check Results for Package iterLap

Last updated on 2014-07-26 11:52:21.

Flavor Version Tinstall Tcheck Ttotal Status Flags
r-devel-linux-x86_64-debian-clang 1.1-2 0.96 14.23 15.19 OK
r-devel-linux-x86_64-debian-gcc 1.1-2 0.96 13.89 14.85 OK
r-devel-linux-x86_64-fedora-clang 1.1-2 30.13 OK
r-devel-linux-x86_64-fedora-gcc 1.1-2 28.66 OK
r-devel-osx-x86_64-clang 1.1-2 31.68 OK
r-devel-windows-ix86+x86_64 1.1-2 5.00 31.00 36.00 OK
r-patched-linux-x86_64 1.1-2 2.98 14.46 17.44 OK
r-patched-solaris-sparc 1.1-2 184.10 OK
r-patched-solaris-x86 1.1-2 41.30 OK
r-release-linux-ix86 1.1-2 0.41 1.65 2.06 ERROR
r-release-linux-x86_64 1.1-2 1.02 14.51 15.53 OK
r-release-osx-x86_64-mavericks 1.1-2 OK
r-release-osx-x86_64-snowleopard 1.1-2 OK
r-release-windows-ix86+x86_64 1.1-2 6.00 32.00 38.00 OK
r-oldrel-windows-ix86+x86_64 1.1-2 6.00 34.00 40.00 OK

Check Details

Version: 1.1-2
Check: package dependencies
Result: ERROR
    Package required but not available: ‘randtoolbox’
    
    See the information on DESCRIPTION files in the chapter ‘Creating R
    packages’ of the ‘Writing R Extensions’ manual.
Flavor: r-release-linux-ix86