CRAN Package Check Results for Package iterLap

Last updated on 2015-05-29 19:47:31.

Flavor Version Tinstall Tcheck Ttotal Status Flags
r-devel-linux-x86_64-debian-clang 1.1-2 1.00 13.14 14.14 NOTE
r-devel-linux-x86_64-debian-gcc 1.1-2 0.91 12.54 13.45 NOTE
r-devel-linux-x86_64-fedora-clang 1.1-2 26.53 NOTE
r-devel-linux-x86_64-fedora-gcc 1.1-2 25.23 NOTE
r-devel-osx-x86_64-clang 1.1-2 29.28 NOTE
r-devel-windows-ix86+x86_64 1.1-2 5.00 30.00 35.00 NOTE
r-patched-linux-x86_64 1.1-2 0.92 12.74 13.66 NOTE
r-patched-solaris-sparc 1.1-2 172.50 NOTE
r-patched-solaris-x86 1.1-2 37.10 NOTE
r-release-linux-x86_64 1.1-2 0.92 13.52 14.44 NOTE
r-release-osx-x86_64-mavericks 1.1-2 NOTE
r-release-osx-x86_64-snowleopard 1.1-2 NOTE
r-release-windows-ix86+x86_64 1.1-2 4.00 33.00 37.00 NOTE
r-oldrel-windows-ix86+x86_64 1.1-2 12.00 35.00 47.00 NOTE

Check Details

Version: 1.1-2
Check: dependencies in R code
Result: NOTE
    Package in Depends field not imported from: ‘parallel’
     These packages need to be imported from (in the NAMESPACE file)
     for when this namespace is loaded but not attached.
Flavors: r-devel-linux-x86_64-debian-clang, r-devel-linux-x86_64-debian-gcc, r-devel-linux-x86_64-fedora-clang, r-devel-linux-x86_64-fedora-gcc, r-devel-osx-x86_64-clang, r-devel-windows-ix86+x86_64, r-patched-linux-x86_64, r-patched-solaris-sparc, r-patched-solaris-x86, r-release-linux-x86_64, r-release-osx-x86_64-mavericks, r-release-osx-x86_64-snowleopard, r-release-windows-ix86+x86_64, r-oldrel-windows-ix86+x86_64

Version: 1.1-2
Check: R code for possible problems
Result: NOTE
    IS: no visible global function definition for ‘mclapply’
Flavors: r-devel-linux-x86_64-debian-clang, r-devel-linux-x86_64-debian-gcc, r-devel-linux-x86_64-fedora-clang, r-devel-linux-x86_64-fedora-gcc, r-devel-osx-x86_64-clang, r-devel-windows-ix86+x86_64, r-patched-linux-x86_64, r-patched-solaris-sparc, r-patched-solaris-x86, r-release-linux-x86_64, r-release-osx-x86_64-mavericks, r-release-osx-x86_64-snowleopard, r-release-windows-ix86+x86_64, r-oldrel-windows-ix86+x86_64