CRAN Package Check Results for Package iterLap

Last updated on 2015-07-07 23:47:49.

Flavor Version Tinstall Tcheck Ttotal Status Flags
r-devel-linux-x86_64-debian-clang 1.1-2 0.94 12.94 13.88 NOTE
r-devel-linux-x86_64-debian-gcc 1.1-2 0.97 12.28 13.25 NOTE
r-devel-linux-x86_64-fedora-clang 1.1-2 25.30 NOTE
r-devel-linux-x86_64-fedora-gcc 1.1-2 23.39 NOTE
r-devel-osx-x86_64-clang 1.1-2 25.50 NOTE
r-devel-windows-ix86+x86_64 1.1-2 5.00 47.00 52.00 NOTE
r-patched-linux-x86_64 1.1-2 0.90 12.66 13.56 NOTE
r-patched-solaris-sparc 1.1-2 172.50 NOTE
r-patched-solaris-x86 1.1-2 37.50 NOTE
r-release-linux-x86_64 1.1-2 0.92 13.16 14.08 NOTE
r-release-osx-x86_64-mavericks 1.1-2 NOTE
r-release-windows-ix86+x86_64 1.1-2 5.00 30.00 35.00 NOTE
r-oldrel-windows-ix86+x86_64 1.1-2 12.00 35.00 47.00 NOTE

Check Details

Version: 1.1-2
Check: dependencies in R code
Result: NOTE
    Package in Depends field not imported from: ‘parallel’
     These packages need to be imported from (in the NAMESPACE file)
     for when this namespace is loaded but not attached.
Flavors: r-devel-linux-x86_64-debian-clang, r-devel-linux-x86_64-debian-gcc, r-devel-linux-x86_64-fedora-clang, r-devel-linux-x86_64-fedora-gcc, r-devel-osx-x86_64-clang, r-devel-windows-ix86+x86_64, r-patched-linux-x86_64, r-patched-solaris-sparc, r-patched-solaris-x86, r-release-linux-x86_64, r-release-osx-x86_64-mavericks, r-release-windows-ix86+x86_64, r-oldrel-windows-ix86+x86_64

Version: 1.1-2
Check: R code for possible problems
Result: NOTE
    IMH: no visible global function definition for ‘runif’
    IS: no visible global function definition for ‘mclapply’
    getGrid: no visible global function definition for ‘rnorm’
    getGrid: no visible global function definition for ‘rt’
    getGrid: no visible global function definition for ‘qnorm’
    getGrid: no visible global function definition for ‘qt’
    getStartVal: no visible global function definition for ‘kmeans’
    nlopt: no visible binding for global variable ‘nlm’
    nlopt: no visible global function definition for ‘nlminb’
    nlopt: no visible global function definition for ‘optimHess’
    nlopt: no visible global function definition for ‘optim’
    print.summary.mixDist: no visible global function definition for
     ‘cov2cor’
    rmvtAdapt: no visible global function definition for ‘rchisq’
    samplingMixDist: no visible global function definition for ‘rmultinom’
    Undefined global functions or variables:
     cov2cor kmeans mclapply nlm nlminb optim optimHess qnorm qt rchisq
     rmultinom rnorm rt runif
Flavors: r-devel-linux-x86_64-debian-clang, r-devel-linux-x86_64-debian-gcc, r-devel-linux-x86_64-fedora-clang, r-devel-linux-x86_64-fedora-gcc, r-devel-windows-ix86+x86_64

Version: 1.1-2
Check: R code for possible problems
Result: NOTE
    IS: no visible global function definition for ‘mclapply’
    Undefined global functions or variables:
     mclapply
Flavor: r-devel-osx-x86_64-clang

Version: 1.1-2
Check: R code for possible problems
Result: NOTE
    IS: no visible global function definition for ‘mclapply’
Flavors: r-patched-linux-x86_64, r-patched-solaris-sparc, r-patched-solaris-x86, r-release-linux-x86_64, r-release-osx-x86_64-mavericks, r-release-windows-ix86+x86_64, r-oldrel-windows-ix86+x86_64