CRAN Package Check Results for Package iterLap

Last updated on 2015-04-19 03:49:39.

Flavor Version Tinstall Tcheck Ttotal Status Flags
r-devel-linux-x86_64-debian-clang 1.1-2 0.89 12.75 13.64 NOTE
r-devel-linux-x86_64-debian-gcc 1.1-2 0.92 12.58 13.51 NOTE
r-devel-linux-x86_64-fedora-clang 1.1-2 26.45 NOTE
r-devel-linux-x86_64-fedora-gcc 1.1-2 25.12 NOTE
r-devel-osx-x86_64-clang 1.1-2 29.25 NOTE
r-patched-linux-x86_64 1.1-2 0.88 13.02 13.90 NOTE
r-patched-solaris-sparc 1.1-2 179.60 NOTE
r-patched-solaris-x86 1.1-2 37.40 NOTE
r-release-linux-x86_64 1.1-2 0.92 12.89 13.81 NOTE
r-release-osx-x86_64-mavericks 1.1-2 NOTE
r-release-osx-x86_64-snowleopard 1.1-2 NOTE
r-release-windows-ix86+x86_64 1.1-2 4.00 33.00 37.00 NOTE
r-oldrel-windows-ix86+x86_64 1.1-2 6.00 34.00 40.00 OK

Check Details

Version: 1.1-2
Check: dependencies in R code
Result: NOTE
    Package in Depends field not imported from: ‘parallel’
     These packages need to be imported from (in the NAMESPACE file)
     for when this namespace is loaded but not attached.
Flavors: r-devel-linux-x86_64-debian-clang, r-devel-linux-x86_64-debian-gcc, r-devel-linux-x86_64-fedora-clang, r-devel-linux-x86_64-fedora-gcc, r-devel-osx-x86_64-clang, r-patched-linux-x86_64, r-patched-solaris-sparc, r-patched-solaris-x86, r-release-linux-x86_64, r-release-osx-x86_64-mavericks, r-release-osx-x86_64-snowleopard, r-release-windows-ix86+x86_64

Version: 1.1-2
Check: R code for possible problems
Result: NOTE
    IS: no visible global function definition for ‘mclapply’
Flavors: r-devel-linux-x86_64-debian-clang, r-devel-linux-x86_64-debian-gcc, r-devel-linux-x86_64-fedora-clang, r-devel-linux-x86_64-fedora-gcc, r-devel-osx-x86_64-clang, r-patched-linux-x86_64, r-patched-solaris-sparc, r-patched-solaris-x86, r-release-linux-x86_64, r-release-osx-x86_64-mavericks, r-release-osx-x86_64-snowleopard, r-release-windows-ix86+x86_64