CRAN Package Check Results for Package iterLap

Last updated on 2015-08-31 19:47:44.

Flavor Version Tinstall Tcheck Ttotal Status Flags
r-devel-linux-x86_64-debian-clang 1.1-2 0.90 12.35 13.25 NOTE
r-devel-linux-x86_64-debian-gcc 1.1-2 0.86 12.44 13.30 NOTE
r-devel-linux-x86_64-fedora-clang 1.1-2 25.58 NOTE
r-devel-linux-x86_64-fedora-gcc 1.1-2 23.85 NOTE
r-devel-osx-x86_64-clang 1.1-2 24.66 NOTE
r-devel-windows-ix86+x86_64 1.1-2 4.00 43.00 47.00 NOTE
r-patched-linux-x86_64 1.1-2 0.90 12.64 13.54 NOTE
r-patched-solaris-sparc 1.1-2 172.80 NOTE
r-patched-solaris-x86 1.1-2 37.90 NOTE
r-release-linux-x86_64 1.1-2 0.99 13.35 14.34 NOTE
r-release-osx-x86_64-mavericks 1.1-2 NOTE
r-release-windows-ix86+x86_64 1.1-2 9.00 33.00 42.00 NOTE
r-oldrel-windows-ix86+x86_64 1.1-2 8.00 36.00 44.00 NOTE

Check Details

Version: 1.1-2
Check: dependencies in R code
Result: NOTE
    Package in Depends field not imported from: ‘parallel’
     These packages need to be imported from (in the NAMESPACE file)
     for when this namespace is loaded but not attached.
Flavors: r-devel-linux-x86_64-debian-clang, r-devel-linux-x86_64-debian-gcc, r-devel-linux-x86_64-fedora-clang, r-devel-linux-x86_64-fedora-gcc, r-devel-osx-x86_64-clang, r-devel-windows-ix86+x86_64, r-patched-linux-x86_64, r-patched-solaris-sparc, r-patched-solaris-x86, r-release-linux-x86_64, r-release-osx-x86_64-mavericks, r-release-windows-ix86+x86_64, r-oldrel-windows-ix86+x86_64

Version: 1.1-2
Check: R code for possible problems
Result: NOTE
    IMH: no visible global function definition for ‘runif’
    IS: no visible global function definition for ‘mclapply’
    getGrid: no visible global function definition for ‘rnorm’
    getGrid: no visible global function definition for ‘rt’
    getGrid: no visible global function definition for ‘qnorm’
    getGrid: no visible global function definition for ‘qt’
    getStartVal: no visible global function definition for ‘kmeans’
    nlopt: no visible binding for global variable ‘nlm’
    nlopt: no visible global function definition for ‘nlminb’
    nlopt: no visible global function definition for ‘optimHess’
    nlopt: no visible global function definition for ‘optim’
    print.summary.mixDist: no visible global function definition for
     ‘cov2cor’
    rmvtAdapt: no visible global function definition for ‘rchisq’
    samplingMixDist: no visible global function definition for ‘rmultinom’
    Undefined global functions or variables:
     cov2cor kmeans mclapply nlm nlminb optim optimHess qnorm qt rchisq
     rmultinom rnorm rt runif
    Consider adding
     importFrom("stats", "cov2cor", "kmeans", "nlm", "nlminb", "optim",
     "optimHess", "qnorm", "qt", "rchisq", "rmultinom", "rnorm",
     "rt", "runif")
    to your NAMESPACE.
Flavors: r-devel-linux-x86_64-debian-clang, r-devel-linux-x86_64-debian-gcc, r-devel-linux-x86_64-fedora-clang, r-devel-linux-x86_64-fedora-gcc, r-devel-windows-ix86+x86_64

Version: 1.1-2
Check: R code for possible problems
Result: NOTE
    IS: no visible global function definition for ‘mclapply’
    Undefined global functions or variables:
     mclapply
Flavor: r-devel-osx-x86_64-clang

Version: 1.1-2
Check: R code for possible problems
Result: NOTE
    IS: no visible global function definition for ‘mclapply’
Flavors: r-patched-linux-x86_64, r-patched-solaris-sparc, r-patched-solaris-x86, r-release-linux-x86_64, r-release-osx-x86_64-mavericks, r-release-windows-ix86+x86_64, r-oldrel-windows-ix86+x86_64