CRAN Package Check Results for Package iterLap

Last updated on 2014-12-19 01:48:21.

Flavor Version Tinstall Tcheck Ttotal Status Flags
r-devel-linux-x86_64-debian-clang 1.1-2 1.01 16.00 17.02 NOTE
r-devel-linux-x86_64-debian-gcc 1.1-2 1.00 14.89 15.90 NOTE
r-devel-linux-x86_64-fedora-clang 1.1-2 33.02 NOTE
r-devel-linux-x86_64-fedora-gcc 1.1-2 30.75 NOTE
r-devel-osx-x86_64-clang 1.1-2 33.10 NOTE
r-devel-windows-ix86+x86_64 1.1-2 5.00 72.00 77.00 NOTE
r-patched-linux-x86_64 1.1-2 1.02 15.18 16.20 NOTE
r-patched-solaris-sparc 1.1-2 179.00 NOTE
r-patched-solaris-x86 1.1-2 44.30 NOTE
r-release-linux-ix86 1.1-2 1.46 20.66 22.11 NOTE
r-release-linux-x86_64 1.1-2 1.02 14.89 15.91 NOTE
r-release-osx-x86_64-mavericks 1.1-2 OK
r-release-osx-x86_64-snowleopard 1.1-2 OK
r-release-windows-ix86+x86_64 1.1-2 6.00 32.00 38.00 NOTE
r-oldrel-windows-ix86+x86_64 1.1-2 6.00 34.00 40.00 OK

Check Details

Version: 1.1-2
Check: dependencies in R code
Result: NOTE
    Package in Depends field not imported from: ‘parallel’
     These packages need to be imported from (in the NAMESPACE file)
     for when this namespace is loaded but not attached.
    See the information on DESCRIPTION files in the chapter ‘Creating R
    packages’ of the ‘Writing R Extensions’ manual.
Flavors: r-devel-linux-x86_64-debian-clang, r-devel-linux-x86_64-debian-gcc, r-devel-linux-x86_64-fedora-clang, r-devel-linux-x86_64-fedora-gcc, r-devel-osx-x86_64-clang, r-devel-windows-ix86+x86_64, r-patched-linux-x86_64, r-patched-solaris-sparc, r-patched-solaris-x86, r-release-linux-ix86, r-release-linux-x86_64, r-release-windows-ix86+x86_64

Version: 1.1-2
Check: R code for possible problems
Result: NOTE
    IS: no visible global function definition for ‘mclapply’
Flavors: r-devel-linux-x86_64-debian-clang, r-devel-linux-x86_64-debian-gcc, r-devel-linux-x86_64-fedora-clang, r-devel-linux-x86_64-fedora-gcc, r-devel-osx-x86_64-clang, r-devel-windows-ix86+x86_64, r-patched-linux-x86_64, r-patched-solaris-sparc, r-patched-solaris-x86, r-release-linux-ix86, r-release-linux-x86_64, r-release-windows-ix86+x86_64