CRAN Package Check Results for Package iterLap

Last updated on 2014-11-23 17:49:30.

Flavor Version Tinstall Tcheck Ttotal Status Flags
r-devel-linux-x86_64-debian-clang 1.1-2 1.08 15.06 16.14 NOTE
r-devel-linux-x86_64-debian-gcc 1.1-2 1.00 14.79 15.79 NOTE
r-devel-linux-x86_64-fedora-clang 1.1-2 32.14 NOTE
r-devel-linux-x86_64-fedora-gcc 1.1-2 30.57 NOTE
r-devel-osx-x86_64-clang 1.1-2 33.83 NOTE
r-devel-windows-ix86+x86_64 1.1-2 5.00 33.00 38.00 NOTE
r-patched-linux-x86_64 1.1-2 1.02 14.62 15.64 NOTE
r-patched-solaris-sparc 1.1-2 179.00 NOTE
r-patched-solaris-x86 1.1-2 44.70 NOTE
r-release-linux-ix86 1.1-2 1.51 20.72 22.23 NOTE
r-release-linux-x86_64 1.1-2 1.04 14.69 15.73 NOTE
r-release-osx-x86_64-mavericks 1.1-2 OK
r-release-osx-x86_64-snowleopard 1.1-2 OK
r-release-windows-ix86+x86_64 1.1-2 6.00 46.00 52.00 NOTE
r-oldrel-windows-ix86+x86_64 1.1-2 7.00 32.00 39.00 OK

Check Details

Version: 1.1-2
Check: dependencies in R code
Result: NOTE
    Package in Depends field not imported from: ‘parallel’
     These packages need to be imported from (in the NAMESPACE file)
     for when this namespace is loaded but not attached.
    See the information on DESCRIPTION files in the chapter ‘Creating R
    packages’ of the ‘Writing R Extensions’ manual.
Flavors: r-devel-linux-x86_64-debian-clang, r-devel-linux-x86_64-debian-gcc, r-devel-linux-x86_64-fedora-clang, r-devel-linux-x86_64-fedora-gcc, r-devel-osx-x86_64-clang, r-devel-windows-ix86+x86_64, r-patched-linux-x86_64, r-patched-solaris-sparc, r-patched-solaris-x86, r-release-linux-ix86, r-release-linux-x86_64, r-release-windows-ix86+x86_64

Version: 1.1-2
Check: R code for possible problems
Result: NOTE
    IS: no visible global function definition for ‘mclapply’
Flavors: r-devel-linux-x86_64-debian-clang, r-devel-linux-x86_64-debian-gcc, r-devel-linux-x86_64-fedora-clang, r-devel-linux-x86_64-fedora-gcc, r-devel-osx-x86_64-clang, r-devel-windows-ix86+x86_64, r-patched-linux-x86_64, r-patched-solaris-sparc, r-patched-solaris-x86, r-release-linux-ix86, r-release-linux-x86_64, r-release-windows-ix86+x86_64