CRAN Package Check Results for Package iterators

Last updated on 2019-02-16 21:47:29 CET.

Flavor Version Tinstall Tcheck Ttotal Status Flags
r-devel-linux-x86_64-debian-clang 1.0.10 1.67 37.68 39.35 OK
r-devel-linux-x86_64-debian-gcc 1.0.10 1.41 29.87 31.28 OK
r-devel-linux-x86_64-fedora-clang 1.0.10 48.14 OK
r-devel-linux-x86_64-fedora-gcc 1.0.10 45.44 OK
r-devel-windows-ix86+x86_64 1.0.10 10.00 63.00 73.00 ERROR
r-patched-linux-x86_64 1.0.10 1.18 33.73 34.91 OK
r-patched-solaris-x86 1.0.10 60.90 OK
r-release-linux-x86_64 1.0.10 OK
r-release-windows-ix86+x86_64 1.0.10 4.00 85.00 89.00 OK
r-release-osx-x86_64 1.0.10 OK
r-oldrel-windows-ix86+x86_64 1.0.10 5.00 79.00 84.00 OK
r-oldrel-osx-x86_64 1.0.10 OK

Check Details

Version: 1.0.10
Check: examples
Result: ERROR
    Running examples in 'iterators-Ex.R' failed
    The error most likely occurred in:
    
    > ### Name: ireadLines
    > ### Title: Iterator over Lines of Text from a Connection
    > ### Aliases: ireadLines
    > ### Keywords: utilities
    >
    > ### ** Examples
    >
    > # create an iterator over the lines of COPYING
    > it <- ireadLines(file.path(R.home(), 'COPYING'))
    > nextElem(it)
    [1] "\t\t GNU GENERAL PUBLIC LICENSE"
    > nextElem(it)
    [1] "\t\t Version 2, June 1991"
    > nextElem(it)
    [1] ""
    >
    >
    >
    > cleanEx()
    Error: connections left open:
     D:/RCompile/recent/R/COPYING (file)
    Execution halted
Flavor: r-devel-windows-ix86+x86_64