CRAN Package Check Results for Package itertools

Last updated on 2014-04-23 07:55:01.

Flavor Version Tinstall Tcheck Ttotal Status Flags
r-devel-linux-x86_64-debian-clang 0.1-3 0.84 13.21 14.05 OK
r-devel-linux-x86_64-debian-gcc 0.1-3 0.89 13.46 14.35 OK
r-devel-linux-x86_64-fedora-clang 0.1-3 26.75 OK
r-devel-linux-x86_64-fedora-gcc 0.1-3 24.71 OK
r-devel-osx-x86_64-clang 0.1-3 26.08 OK
r-devel-osx-x86_64-gcc 0.1-3 OK
r-devel-windows-ix86+x86_64 0.1-3 3.00 22.00 25.00 OK
r-patched-linux-x86_64 0.1-3 0.84 13.26 14.11 OK
r-patched-solaris-sparc 0.1-3 135.80 OK
r-patched-solaris-x86 0.1-3 35.40 OK
r-release-linux-ix86 0.1-3 1.00 26.00 27.00 OK
r-release-linux-x86_64 0.1-3 0.83 12.88 13.71 OK
r-release-osx-x86_64-mavericks 0.1-3 ERROR
r-release-osx-x86_64-snowleopard 0.1-3 OK
r-release-windows-ix86+x86_64 0.1-3 3.00 21.00 24.00 OK
r-oldrel-windows-ix86+x86_64 0.1-3 3.00 23.00 26.00 OK

Check Details

Version: 0.1-3
Check: package dependencies
Result: NOTE
    Package suggested but not available for checking: ‘foreach’
Flavor: r-release-osx-x86_64-mavericks

Version: 0.1-3
Check: examples
Result: ERROR
    Running examples in ‘itertools-Ex.R’ failed
    The error most likely occurred in:
    
    > ### Name: irecord
    > ### Title: Record and replay iterators
    > ### Aliases: irecord ireplay
    > ### Keywords: utilities
    >
    > ### ** Examples
    >
    > suppressMessages(library(foreach))
    Error in library(foreach) : there is no package called ‘foreach’
    Calls: suppressMessages -> withCallingHandlers -> library
    Execution halted
Flavor: r-release-osx-x86_64-mavericks