CRAN Package Check Results for Package itree

Last updated on 2014-12-22 11:51:41.

Flavor Version Tinstall Tcheck Ttotal Status Flags
r-devel-linux-x86_64-debian-clang 0.1 4.21 20.41 24.62 NOTE
r-devel-linux-x86_64-debian-gcc 0.1 4.92 21.36 26.29 NOTE
r-devel-linux-x86_64-fedora-clang 0.1 47.11 NOTE
r-devel-linux-x86_64-fedora-gcc 0.1 45.71 NOTE
r-devel-osx-x86_64-clang 0.1 45.58 OK
r-devel-windows-ix86+x86_64 0.1 37.00 36.00 73.00 OK
r-patched-linux-x86_64 0.1 5.04 20.59 25.63 NOTE
r-patched-solaris-sparc 0.1 284.50 NOTE
r-patched-solaris-x86 0.1 64.50 NOTE
r-release-linux-ix86 0.1 6.52 26.53 33.04 OK
r-release-linux-x86_64 0.1 5.02 20.49 25.51 NOTE
r-release-osx-x86_64-mavericks 0.1 OK
r-release-windows-ix86+x86_64 0.1 36.00 41.00 77.00 OK
r-oldrel-windows-ix86+x86_64 0.1 39.00 40.00 79.00 OK

Memtest notes: UBSAN-clang-trunk UBSAN valgrind

Check Details

Version: 0.1
Check: top-level files
Result: NOTE
    Non-standard file/directory found at top level:
     ‘Readme’
Flavors: r-devel-linux-x86_64-debian-clang, r-devel-linux-x86_64-debian-gcc, r-devel-linux-x86_64-fedora-clang, r-devel-linux-x86_64-fedora-gcc, r-patched-linux-x86_64, r-release-linux-x86_64

Version: 0.1
Check: compiled code
Result: NOTE
    File ‘itree/libs/itree.so’:
     Found ‘printf’, possibly from ‘printf’ (C)
     Objects: ‘xval.o’, ‘xval_penalty.o’
    
    Compiled code should not call entry points which might terminate R nor
    write to stdout/stderr instead of to the console, nor the system RNG.
    
    See ‘Writing portable packages’ in the ‘Writing R Extensions’ manual.
Flavors: r-patched-solaris-sparc, r-patched-solaris-x86