CRAN Package Check Results for Package itree

Last updated on 2014-11-25 23:46:48.

Flavor Version Tinstall Tcheck Ttotal Status Flags
r-devel-linux-x86_64-debian-clang 0.1 4.17 20.72 24.89 NOTE
r-devel-linux-x86_64-debian-gcc 0.1 4.90 20.07 24.97 NOTE
r-devel-linux-x86_64-fedora-clang 0.1 48.47 NOTE
r-devel-linux-x86_64-fedora-gcc 0.1 45.72 NOTE
r-devel-osx-x86_64-clang 0.1 46.78 OK
r-devel-windows-ix86+x86_64 0.1 37.00 33.00 70.00 OK
r-patched-linux-x86_64 0.1 5.07 20.67 25.74 NOTE
r-patched-solaris-sparc 0.1 285.30 NOTE
r-patched-solaris-x86 0.1 63.00 NOTE
r-release-linux-ix86 0.1 6.54 26.50 33.03 OK
r-release-linux-x86_64 0.1 4.95 20.52 25.47 NOTE
r-release-osx-x86_64-mavericks 0.1 OK
r-release-windows-ix86+x86_64 0.1 38.00 38.00 76.00 OK
r-oldrel-windows-ix86+x86_64 0.1 38.00 39.00 77.00 OK

Memtest notes: UBSAN valgrind

Check Details

Version: 0.1
Check: top-level files
Result: NOTE
    Non-standard file/directory found at top level:
     ‘Readme’
Flavors: r-devel-linux-x86_64-debian-clang, r-devel-linux-x86_64-debian-gcc, r-devel-linux-x86_64-fedora-clang, r-devel-linux-x86_64-fedora-gcc, r-patched-linux-x86_64, r-release-linux-x86_64

Version: 0.1
Check: compiled code
Result: NOTE
    File ‘/home/ripley/R/Lib32/itree/libs/itree.so’:
     Found ‘printf’, possibly from ‘printf’ (C)
     Objects: ‘xval.o’, ‘xval_penalty.o’
    
    Compiled code should not call entry points which might terminate R nor
    write to stdout/stderr instead of to the console.
    
    See ‘Writing portable packages’ in the ‘Writing R Extensions’ manual.
Flavor: r-patched-solaris-sparc

Version: 0.1
Check: compiled code
Result: NOTE
    File ‘itree/libs/itree.so’:
     Found ‘printf’, possibly from ‘printf’ (C)
     Objects: ‘xval.o’, ‘xval_penalty.o’
    
    Compiled code should not call entry points which might terminate R nor
    write to stdout/stderr instead of to the console, nor the C RNG.
    
    See ‘Writing portable packages’ in the ‘Writing R Extensions’ manual.
Flavor: r-patched-solaris-x86