CRAN Package Check Results for Package itree

Last updated on 2015-01-26 19:48:24.

Flavor Version Tinstall Tcheck Ttotal Status Flags
r-devel-linux-x86_64-debian-clang 0.1 4.13 20.01 24.14 NOTE
r-devel-linux-x86_64-debian-gcc 0.1 5.00 19.49 24.49 NOTE
r-devel-linux-x86_64-fedora-clang 0.1 48.83 NOTE
r-devel-linux-x86_64-fedora-gcc 0.1 45.32 NOTE
r-devel-osx-x86_64-clang 0.1 46.27 OK
r-devel-windows-ix86+x86_64 0.1 64.00 43.00 107.00 OK
r-patched-linux-x86_64 0.1 5.08 20.77 25.85 NOTE
r-patched-solaris-sparc 0.1 283.70 NOTE
r-patched-solaris-x86 0.1 63.60 NOTE
r-release-linux-ix86 0.1 6.57 26.61 33.18 OK
r-release-linux-x86_64 0.1 5.00 20.79 25.78 NOTE
r-release-osx-x86_64-mavericks 0.1 OK
r-release-windows-ix86+x86_64 0.1 45.00 40.00 85.00 OK
r-oldrel-windows-ix86+x86_64 0.1 62.00 40.00 102.00 OK

Memtest notes: UBSAN-clang-trunk UBSAN valgrind

Check Details

Version: 0.1
Check: top-level files
Result: NOTE
    Non-standard file/directory found at top level:
     ‘Readme’
Flavors: r-devel-linux-x86_64-debian-clang, r-devel-linux-x86_64-debian-gcc, r-devel-linux-x86_64-fedora-clang, r-devel-linux-x86_64-fedora-gcc, r-patched-linux-x86_64, r-release-linux-x86_64

Version: 0.1
Check: compiled code
Result: NOTE
    File ‘itree/libs/itree.so’:
     Found ‘printf’, possibly from ‘printf’ (C)
     Objects: ‘xval.o’, ‘xval_penalty.o’
    
    Compiled code should not call entry points which might terminate R nor
    write to stdout/stderr instead of to the console, nor the system RNG.
    
    See ‘Writing portable packages’ in the ‘Writing R Extensions’ manual.
Flavors: r-patched-solaris-sparc, r-patched-solaris-x86