CRAN Package Check Results for Package itree

Last updated on 2014-08-27 18:48:23.

Flavor Version Tinstall Tcheck Ttotal Status Flags
r-devel-linux-x86_64-debian-clang 0.1 3.81 19.79 23.60 OK
r-devel-linux-x86_64-debian-gcc 0.1 4.92 21.17 26.09 OK
r-devel-linux-x86_64-fedora-clang 0.1 45.26 NOTE
r-devel-linux-x86_64-fedora-gcc 0.1 44.61 NOTE
r-devel-osx-x86_64-clang 0.1 42.69 OK
r-devel-windows-ix86+x86_64 0.1 42.00 34.00 76.00 OK
r-patched-linux-x86_64 0.1 5.03 19.94 24.97 OK
r-patched-solaris-sparc 0.1 285.30 NOTE
r-patched-solaris-x86 0.1 62.60 NOTE
r-release-linux-ix86 0.1 7.92 30.53 38.45 OK
r-release-linux-x86_64 0.1 5.16 19.90 25.06 OK
r-release-osx-x86_64-mavericks 0.1 OK
r-release-windows-ix86+x86_64 0.1 38.00 38.00 76.00 OK
r-oldrel-windows-ix86+x86_64 0.1 39.00 36.00 75.00 OK

Memtest notes: UBSAN valgrind

Check Details

Version: 0.1
Check: top-level files
Result: NOTE
    Non-standard file/directory found at top level:
     ‘Readme’
Flavors: r-devel-linux-x86_64-fedora-clang, r-devel-linux-x86_64-fedora-gcc

Version: 0.1
Check: compiled code
Result: NOTE
    File ‘/home/ripley/R/Lib32/itree/libs/itree.so’:
     Found ‘printf’, possibly from ‘printf’ (C)
     Objects: ‘xval.o’, ‘xval_penalty.o’
    
    Compiled code should not call entry points which might terminate R nor
    write to stdout/stderr instead of to the console.
    
    See ‘Writing portable packages’ in the ‘Writing R Extensions’ manual.
Flavors: r-patched-solaris-sparc, r-patched-solaris-x86