CRAN Package Check Results for Package itree

Last updated on 2014-04-23 20:47:14.

Flavor Version Tinstall Tcheck Ttotal Status Flags
r-devel-linux-x86_64-debian-clang 0.1 3.91 20.86 24.77 OK
r-devel-linux-x86_64-debian-gcc 0.1 4.74 20.73 25.47 OK
r-devel-linux-x86_64-fedora-clang 0.1 45.80 NOTE
r-devel-linux-x86_64-fedora-gcc 0.1 46.20 NOTE
r-devel-osx-x86_64-clang 0.1 39.75 OK
r-devel-osx-x86_64-gcc 0.1 OK
r-devel-windows-ix86+x86_64 0.1 38.00 34.00 72.00 OK
r-patched-linux-x86_64 0.1 4.67 20.81 25.48 OK
r-patched-solaris-sparc 0.1 273.40 NOTE
r-patched-solaris-x86 0.1 62.00 NOTE
r-release-linux-ix86 0.1 9.00 37.00 46.00 OK
r-release-linux-x86_64 0.1 4.77 20.75 25.52 OK
r-release-osx-x86_64-mavericks 0.1 WARN
r-release-windows-ix86+x86_64 0.1 39.00 37.00 76.00 OK
r-oldrel-windows-ix86+x86_64 0.1 40.00 36.00 76.00 OK

Memtest notes: UBSAN valgrind

Check Details

Version: 0.1
Check: top-level files
Result: NOTE
    Non-standard file/directory found at top level:
     ‘Readme’
Flavors: r-devel-linux-x86_64-fedora-clang, r-devel-linux-x86_64-fedora-gcc

Version: 0.1
Check: compiled code
Result: NOTE
    File ‘/home/ripley/R/Lib32/itree/libs/itree.so’:
     Found ‘printf’, possibly from ‘printf’ (C)
     Objects: ‘xval.o’, ‘xval_penalty.o’
    
    Compiled code should not call entry points which might terminate R nor
    write to stdout/stderr instead of to the console.
    
    See ‘Writing portable packages’ in the ‘Writing R Extensions’ manual.
Flavors: r-patched-solaris-sparc, r-patched-solaris-x86

Version: 0.1
Check: PDF version of manual
Result: WARNING
    LaTeX errors when creating PDF version.
    This typically indicates Rd problems.
    LaTeX errors found:
    ! LaTeX Error: File `upquote.sty' not found.
    
    Type X to quit or <RETURN> to proceed,
    or enter new name. (Default extension: sty)
    
    81541fa/Rd2.tex:8: ==> Fatal error occurred, no output PDF file produced!
Flavor: r-release-osx-x86_64-mavericks