CRAN Package Check Results for Package itree

Last updated on 2015-04-19 05:49:50.

Flavor Version Tinstall Tcheck Ttotal Status Flags
r-devel-linux-x86_64-debian-clang 0.1 4.22 19.35 23.58 NOTE
r-devel-linux-x86_64-debian-gcc 0.1 4.87 19.31 24.18 NOTE
r-devel-linux-x86_64-fedora-clang 0.1 44.41 NOTE
r-devel-linux-x86_64-fedora-gcc 0.1 42.11 NOTE
r-devel-osx-x86_64-clang 0.1 43.00 NOTE
r-patched-linux-x86_64 0.1 4.90 19.47 24.38 NOTE
r-patched-solaris-sparc 0.1 275.70 NOTE
r-patched-solaris-x86 0.1 58.50 NOTE
r-release-linux-x86_64 0.1 4.88 19.64 24.52 NOTE
r-release-osx-x86_64-mavericks 0.1 NOTE
r-release-osx-x86_64-snowleopard 0.1 NOTE
r-release-windows-ix86+x86_64 0.1 35.00 42.00 77.00 NOTE
r-oldrel-windows-ix86+x86_64 0.1 34.00 44.00 78.00 OK

Memtest notes: UBSAN valgrind

Check Details

Version: 0.1
Check: DESCRIPTION meta-information
Result: NOTE
    Malformed Title field: should not end in a period.
Flavors: r-devel-linux-x86_64-debian-clang, r-devel-linux-x86_64-debian-gcc, r-devel-linux-x86_64-fedora-clang, r-devel-linux-x86_64-fedora-gcc, r-devel-osx-x86_64-clang, r-patched-linux-x86_64, r-patched-solaris-sparc, r-patched-solaris-x86, r-release-linux-x86_64, r-release-osx-x86_64-mavericks, r-release-osx-x86_64-snowleopard, r-release-windows-ix86+x86_64

Version: 0.1
Check: top-level files
Result: NOTE
    Non-standard file/directory found at top level:
     ‘Readme’
Flavors: r-devel-linux-x86_64-debian-clang, r-devel-linux-x86_64-debian-gcc, r-devel-linux-x86_64-fedora-clang, r-devel-linux-x86_64-fedora-gcc, r-patched-linux-x86_64, r-release-linux-x86_64

Version: 0.1
Check: compiled code
Result: NOTE
    File ‘itree/libs/itree.so’:
     Found ‘printf’, possibly from ‘printf’ (C)
     Objects: ‘xval.o’, ‘xval_penalty.o’
    
    Compiled code should not call entry points which might terminate R nor
    write to stdout/stderr instead of to the console, nor the system RNG.
    
    See ‘Writing portable packages’ in the ‘Writing R Extensions’ manual.
Flavors: r-patched-solaris-sparc, r-patched-solaris-x86