CRAN Package Check Results for Package itree

Last updated on 2014-09-23 07:50:09.

Flavor Version Tinstall Tcheck Ttotal Status Flags
r-devel-linux-x86_64-debian-clang 0.1 4.28 19.73 24.02 NOTE
r-devel-linux-x86_64-debian-gcc 0.1 4.98 19.43 24.40 NOTE
r-devel-linux-x86_64-fedora-clang 0.1 44.14 NOTE
r-devel-linux-x86_64-fedora-gcc 0.1 42.26 NOTE
r-devel-osx-x86_64-clang 0.1 44.91 OK
r-devel-windows-ix86+x86_64 0.1 42.00 34.00 76.00 OK
r-patched-linux-x86_64 0.1 5.22 20.18 25.40 NOTE
r-patched-solaris-sparc 0.1 285.30 NOTE
r-patched-solaris-x86 0.1 62.50 NOTE
r-release-linux-ix86 0.1 7.30 27.36 34.66 OK
r-release-linux-x86_64 0.1 5.22 20.54 25.77 NOTE
r-release-osx-x86_64-mavericks 0.1 OK
r-release-windows-ix86+x86_64 0.1 38.00 38.00 76.00 OK
r-oldrel-windows-ix86+x86_64 0.1 40.00 37.00 77.00 OK

Memtest notes: UBSAN valgrind

Check Details

Version: 0.1
Check: top-level files
Result: NOTE
    Non-standard file/directory found at top level:
     ‘Readme’
Flavors: r-devel-linux-x86_64-debian-clang, r-devel-linux-x86_64-debian-gcc, r-devel-linux-x86_64-fedora-clang, r-devel-linux-x86_64-fedora-gcc, r-patched-linux-x86_64, r-release-linux-x86_64

Version: 0.1
Check: compiled code
Result: NOTE
    File ‘/home/ripley/R/Lib32/itree/libs/itree.so’:
     Found ‘printf’, possibly from ‘printf’ (C)
     Objects: ‘xval.o’, ‘xval_penalty.o’
    
    Compiled code should not call entry points which might terminate R nor
    write to stdout/stderr instead of to the console.
    
    See ‘Writing portable packages’ in the ‘Writing R Extensions’ manual.
Flavors: r-patched-solaris-sparc, r-patched-solaris-x86