CRAN Package Check Results for Package itree

Last updated on 2015-03-03 03:48:56.

Flavor Version Tinstall Tcheck Ttotal Status Flags
r-devel-linux-x86_64-debian-clang 0.1 4.11 19.71 23.82 NOTE
r-devel-linux-x86_64-debian-gcc 0.1 5.10 19.55 24.65 NOTE
r-devel-linux-x86_64-fedora-clang 0.1 45.11 NOTE
r-devel-linux-x86_64-fedora-gcc 0.1 42.85 NOTE
r-devel-osx-x86_64-clang 0.1 44.11 NOTE
r-devel-windows-ix86+x86_64 0.1 67.00 45.00 112.00 NOTE
r-patched-linux-x86_64 0.1 4.96 21.58 26.54 NOTE
r-patched-solaris-sparc 0.1 283.70 NOTE
r-patched-solaris-x86 0.1 64.80 NOTE
r-release-linux-ix86 0.1 7.18 29.21 36.39 NOTE
r-release-linux-x86_64 0.1 4.90 20.56 25.45 NOTE
r-release-osx-x86_64-mavericks 0.1 OK
r-release-windows-ix86+x86_64 0.1 81.00 38.00 119.00 OK
r-oldrel-windows-ix86+x86_64 0.1 38.00 38.00 76.00 OK

Memtest notes: UBSAN-clang-trunk UBSAN valgrind

Check Details

Version: 0.1
Check: DESCRIPTION meta-information
Result: NOTE
    Malformed Title field: should not end in a period.
Flavors: r-devel-linux-x86_64-debian-clang, r-devel-linux-x86_64-debian-gcc, r-devel-linux-x86_64-fedora-clang, r-devel-linux-x86_64-fedora-gcc, r-devel-osx-x86_64-clang, r-devel-windows-ix86+x86_64

Version: 0.1
Check: top-level files
Result: NOTE
    Non-standard file/directory found at top level:
     ‘Readme’
Flavors: r-devel-linux-x86_64-debian-clang, r-devel-linux-x86_64-debian-gcc, r-devel-linux-x86_64-fedora-clang, r-devel-linux-x86_64-fedora-gcc, r-patched-linux-x86_64, r-release-linux-ix86, r-release-linux-x86_64

Version: 0.1
Check: compiled code
Result: NOTE
    File ‘itree/libs/itree.so’:
     Found ‘printf’, possibly from ‘printf’ (C)
     Objects: ‘xval.o’, ‘xval_penalty.o’
    
    Compiled code should not call entry points which might terminate R nor
    write to stdout/stderr instead of to the console, nor the system RNG.
    
    See ‘Writing portable packages’ in the ‘Writing R Extensions’ manual.
Flavors: r-patched-solaris-sparc, r-patched-solaris-x86