CRAN Package Check Results for Package itree

Last updated on 2014-10-31 11:47:24.

Flavor Version Tinstall Tcheck Ttotal Status Flags
r-devel-linux-x86_64-debian-clang 0.1 4.16 20.16 24.32 NOTE
r-devel-linux-x86_64-debian-gcc 0.1 4.92 19.92 24.84 NOTE
r-devel-linux-x86_64-fedora-clang 0.1 46.80 NOTE
r-devel-linux-x86_64-fedora-gcc 0.1 43.30 NOTE
r-devel-osx-x86_64-clang 0.1 45.50 OK
r-devel-windows-ix86+x86_64 0.1 39.00 33.00 72.00 OK
r-patched-linux-x86_64 0.1 4.99 20.48 25.47 NOTE
r-patched-solaris-sparc 0.1 285.30 NOTE
r-patched-solaris-x86 0.1 63.70 NOTE
r-release-linux-ix86 0.1 7.34 27.54 34.88 OK
r-release-linux-x86_64 0.1 5.04 20.48 25.52 NOTE
r-release-osx-x86_64-mavericks 0.1 OK
r-release-windows-ix86+x86_64 0.1 42.00 39.00 81.00 OK
r-oldrel-windows-ix86+x86_64 0.1 36.00 37.00 73.00 OK

Memtest notes: UBSAN valgrind

Check Details

Version: 0.1
Check: top-level files
Result: NOTE
    Non-standard file/directory found at top level:
     ‘Readme’
Flavors: r-devel-linux-x86_64-debian-clang, r-devel-linux-x86_64-debian-gcc, r-devel-linux-x86_64-fedora-clang, r-devel-linux-x86_64-fedora-gcc, r-patched-linux-x86_64, r-release-linux-x86_64

Version: 0.1
Check: compiled code
Result: NOTE
    File ‘/home/ripley/R/Lib32/itree/libs/itree.so’:
     Found ‘printf’, possibly from ‘printf’ (C)
     Objects: ‘xval.o’, ‘xval_penalty.o’
    
    Compiled code should not call entry points which might terminate R nor
    write to stdout/stderr instead of to the console.
    
    See ‘Writing portable packages’ in the ‘Writing R Extensions’ manual.
Flavor: r-patched-solaris-sparc

Version: 0.1
Check: compiled code
Result: NOTE
    File ‘itree/libs/itree.so’:
     Found ‘printf’, possibly from ‘printf’ (C)
     Objects: ‘xval.o’, ‘xval_penalty.o’
    
    Compiled code should not call entry points which might terminate R nor
    write to stdout/stderr instead of to the console, nor the C RNG.
    
    See ‘Writing portable packages’ in the ‘Writing R Extensions’ manual.
Flavor: r-patched-solaris-x86