CRAN Package Check Results for Package itree

Last updated on 2014-07-24 16:48:00.

Flavor Version Tinstall Tcheck Ttotal Status Flags
r-devel-linux-x86_64-debian-clang 0.1 3.86 20.27 24.13 OK
r-devel-linux-x86_64-debian-gcc 0.1 4.95 19.58 24.53 OK
r-devel-linux-x86_64-fedora-clang 0.1 46.08 NOTE
r-devel-linux-x86_64-fedora-gcc 0.1 45.37 NOTE
r-devel-osx-x86_64-clang 0.1 44.57 OK
r-devel-windows-ix86+x86_64 0.1 39.00 35.00 74.00 OK
r-patched-linux-x86_64 0.1 5.08 19.76 24.84 OK
r-patched-solaris-sparc 0.1 273.40 NOTE
r-patched-solaris-x86 0.1 61.60 NOTE
r-release-linux-ix86 0.1 6.93 30.39 37.32 OK
r-release-linux-x86_64 0.1 5.08 19.67 24.76 OK
r-release-osx-x86_64-mavericks 0.1 OK
r-release-windows-ix86+x86_64 0.1 41.00 36.00 77.00 OK
r-oldrel-windows-ix86+x86_64 0.1 41.00 39.00 80.00 OK

Memtest notes: UBSAN valgrind

Check Details

Version: 0.1
Check: top-level files
Result: NOTE
    Non-standard file/directory found at top level:
     ‘Readme’
Flavors: r-devel-linux-x86_64-fedora-clang, r-devel-linux-x86_64-fedora-gcc

Version: 0.1
Check: compiled code
Result: NOTE
    File ‘/home/ripley/R/Lib32/itree/libs/itree.so’:
     Found ‘printf’, possibly from ‘printf’ (C)
     Objects: ‘xval.o’, ‘xval_penalty.o’
    
    Compiled code should not call entry points which might terminate R nor
    write to stdout/stderr instead of to the console.
    
    See ‘Writing portable packages’ in the ‘Writing R Extensions’ manual.
Flavors: r-patched-solaris-sparc, r-patched-solaris-x86