CRAN Package Check Results for Package itree

Last updated on 2017-09-21 17:48:09.

Flavor Version Tinstall Tcheck Ttotal Status Flags
r-devel-linux-x86_64-debian-clang 0.1 5.91 23.16 29.07 NOTE
r-devel-linux-x86_64-debian-gcc 0.1 5.86 23.21 29.07 NOTE
r-devel-linux-x86_64-fedora-clang 0.1 49.17 NOTE
r-devel-linux-x86_64-fedora-gcc 0.1 48.79 NOTE
r-devel-windows-ix86+x86_64 0.1 37.00 51.00 88.00 NOTE
r-patched-linux-x86_64 0.1 5.71 23.27 28.98 NOTE
r-patched-solaris-x86 0.1 65.40 NOTE
r-release-linux-x86_64 0.1 6.08 22.91 28.99 NOTE
r-release-windows-ix86+x86_64 0.1 41.00 52.00 93.00 NOTE
r-release-osx-x86_64 0.1 NOTE
r-oldrel-windows-ix86+x86_64 0.1 38.00 45.00 83.00 NOTE
r-oldrel-osx-x86_64 0.1 NOTE

Additional issues

clang-UBSAN valgrind

Check Details

Version: 0.1
Check: DESCRIPTION meta-information
Result: NOTE
    Malformed Title field: should not end in a period.
Flavors: r-devel-linux-x86_64-debian-clang, r-devel-linux-x86_64-debian-gcc, r-devel-linux-x86_64-fedora-clang, r-devel-linux-x86_64-fedora-gcc, r-devel-windows-ix86+x86_64, r-patched-linux-x86_64, r-patched-solaris-x86, r-release-linux-x86_64, r-release-windows-ix86+x86_64, r-release-osx-x86_64, r-oldrel-windows-ix86+x86_64, r-oldrel-osx-x86_64

Version: 0.1
Check: top-level files
Result: NOTE
    Non-standard file/directory found at top level:
     ‘Readme’
Flavors: r-devel-linux-x86_64-debian-clang, r-devel-linux-x86_64-debian-gcc, r-devel-linux-x86_64-fedora-clang, r-devel-linux-x86_64-fedora-gcc, r-patched-linux-x86_64, r-release-linux-x86_64

Version: 0.1
Check: R code for possible problems
Result: NOTE
    estNodeRisk : node.sd.loss: no visible global function definition for
     ‘sd’
    itree: no visible global function definition for ‘model.extract’
    itree.branch: no visible global function definition for ‘dev.cur’
    itree.exp: no visible global function definition for ‘quantile’
    itree.exp: no visible global function definition for ‘approx’
    path.itree: no visible global function definition for ‘identify’
    plot.itree: no visible global function definition for ‘colors’
    plot.itree: no visible global function definition for ‘dev.cur’
    plot.itree: no visible global function definition for ‘lines’
    plotcp: no visible global function definition for ‘box’
    plotcp: no visible global function definition for ‘axis’
    plotcp: no visible global function definition for ‘segments’
    plotcp: no visible global function definition for ‘mtext’
    plotcp: no visible global function definition for ‘abline’
    plotxvals: no visible global function definition for ‘sd’
    plotxvals: no visible binding for global variable ‘sd’
    plotxvals: no visible global function definition for ‘par’
    plotxvals: no visible global function definition for ‘abline’
    post.itree: no visible global function definition for ‘postscript’
    post.itree: no visible global function definition for ‘par’
    post.itree: no visible global function definition for ‘dev.off’
    post.itree: no visible global function definition for ‘title’
    predict.itree: no visible binding for global variable ‘na.pass’
    predict.itree: no visible global function definition for
     ‘delete.response’
    predict.itree: no visible global function definition for
     ‘.checkMFClasses’
    predict.itree: no visible global function definition for ‘naresid’
    print.itree: no visible global function definition for ‘naprint’
    printcp: no visible global function definition for ‘naprint’
    residuals.itree: no visible global function definition for
     ‘model.extract’
    residuals.itree: no visible global function definition for ‘naresid’
    rpartco: no visible global function definition for ‘dev.cur’
    rsq.itree: no visible global function definition for ‘par’
    rsq.itree: no visible global function definition for ‘legend’
    rsq.itree: no visible global function definition for ‘segments’
    snip.itree.mouse: no visible global function definition for ‘dev.cur’
    snip.itree.mouse: no visible global function definition for ‘identify’
    snip.itree.mouse: no visible global function definition for ‘lines’
    summary.itree: no visible global function definition for ‘naprint’
    text.itree: no visible global function definition for ‘par’
    text.itree : oval: no visible global function definition for ‘polygon’
    text.itree : rectangle: no visible global function definition for
     ‘polygon’
    xpred.itree: no visible global function definition for ‘model.extract’
    Undefined global functions or variables:
     .checkMFClasses abline approx axis box colors delete.response dev.cur
     dev.off identify legend lines model.extract mtext na.pass naprint
     naresid par polygon postscript quantile sd segments title
    Consider adding
     importFrom("grDevices", "colors", "dev.cur", "dev.off", "postscript")
     importFrom("graphics", "abline", "axis", "box", "identify", "legend",
     "lines", "mtext", "par", "polygon", "segments", "title")
     importFrom("stats", ".checkMFClasses", "approx", "delete.response",
     "model.extract", "na.pass", "naprint", "naresid",
     "quantile", "sd")
    to your NAMESPACE file.
Flavors: r-devel-linux-x86_64-debian-clang, r-devel-linux-x86_64-debian-gcc, r-devel-linux-x86_64-fedora-clang, r-devel-linux-x86_64-fedora-gcc, r-devel-windows-ix86+x86_64, r-patched-linux-x86_64, r-patched-solaris-x86, r-release-linux-x86_64, r-release-windows-ix86+x86_64, r-release-osx-x86_64, r-oldrel-windows-ix86+x86_64, r-oldrel-osx-x86_64