Last updated on 2022-08-18 23:00:51 CEST.
Flavor | Version | Tinstall | Tcheck | Ttotal | Status | Flags |
---|---|---|---|---|---|---|
r-devel-linux-x86_64-debian-clang | 1.6.0 | 9.42 | 82.11 | 91.53 | NOTE | |
r-devel-linux-x86_64-debian-gcc | 1.6.0 | 7.14 | 62.44 | 69.58 | NOTE | |
r-devel-linux-x86_64-fedora-clang | 1.6.0 | 119.24 | NOTE | |||
r-devel-linux-x86_64-fedora-gcc | 1.6.0 | 113.62 | NOTE | |||
r-devel-windows-x86_64 | 1.6.0 | 13.00 | 108.00 | 121.00 | NOTE | |
r-patched-linux-x86_64 | 1.6.0 | 7.09 | 74.64 | 81.73 | NOTE | |
r-release-linux-x86_64 | 1.6.0 | NOTE | ||||
r-release-macos-arm64 | 1.6.0 | 32.00 | NOTE | |||
r-release-macos-x86_64 | 1.6.0 | 55.00 | NOTE | |||
r-release-windows-x86_64 | 1.6.0 | 14.00 | 108.00 | 122.00 | NOTE | |
r-oldrel-macos-arm64 | 1.6.0 | 39.00 | NOTE | |||
r-oldrel-macos-x86_64 | 1.6.0 | 63.00 | NOTE | |||
r-oldrel-windows-ix86+x86_64 | 1.6.0 | 19.00 | 117.00 | 136.00 | NOTE |
Version: 1.6.0
Check: LazyData
Result: NOTE
'LazyData' is specified without a 'data' directory
Flavors: r-devel-linux-x86_64-debian-clang, r-devel-linux-x86_64-debian-gcc, r-devel-linux-x86_64-fedora-clang, r-devel-linux-x86_64-fedora-gcc, r-devel-windows-x86_64, r-patched-linux-x86_64, r-release-linux-x86_64, r-release-macos-arm64, r-release-macos-x86_64, r-release-windows-x86_64, r-oldrel-macos-arm64, r-oldrel-macos-x86_64, r-oldrel-windows-ix86+x86_64