CRAN Package Check Results for Package its

Last updated on 2015-03-30 10:54:24.

Flavor Version Tinstall Tcheck Ttotal Status Flags
r-devel-linux-x86_64-debian-clang 1.1.8 1.93 25.69 27.62 NOTE
r-devel-linux-x86_64-debian-gcc 1.1.8 1.93 24.57 26.50 NOTE
r-devel-linux-x86_64-fedora-clang 1.1.8 55.89 NOTE
r-devel-linux-x86_64-fedora-gcc 1.1.8 54.95 NOTE
r-devel-osx-x86_64-clang 1.1.8 56.36 NOTE
r-prerel-windows-ix86+x86_64 1.1.8 7.00 43.00 50.00 NOTE
r-prerel-linux-x86_64 1.1.8 1.81 24.90 26.71 NOTE
r-prerel-solaris-sparc 1.1.8 360.20 NOTE
r-prerel-solaris-x86 1.1.8 70.80 NOTE
r-release-linux-x86_64 1.1.8 3.82 39.25 43.07 NOTE
r-release-osx-x86_64-mavericks 1.1.8 NOTE
r-release-osx-x86_64-snowleopard 1.1.8 NOTE
r-release-windows-ix86+x86_64 1.1.8 13.00 67.00 80.00 NOTE
r-oldrel-windows-ix86+x86_64 1.1.8 14.00 74.00 88.00 NOTE

Check Details

Version: 1.1.8
Check: DESCRIPTION meta-information
Result: NOTE
    Malformed Description field: should contain one or more complete sentences.
Flavors: r-devel-linux-x86_64-debian-clang, r-devel-linux-x86_64-debian-gcc, r-devel-linux-x86_64-fedora-clang, r-devel-linux-x86_64-fedora-gcc, r-devel-osx-x86_64-clang, r-prerel-windows-ix86+x86_64, r-prerel-linux-x86_64, r-prerel-solaris-sparc, r-prerel-solaris-x86

Version: 1.1.8
Check: dependencies in R code
Result: NOTE
    Package in Depends field not imported from: ‘Hmisc’
     These packages need to be imported from (in the NAMESPACE file)
     for when this namespace is loaded but not attached.
Flavors: r-devel-linux-x86_64-debian-clang, r-devel-linux-x86_64-debian-gcc, r-devel-linux-x86_64-fedora-clang, r-devel-linux-x86_64-fedora-gcc, r-devel-osx-x86_64-clang, r-prerel-windows-ix86+x86_64, r-prerel-linux-x86_64, r-prerel-solaris-sparc, r-prerel-solaris-x86, r-release-linux-x86_64, r-release-windows-ix86+x86_64

Version: 1.1.8
Check: S3 generic/method consistency
Result: NOTE
    Found the following apparent S3 methods exported but not registered:
     as.data.frame.its as.its.default as.its.zoo as.list.its
    See section ‘Registering S3 methods’ in the ‘Writing R Extensions’
    manual.
Flavors: r-devel-linux-x86_64-debian-clang, r-devel-linux-x86_64-debian-gcc, r-devel-linux-x86_64-fedora-clang, r-devel-linux-x86_64-fedora-gcc, r-devel-osx-x86_64-clang, r-prerel-linux-x86_64

Version: 1.1.8
Check: R code for possible problems
Result: NOTE
    its.format: warning in get(x = ".itsformat", env = itsState, inherits =
     FALSE): partial argument match of ‘env’ to ‘envir’
    its.format: warning in assign(x = ".itsformat", value = formatDefault,
     env = itsState, inherits = FALSE): partial argument match of ‘env’ to
     ‘envir’
    plotIts: no visible global function definition for ‘labcurve’
Flavors: r-devel-linux-x86_64-debian-clang, r-devel-linux-x86_64-debian-gcc, r-devel-linux-x86_64-fedora-clang, r-devel-linux-x86_64-fedora-gcc, r-devel-osx-x86_64-clang, r-prerel-windows-ix86+x86_64, r-prerel-linux-x86_64, r-prerel-solaris-sparc, r-prerel-solaris-x86, r-release-linux-x86_64, r-release-osx-x86_64-mavericks, r-release-windows-ix86+x86_64

Version: 1.1.8
Check: Rd line widths
Result: NOTE
    Rd file 'itsDef.rd':
     \examples lines wider than 100 characters:
     newIts(start="2003-09-30",end="2005-05-05",format="%Y-%m-%d",period="month",find="last",extract=TRUE,weekday=TRUE)
    
    Rd file 'itsFile.rd':
     \usage lines wider than 90 characters:
     readcsvIts(filename,informat=its.format(),outformat=its.format(),tz="",usetz = FALSE,header=TRUE,...)
    
    Rd file 'itsSubset.rd':
     \usage lines wider than 90 characters:
     extractIts(x,weekday=FALSE,find=c("all","last","first"),period=c("week","month","year"),partials=TRUE,firstlast = FALSE,select)
    
    These lines will be truncated in the PDF manual.
Flavors: r-devel-linux-x86_64-debian-clang, r-devel-linux-x86_64-debian-gcc, r-devel-linux-x86_64-fedora-clang, r-devel-linux-x86_64-fedora-gcc, r-prerel-linux-x86_64, r-release-linux-x86_64

Version: 1.1.8
Check: Rd \usage sections
Result: NOTE
    S3 methods shown with full name in documentation object 'itsConvert':
     ‘as.list.its’ ‘as.data.frame.its’
    
    The \usage entries for S3 methods should use the \method markup and not
    their full name.
    See chapter ‘Writing R documentation files’ in the ‘Writing R
    Extensions’ manual.
Flavors: r-devel-linux-x86_64-debian-clang, r-devel-linux-x86_64-debian-gcc, r-devel-linux-x86_64-fedora-clang, r-devel-linux-x86_64-fedora-gcc, r-devel-osx-x86_64-clang, r-prerel-windows-ix86+x86_64, r-prerel-linux-x86_64, r-prerel-solaris-sparc, r-prerel-solaris-x86, r-release-linux-x86_64, r-release-windows-ix86+x86_64

Version: 1.1.8
Check: dependencies in R code
Result: NOTE
    Package in Depends field not imported from: ‘Hmisc’
     These packages need to be imported from (in the NAMESPACE file)
     for when this namespace is loaded but not attached.
    See the information on DESCRIPTION files in the chapter ‘Creating R
    packages’ of the ‘Writing R Extensions’ manual.
Flavors: r-release-osx-x86_64-mavericks, r-oldrel-windows-ix86+x86_64

Version: 1.1.8
Check: Rd \usage sections
Result: NOTE
    S3 methods shown with full name in documentation object 'itsConvert':
     ‘as.list.its’ ‘as.data.frame.its’
    
    The \usage entries for S3 methods should use the \method markup and not
    their full name.
    See the chapter ‘Writing R documentation files’ in the ‘Writing R
    Extensions’ manual.
Flavors: r-release-osx-x86_64-mavericks, r-release-osx-x86_64-snowleopard, r-oldrel-windows-ix86+x86_64

Version: 1.1.8
Check: dependencies in R code
Result: NOTE
    Package in Depends field not imported from: 'Hmisc'
     These packages need to be imported from for the case when
     this namespace is loaded but not attached.
    See the information on DESCRIPTION files in the chapter 'Creating R
    packages' of the 'Writing R Extensions' manual.
Flavor: r-release-osx-x86_64-snowleopard

Version: 1.1.8
Check: R code for possible problems
Result: NOTE
    its.format: warning in get(x = ".itsformat", env = itsState, inherits =
     FALSE): partial argument match of 'env' to 'envir'
    its.format: warning in assign(x = ".itsformat", value = formatDefault,
     env = itsState, inherits = FALSE): partial argument match of 'env' to
     'envir'
    plotIts: warning in labcurve(curves = gencurves(x), labels =
     dimnames(x)[[2]], col = colveclong, cex = 0.8): partial argument
     match of 'col' to 'col.'
    plotIts: warning in labcurve(curves = gencurves(x), labels =
     dimnames(x)[[2]], col = colveclong, lty = ltypveclong[i], lwd =
     lwdveclong[i], keys = rep(" ", ncol(x)), cex = 0.8): partial argument
     match of 'col' to 'col.'
Flavors: r-release-osx-x86_64-snowleopard, r-oldrel-windows-ix86+x86_64