CRAN Package Check Results for Package its

Last updated on 2015-04-25 17:46:51.

Flavor Version Tinstall Tcheck Ttotal Status Flags
r-devel-linux-x86_64-debian-clang 1.1.8 1.89 24.90 26.78 NOTE
r-devel-linux-x86_64-debian-gcc 1.1.8 2.37 25.27 27.64 NOTE
r-devel-linux-x86_64-fedora-clang 1.1.8 55.25 NOTE
r-devel-linux-x86_64-fedora-gcc 1.1.8 51.20 NOTE
r-devel-osx-x86_64-clang 1.1.8 50.92 NOTE
r-devel-windows-ix86+x86_64 1.1.8 7.00 43.00 50.00 NOTE
r-patched-linux-x86_64 1.1.8 2.39 24.62 27.01 NOTE
r-patched-solaris-sparc 1.1.8 360.20 NOTE
r-patched-solaris-x86 1.1.8 69.80 NOTE
r-release-linux-x86_64 1.1.8 1.83 25.07 26.90 NOTE
r-release-osx-x86_64-mavericks 1.1.8 NOTE
r-release-osx-x86_64-snowleopard 1.1.8 ERROR
r-release-windows-ix86+x86_64 1.1.8 7.00 43.00 50.00 NOTE
r-oldrel-windows-ix86+x86_64 1.1.8 11.00 65.00 76.00 NOTE

Check Details

Version: 1.1.8
Check: DESCRIPTION meta-information
Result: NOTE
    Malformed Description field: should contain one or more complete sentences.
Flavors: r-devel-windows-ix86+x86_64, r-release-windows-ix86+x86_64

Version: 1.1.8
Check: dependencies in R code
Result: NOTE
    Package in Depends field not imported from: 'Hmisc'
     These packages need to be imported from (in the NAMESPACE file)
     for when this namespace is loaded but not attached.
Flavors: r-devel-windows-ix86+x86_64, r-release-windows-ix86+x86_64, r-oldrel-windows-ix86+x86_64

Version: 1.1.8
Check: R code for possible problems
Result: NOTE
    its.format: warning in get(x = ".itsformat", env = itsState, inherits =
     FALSE): partial argument match of 'env' to 'envir'
    its.format: warning in assign(x = ".itsformat", value = formatDefault,
     env = itsState, inherits = FALSE): partial argument match of 'env' to
     'envir'
    plotIts: no visible global function definition for 'labcurve'
Flavors: r-devel-windows-ix86+x86_64, r-release-windows-ix86+x86_64, r-oldrel-windows-ix86+x86_64

Version: 1.1.8
Check: Rd \usage sections
Result: NOTE
    S3 methods shown with full name in documentation object 'itsConvert':
     'as.list.its' 'as.data.frame.its'
    
    The \usage entries for S3 methods should use the \method markup and not
    their full name.
    See chapter 'Writing R documentation files' in the 'Writing R
    Extensions' manual.
Flavors: r-devel-windows-ix86+x86_64, r-release-windows-ix86+x86_64, r-oldrel-windows-ix86+x86_64