CRAN Package Check Results for Package its

Last updated on 2014-04-21 12:31:33.

Flavor Version Tinstall Tcheck Ttotal Status Flags
r-devel-linux-x86_64-debian-clang 1.1.8 2.05 29.39 31.44 NOTE
r-devel-linux-x86_64-debian-gcc 1.1.8 2.00 29.50 31.50 NOTE
r-devel-linux-x86_64-fedora-clang 1.1.8 64.27 NOTE
r-devel-linux-x86_64-fedora-gcc 1.1.8 61.17 NOTE
r-devel-osx-x86_64-clang 1.1.8 53.10 NOTE
r-devel-osx-x86_64-gcc 1.1.8 ERROR
r-devel-windows-ix86+x86_64 1.1.8 7.00 44.00 51.00 NOTE
r-patched-linux-x86_64 1.1.8 2.00 29.47 31.47 NOTE
r-patched-solaris-sparc 1.1.8 356.80 NOTE
r-patched-solaris-x86 1.1.8 79.70 NOTE
r-release-linux-x86_64 1.1.8 1.98 29.85 31.83 NOTE
r-release-osx-x86_64-mavericks 1.1.8 NOTE
r-release-osx-x86_64-snowleopard 1.1.8 NOTE
r-release-windows-ix86+x86_64 1.1.8 10.00 44.00 54.00 NOTE
r-oldrel-windows-ix86+x86_64 1.1.8 7.00 43.00 50.00 NOTE

Check Details

Version: 1.1.8
Check: dependencies in R code
Result: NOTE
    Package in Depends field not imported from: ‘Hmisc’
     These packages need to be imported from (in the NAMESPACE file)
     for when this namespace is loaded but not attached.
    See the information on DESCRIPTION files in the chapter ‘Creating R
    packages’ of the ‘Writing R Extensions’ manual.
Flavors: r-devel-linux-x86_64-debian-clang, r-devel-linux-x86_64-debian-gcc, r-devel-linux-x86_64-fedora-clang, r-devel-linux-x86_64-fedora-gcc, r-devel-osx-x86_64-clang, r-devel-windows-ix86+x86_64, r-patched-linux-x86_64, r-patched-solaris-sparc, r-patched-solaris-x86, r-release-linux-x86_64, r-release-osx-x86_64-mavericks, r-release-windows-ix86+x86_64, r-oldrel-windows-ix86+x86_64

Version: 1.1.8
Check: R code for possible problems
Result: NOTE
    its.format: warning in get(x = ".itsformat", env = itsState, inherits =
     FALSE): partial argument match of 'env' to 'envir'
    its.format: warning in assign(x = ".itsformat", value = formatDefault,
     env = itsState, inherits = FALSE): partial argument match of 'env' to
     'envir'
    plotIts: warning in labcurve(curves = gencurves(x), labels =
     dimnames(x)[[2]], col = colveclong, cex = 0.8): partial argument
     match of 'col' to 'col.'
    plotIts: warning in labcurve(curves = gencurves(x), labels =
     dimnames(x)[[2]], col = colveclong, lty = ltypveclong[i], lwd =
     lwdveclong[i], keys = rep(" ", ncol(x)), cex = 0.8): partial argument
     match of 'col' to 'col.'
Flavors: r-devel-linux-x86_64-debian-clang, r-devel-linux-x86_64-debian-gcc, r-devel-linux-x86_64-fedora-clang, r-devel-linux-x86_64-fedora-gcc, r-devel-osx-x86_64-clang, r-devel-windows-ix86+x86_64, r-patched-linux-x86_64, r-patched-solaris-sparc, r-patched-solaris-x86, r-release-linux-x86_64, r-release-osx-x86_64-mavericks, r-release-osx-x86_64-snowleopard, r-release-windows-ix86+x86_64, r-oldrel-windows-ix86+x86_64

Version: 1.1.8
Check: Rd \usage sections
Result: NOTE
    S3 methods shown with full name in documentation object 'itsConvert':
     ‘as.list.its’ ‘as.data.frame.its’
    
    The \usage entries for S3 methods should use the \method markup and not
    their full name.
    See the chapter ‘Writing R documentation files’ in the ‘Writing R
    Extensions’ manual.
Flavors: r-devel-linux-x86_64-debian-clang, r-devel-linux-x86_64-debian-gcc, r-devel-linux-x86_64-fedora-clang, r-devel-linux-x86_64-fedora-gcc, r-devel-osx-x86_64-clang, r-devel-windows-ix86+x86_64, r-patched-linux-x86_64, r-patched-solaris-sparc, r-patched-solaris-x86, r-release-linux-x86_64, r-release-osx-x86_64-mavericks, r-release-osx-x86_64-snowleopard, r-release-windows-ix86+x86_64, r-oldrel-windows-ix86+x86_64

Version: 1.1.8
Check: Rd line widths
Result: NOTE
    Rd file 'itsDef.rd':
     \examples lines wider than 100 characters:
     newIts(start="2003-09-30",end="2005-05-05",format="%Y-%m-%d",period="month",find="last",extract=TRUE,weekday=TRUE)
    
    Rd file 'itsFile.rd':
     \usage lines wider than 90 characters:
     readcsvIts(filename,informat=its.format(),outformat=its.format(),tz="",usetz = FALSE,header=TRUE,...)
    
    Rd file 'itsSubset.rd':
     \usage lines wider than 90 characters:
     extractIts(x,weekday=FALSE,find=c("all","last","first"),period=c("week","month","year"),partials=TRUE,firstlast = FALSE,select)
    
    These lines will be truncated in the PDF manual.
Flavors: r-devel-linux-x86_64-fedora-clang, r-devel-linux-x86_64-fedora-gcc

Version: 1.1.8
Check: package dependencies
Result: ERROR
    Package required but not available: ‘Hmisc’
    
    See the information on DESCRIPTION files in the chapter ‘Creating R
    packages’ of the ‘Writing R Extensions’ manual.
Flavor: r-devel-osx-x86_64-gcc

Version: 1.1.8
Check: dependencies in R code
Result: NOTE
    Package in Depends field not imported from: 'Hmisc'
     These packages need to be imported from for the case when
     this namespace is loaded but not attached.
    See the information on DESCRIPTION files in the chapter 'Creating R
    packages' of the 'Writing R Extensions' manual.
Flavor: r-release-osx-x86_64-snowleopard