CRAN Package Check Results for Package its

Last updated on 2015-09-01 10:50:56.

Flavor Version Tinstall Tcheck Ttotal Status Flags
r-devel-linux-x86_64-debian-clang 1.1.8 1.87 24.31 26.18 NOTE
r-devel-linux-x86_64-debian-gcc 1.1.8 2.35 24.20 26.55 NOTE
r-devel-linux-x86_64-fedora-clang 1.1.8 53.42 NOTE
r-devel-linux-x86_64-fedora-gcc 1.1.8 49.85 NOTE
r-devel-osx-x86_64-clang 1.1.8 47.28 NOTE
r-devel-windows-ix86+x86_64 1.1.8 17.00 54.00 71.00 NOTE
r-patched-linux-x86_64 1.1.8 2.00 25.56 27.56 NOTE
r-patched-solaris-sparc 1.1.8 350.70 NOTE
r-patched-solaris-x86 1.1.8 83.00 NOTE
r-release-linux-x86_64 1.1.8 2.41 26.08 28.49 NOTE
r-release-osx-x86_64-mavericks 1.1.8 NOTE
r-release-windows-ix86+x86_64 1.1.8 14.00 48.00 62.00 NOTE
r-oldrel-windows-ix86+x86_64 1.1.8 20.00 84.00 104.00 NOTE

Check Details

Version: 1.1.8
Check: DESCRIPTION meta-information
Result: NOTE
    Malformed Description field: should contain one or more complete sentences.
Flavors: r-devel-linux-x86_64-debian-clang, r-devel-linux-x86_64-debian-gcc, r-devel-linux-x86_64-fedora-clang, r-devel-linux-x86_64-fedora-gcc, r-devel-osx-x86_64-clang, r-devel-windows-ix86+x86_64, r-patched-linux-x86_64, r-patched-solaris-sparc, r-patched-solaris-x86, r-release-linux-x86_64, r-release-osx-x86_64-mavericks, r-release-windows-ix86+x86_64

Version: 1.1.8
Check: dependencies in R code
Result: NOTE
    Package in Depends field not imported from: ‘Hmisc’
     These packages need to be imported from (in the NAMESPACE file)
     for when this namespace is loaded but not attached.
Flavors: r-devel-linux-x86_64-debian-clang, r-devel-linux-x86_64-debian-gcc, r-devel-linux-x86_64-fedora-clang, r-devel-linux-x86_64-fedora-gcc, r-devel-osx-x86_64-clang, r-devel-windows-ix86+x86_64, r-patched-linux-x86_64, r-patched-solaris-sparc, r-patched-solaris-x86, r-release-linux-x86_64, r-release-osx-x86_64-mavericks, r-release-windows-ix86+x86_64, r-oldrel-windows-ix86+x86_64

Version: 1.1.8
Check: S3 generic/method consistency
Result: NOTE
    Found the following apparent S3 methods exported but not registered:
     as.data.frame.its as.its.default as.its.zoo as.list.its
    See section ‘Registering S3 methods’ in the ‘Writing R Extensions’
    manual.
Flavors: r-devel-linux-x86_64-debian-clang, r-devel-linux-x86_64-debian-gcc, r-devel-linux-x86_64-fedora-clang, r-devel-linux-x86_64-fedora-gcc, r-devel-osx-x86_64-clang, r-patched-linux-x86_64, r-patched-solaris-sparc, r-patched-solaris-x86, r-release-linux-x86_64

Version: 1.1.8
Check: R code for possible problems
Result: NOTE
    its.format: warning in get(x = ".itsformat", env = itsState, inherits =
     FALSE): partial argument match of ‘env’ to ‘envir’
    its.format: warning in assign(x = ".itsformat", value = formatDefault,
     env = itsState, inherits = FALSE): partial argument match of ‘env’ to
     ‘envir’
    plotIts: no visible global function definition for ‘par’
    plotIts: no visible global function definition for ‘labcurve’
    plotIts: no visible global function definition for ‘grid’
    plotIts: no visible global function definition for ‘axis.POSIXct’
    priceIts: no visible global function definition for ‘download.file’
    priceIts: no visible global function definition for ‘count.fields’
    priceIts: no visible global function definition for ‘read.csv’
    readcsvIts: no visible global function definition for ‘read.csv’
    writecsvIts: no visible global function definition for ‘write.table’
    plot,its-missing: no visible global function definition for ‘par’
    plot,its-missing: no visible global function definition for ‘labcurve’
    plot,its-missing: no visible global function definition for ‘grid’
    plot,its-missing: no visible global function definition for
     ‘axis.POSIXct’
    Undefined global functions or variables:
     axis.POSIXct count.fields download.file grid labcurve par read.csv
     write.table
    Consider adding
     importFrom("graphics", "axis.POSIXct", "grid", "par")
     importFrom("utils", "count.fields", "download.file", "read.csv",
     "write.table")
    to your NAMESPACE.
Flavors: r-devel-linux-x86_64-debian-clang, r-devel-linux-x86_64-debian-gcc, r-devel-linux-x86_64-fedora-clang, r-devel-linux-x86_64-fedora-gcc, r-devel-windows-ix86+x86_64

Version: 1.1.8
Check: Rd line widths
Result: NOTE
    Rd file 'itsDef.rd':
     \examples lines wider than 100 characters:
     newIts(start="2003-09-30",end="2005-05-05",format="%Y-%m-%d",period="month",find="last",extract=TRUE,weekday=TRUE)
    
    Rd file 'itsFile.rd':
     \usage lines wider than 90 characters:
     readcsvIts(filename,informat=its.format(),outformat=its.format(),tz="",usetz = FALSE,header=TRUE,...)
    
    Rd file 'itsSubset.rd':
     \usage lines wider than 90 characters:
     extractIts(x,weekday=FALSE,find=c("all","last","first"),period=c("week","month","year"),partials=TRUE,firstlast = FALSE,select)
    
    These lines will be truncated in the PDF manual.
Flavors: r-devel-linux-x86_64-debian-clang, r-devel-linux-x86_64-debian-gcc, r-devel-linux-x86_64-fedora-clang, r-devel-linux-x86_64-fedora-gcc, r-patched-linux-x86_64, r-release-linux-x86_64

Version: 1.1.8
Check: Rd \usage sections
Result: NOTE
    S3 methods shown with full name in documentation object 'itsConvert':
     ‘as.list.its’ ‘as.data.frame.its’
    
    The \usage entries for S3 methods should use the \method markup and not
    their full name.
    See chapter ‘Writing R documentation files’ in the ‘Writing R
    Extensions’ manual.
Flavors: r-devel-linux-x86_64-debian-clang, r-devel-linux-x86_64-debian-gcc, r-devel-linux-x86_64-fedora-clang, r-devel-linux-x86_64-fedora-gcc, r-devel-osx-x86_64-clang, r-devel-windows-ix86+x86_64, r-patched-linux-x86_64, r-patched-solaris-sparc, r-patched-solaris-x86, r-release-linux-x86_64, r-release-osx-x86_64-mavericks, r-release-windows-ix86+x86_64, r-oldrel-windows-ix86+x86_64

Version: 1.1.8
Check: R code for possible problems
Result: NOTE
    its.format: warning in get(x = ".itsformat", env = itsState, inherits =
     FALSE): partial argument match of 'env' to 'envir'
    its.format: warning in assign(x = ".itsformat", value = formatDefault,
     env = itsState, inherits = FALSE): partial argument match of 'env' to
     'envir'
    plotIts: no visible global function definition for ‘labcurve’
    plot,its-missing: no visible global function definition for ‘labcurve’
    Undefined global functions or variables:
     labcurve
Flavor: r-devel-osx-x86_64-clang

Version: 1.1.8
Check: R code for possible problems
Result: NOTE
    its.format: warning in get(x = ".itsformat", env = itsState, inherits =
     FALSE): partial argument match of ‘env’ to ‘envir’
    its.format: warning in assign(x = ".itsformat", value = formatDefault,
     env = itsState, inherits = FALSE): partial argument match of ‘env’ to
     ‘envir’
    plotIts: no visible global function definition for ‘labcurve’
    plot,its-missing : .local: no visible global function definition for
     ‘labcurve’
Flavors: r-patched-linux-x86_64, r-patched-solaris-sparc, r-patched-solaris-x86, r-release-linux-x86_64, r-release-windows-ix86+x86_64, r-oldrel-windows-ix86+x86_64

Version: 1.1.8
Check: R code for possible problems
Result: NOTE
    its.format: warning in get(x = ".itsformat", env = itsState, inherits =
     FALSE): partial argument match of 'env' to 'envir'
    its.format: warning in assign(x = ".itsformat", value = formatDefault,
     env = itsState, inherits = FALSE): partial argument match of 'env' to
     'envir'
    plotIts: no visible global function definition for ‘labcurve’
Flavor: r-release-osx-x86_64-mavericks