CRAN Package Check Results for Package ivdesign

Last updated on 2021-04-16 21:50:23 CEST.

Flavor Version Tinstall Tcheck Ttotal Status Flags
r-devel-linux-x86_64-debian-clang 0.1.0 2.22 25.28 27.50 NOTE
r-devel-linux-x86_64-debian-gcc 0.1.0 1.69 19.80 21.49 NOTE
r-devel-linux-x86_64-fedora-clang 0.1.0 43.18 NOTE
r-devel-linux-x86_64-fedora-gcc 0.1.0 32.19 NOTE
r-devel-windows-ix86+x86_64 0.1.0 5.00 40.00 45.00 NOTE
r-devel-windows-x86_64-gcc10-UCRT 0.1.0 NOTE
r-patched-linux-x86_64 0.1.0 1.97 24.31 26.28 NOTE
r-patched-solaris-x86 0.1.0 49.30 NOTE
r-release-linux-x86_64 0.1.0 2.09 24.18 26.27 NOTE
r-release-macos-x86_64 0.1.0 NOTE
r-release-windows-ix86+x86_64 0.1.0 4.00 49.00 53.00 NOTE
r-oldrel-macos-x86_64 0.1.0 NOTE
r-oldrel-windows-ix86+x86_64 0.1.0 3.00 38.00 41.00 NOTE

Check Details

Version: 0.1.0
Check: package dependencies
Result: NOTE
    Package suggested but not available for checking: 'gurobi'
Flavors: r-devel-linux-x86_64-debian-clang, r-devel-linux-x86_64-debian-gcc, r-devel-linux-x86_64-fedora-clang, r-devel-linux-x86_64-fedora-gcc, r-devel-windows-ix86+x86_64, r-devel-windows-x86_64-gcc10-UCRT, r-patched-linux-x86_64, r-patched-solaris-x86, r-release-linux-x86_64, r-release-macos-x86_64, r-release-windows-ix86+x86_64, r-oldrel-macos-x86_64, r-oldrel-windows-ix86+x86_64