CRAN Package Check Results for Package ivivc

Last updated on 2014-04-23 07:55:01.

Flavor Version Tinstall Tcheck Ttotal Status Flags
r-devel-linux-x86_64-debian-clang 0.1.9 1.54 23.18 24.72 OK
r-devel-linux-x86_64-debian-gcc 0.1.9 1.53 23.53 25.06 OK
r-devel-linux-x86_64-fedora-clang 0.1.9 49.55 OK
r-devel-linux-x86_64-fedora-gcc 0.1.9 46.47 OK
r-devel-osx-x86_64-clang 0.1.9 42.95 OK
r-devel-osx-x86_64-gcc 0.1.9 OK
r-devel-windows-ix86+x86_64 0.1.9 5.00 35.00 40.00 OK
r-patched-linux-x86_64 0.1.9 1.54 23.05 24.59 OK
r-patched-solaris-sparc 0.1.9 276.50 OK
r-patched-solaris-x86 0.1.9 63.20 OK
r-release-linux-ix86 0.1.9 3.00 42.00 45.00 OK
r-release-linux-x86_64 0.1.9 1.54 23.16 24.70 OK
r-release-osx-x86_64-mavericks 0.1.9 WARN
r-release-osx-x86_64-snowleopard 0.1.9 OK
r-release-windows-ix86+x86_64 0.1.9 6.00 32.00 38.00 OK
r-oldrel-windows-ix86+x86_64 0.1.9 6.00 33.00 39.00 OK

Check Details

Version: 0.1.9
Check: PDF version of manual
Result: WARNING
    LaTeX errors when creating PDF version.
    This typically indicates Rd problems.
    LaTeX errors found:
    ! LaTeX Error: File `upquote.sty' not found.
    
    Type X to quit or <RETURN> to proceed,
    or enter new name. (Default extension: sty)
    
    521cd1/Rd2.tex:8: ==> Fatal error occurred, no output PDF file produced!
Flavor: r-release-osx-x86_64-mavericks