CRAN Package Check Results for Package ivivc

Last updated on 2015-05-05 11:48:06.

Flavor Version Tinstall Tcheck Ttotal Status Flags
r-devel-linux-x86_64-debian-clang 0.2.2 1.26 20.32 21.59 NOTE
r-devel-linux-x86_64-debian-gcc 0.2.2 1.23 19.72 20.95 NOTE
r-devel-linux-x86_64-fedora-clang 0.2.2 41.50 NOTE
r-devel-linux-x86_64-fedora-gcc 0.2.2 38.28 NOTE
r-devel-osx-x86_64-clang 0.2.2 40.16 NOTE
r-devel-windows-ix86+x86_64 0.2.2 6.00 31.00 37.00 NOTE
r-patched-linux-x86_64 0.2.2 1.26 20.65 21.90 NOTE
r-patched-solaris-sparc 0.2.2 249.30 NOTE
r-patched-solaris-x86 0.2.2 56.30 NOTE
r-release-linux-x86_64 0.2.2 1.33 20.49 21.82 NOTE
r-release-osx-x86_64-mavericks 0.2.2 NOTE
r-release-osx-x86_64-snowleopard 0.2.2 NOTE
r-release-windows-ix86+x86_64 0.2.2 7.00 45.00 52.00 NOTE
r-oldrel-windows-ix86+x86_64 0.2.2 10.00 75.00 85.00 OK

Check Details

Version: 0.2.2
Check: DESCRIPTION meta-information
Result: NOTE
    Malformed Description field: should contain one or more complete sentences.
Flavors: r-devel-linux-x86_64-debian-clang, r-devel-linux-x86_64-debian-gcc, r-devel-linux-x86_64-fedora-clang, r-devel-linux-x86_64-fedora-gcc, r-devel-osx-x86_64-clang, r-devel-windows-ix86+x86_64, r-patched-linux-x86_64, r-patched-solaris-sparc, r-patched-solaris-x86, r-release-linux-x86_64, r-release-osx-x86_64-mavericks, r-release-osx-x86_64-snowleopard, r-release-windows-ix86+x86_64