CRAN Package Check Results for Package ivivc

Last updated on 2015-03-30 23:47:48.

Flavor Version Tinstall Tcheck Ttotal Status Flags
r-devel-linux-x86_64-debian-clang 0.2.2 1.36 21.02 22.38 NOTE
r-devel-linux-x86_64-debian-gcc 0.2.2 1.25 20.49 21.74 NOTE
r-devel-linux-x86_64-fedora-clang 0.2.2 40.97 NOTE
r-devel-linux-x86_64-fedora-gcc 0.2.2 41.85 NOTE
r-devel-osx-x86_64-clang 0.2.2 45.15 NOTE
r-prerel-windows-ix86+x86_64 0.2.2 5.00 32.00 37.00 NOTE
r-prerel-linux-x86_64 0.2.2 1.22 20.04 21.25 NOTE
r-prerel-solaris-sparc 0.2.2 249.30 NOTE
r-prerel-solaris-x86 0.2.2 54.90 NOTE
r-release-linux-x86_64 0.2.2 2.10 29.18 31.28 OK
r-release-osx-x86_64-mavericks 0.2.2 OK
r-release-osx-x86_64-snowleopard 0.2.2 OK
r-release-windows-ix86+x86_64 0.2.2 10.00 51.00 61.00 OK
r-oldrel-windows-ix86+x86_64 0.2.2 10.00 53.00 63.00 OK

Check Details

Version: 0.2.2
Check: DESCRIPTION meta-information
Result: NOTE
    Malformed Description field: should contain one or more complete sentences.
Flavors: r-devel-linux-x86_64-debian-clang, r-devel-linux-x86_64-debian-gcc, r-devel-linux-x86_64-fedora-clang, r-devel-linux-x86_64-fedora-gcc, r-devel-osx-x86_64-clang, r-prerel-windows-ix86+x86_64, r-prerel-linux-x86_64, r-prerel-solaris-sparc, r-prerel-solaris-x86