CRAN Package Check Results for Package ivivc

Last updated on 2015-07-04 08:50:24.

Flavor Version Tinstall Tcheck Ttotal Status Flags
r-devel-linux-x86_64-debian-clang 0.2.2 1.33 19.84 21.17 NOTE
r-patched-linux-x86_64 0.2.2 1.23 20.11 21.34 NOTE

Check Details

Version: 0.2.2
Check: DESCRIPTION meta-information
Result: NOTE
    Malformed Description field: should contain one or more complete sentences.
Flavors: r-devel-linux-x86_64-debian-clang, r-patched-linux-x86_64

Version: 0.2.2
Check: R code for possible problems
Result: NOTE
    DepModel: no visible global function definition for ‘menu’
    DepModel: no visible global function definition for ‘graphics.off’
    InVVRefcsv: no visible global function definition for ‘menu’
    InVVRefcsv: no visible global function definition for ‘read.csv’
    InVVRefcsv: no visible global function definition for ‘edit’
    InVVRefcsv: no visible global function definition for ‘na.omit’
    InVVRefdata: no visible global function definition for ‘menu’
    InVVRefdata: no visible global function definition for ‘edit’
    InVVRefdata: no visible global function definition for ‘na.omit’
    InVVRefdata: no visible global function definition for ‘graphics.off’
    InVVTestcsv: no visible global function definition for ‘menu’
    InVVTestcsv: no visible global function definition for ‘read.csv’
    InVVTestcsv: no visible global function definition for ‘edit’
    InVVTestcsv: no visible global function definition for ‘na.omit’
    InVVTestdata: no visible global function definition for ‘menu’
    InVVTestdata: no visible global function definition for ‘edit’
    InVVTestdata: no visible global function definition for ‘na.omit’
    InVVTestdata: no visible global function definition for ‘graphics.off’
    PK: no visible global function definition for ‘menu’
    PK: no visible global function definition for ‘edit’
    PK: no visible global function definition for ‘na.omit’
    PKfit: no visible global function definition for ‘menu’
    PKfit: no visible global function definition for ‘graphics.off’
    PKvalue: no visible global function definition for ‘menu’
    PKvalue: no visible global function definition for ‘graphics.off’
    SelModel: no visible global function definition for ‘menu’
    SelModel: no visible global function definition for ‘graphics.off’
    WagNel: no visible global function definition for ‘lm’
    WagNel: no visible global function definition for ‘anova’
    WagNel: no visible global function definition for ‘par’
    WagNel: no visible global function definition for ‘dev.new’
    WagNel: no visible global function definition for ‘mtext’
    WagNel: no visible global function definition for ‘text’
    WagNel: no visible global function definition for ‘abline’
    WagNel: no visible global function definition for ‘legend’
    WagNel: no visible global function definition for ‘strwidth’
    WagNel: no visible global function definition for ‘aggregate’
    WagNel: no visible global function definition for ‘write.csv’
    WagNel: no visible global function definition for ‘axis’
    WagNel: no visible global function definition for ‘graphics.off’
    aicllsbc: no visible global function definition for ‘weights’
    fbolus1: no visible global function definition for ‘edit’
    fbolus1: no visible global function definition for ‘menu’
    ffirst.lag: no visible global function definition for ‘edit’
    ffirst.lag: no visible global function definition for ‘menu’
    iv.route: no visible global function definition for ‘menu’
    ivivc_all_plots: no visible global function definition for ‘par’
    ivivc_all_plots: no visible global function definition for ‘pdf’
    ivivc_all_plots: no visible global function definition for ‘lm’
    ivivc_all_plots: no visible global function definition for ‘mtext’
    ivivc_all_plots: no visible global function definition for ‘text’
    ivivc_all_plots: no visible global function definition for ‘abline’
    ivivc_all_plots: no visible global function definition for ‘legend’
    ivivc_all_plots: no visible global function definition for ‘strwidth’
    ivivc_all_plots: no visible global function definition for ‘aggregate’
    ivivc_all_plots: no visible global function definition for ‘axis’
    ivivc_all_plots: no visible global function definition for ‘dev.off’
    ivivc_demo: no visible global function definition for ‘write.csv’
    ivivc_demo: no visible global function definition for ‘predict’
    ivivc_demo: no visible global function definition for ‘dev.new’
    ivivc_demo: no visible global function definition for ‘par’
    ivivc_demo: no visible global function definition for ‘lines’
    ivivc_demo: no visible global function definition for ‘mtext’
    ivivc_demo: no visible global function definition for ‘abline’
    ivivc_demo: no visible global function definition for ‘dev.copy’
    ivivc_demo: no visible global function definition for ‘dev.set’
    ivivc_demo: no visible global function definition for ‘dev.cur’
    ivivc_demo: no visible global function definition for ‘pdf’
    ivivc_demo: no visible global function definition for ‘lm’
    ivivc_demo: no visible global function definition for ‘anova’
    ivivc_demo: no visible global function definition for ‘text’
    ivivc_demo: no visible global function definition for ‘aggregate’
    ivivc_demo: no visible global function definition for ‘axis’
    ivivc_demo: no visible global function definition for ‘dev.off’
    ivivc_demo: no visible global function definition for ‘graphics.off’
    ivivc_test_run: no visible global function definition for ‘write.csv’
    ivivc_test_run: no visible global function definition for ‘optim’
    ivivc_test_run: no visible global function definition for ‘predict’
    ivivc_test_run: no visible global function definition for ‘lm’
    ivivc_test_run: no visible global function definition for ‘anova’
    ivivc_test_run: no visible global function definition for ‘aggregate’
    logo_plot_desc: no visible global function definition for ‘par’
    logo_plot_desc: no visible global function definition for ‘text’
    noniv.route: no visible global function definition for ‘menu’
    one.list: no visible global function definition for ‘menu’
    plotting.cp: no visible global function definition for ‘axis’
    plotting.cp: no visible global function definition for ‘mtext’
    plotting.lin: no visible global function definition for ‘predict’
    plotting.lin: no visible global function definition for ‘dev.new’
    plotting.lin: no visible global function definition for ‘par’
    plotting.lin: no visible global function definition for ‘lines’
    plotting.lin: no visible global function definition for ‘mtext’
    plotting.lin: no visible global function definition for ‘abline’
    plotting.vitro: no visible global function definition for ‘aggregate’
    plotting.vitro: no visible global function definition for ‘axis’
    plotting.vitro: no visible global function definition for ‘mtext’
    run: no visible global function definition for ‘menu’
    run: no visible global function definition for ‘graphics.off’
    Undefined global functions or variables:
     abline aggregate anova axis dev.copy dev.cur dev.new dev.off dev.set
     edit graphics.off legend lines lm menu mtext na.omit optim par pdf
     predict read.csv strwidth text weights write.csv
Flavor: r-devel-linux-x86_64-debian-clang