CRAN Package Check Results for Package ivmte

Last updated on 2021-12-08 07:50:54 CET.

Flavor Version Tinstall Tcheck Ttotal Status Flags
r-devel-linux-x86_64-debian-clang 1.4.0 17.09 105.92 123.01 NOTE --no-vignettes
r-devel-linux-x86_64-debian-gcc 1.4.0 12.96 79.78 92.74 NOTE --no-vignettes
r-devel-linux-x86_64-fedora-clang 1.4.0 151.76 NOTE --no-vignettes
r-devel-linux-x86_64-fedora-gcc 1.4.0 136.19 NOTE --no-vignettes
r-devel-windows-x86_64-new-UL 1.4.0 36.00 166.00 202.00 NOTE --no-vignettes
r-devel-windows-x86_64-new-TK 1.4.0 NOTE --no-vignettes
r-devel-windows-x86_64-old 1.4.0 25.00 80.00 105.00 NOTE --no-vignettes
r-patched-linux-x86_64 1.4.0 17.15 101.39 118.54 NOTE --no-vignettes
r-release-linux-x86_64 1.4.0 15.71 101.93 117.64 NOTE --no-vignettes
r-release-macos-arm64 1.4.0 NOTE
r-release-macos-x86_64 1.4.0 NOTE
r-release-windows-ix86+x86_64 1.4.0 18.00 116.00 134.00 NOTE --no-vignettes
r-oldrel-macos-x86_64 1.4.0 NOTE
r-oldrel-windows-ix86+x86_64 1.4.0 28.00 82.00 110.00 NOTE --no-vignettes

Check Details

Version: 1.4.0
Flags: --no-vignettes
Check: package dependencies
Result: NOTE
    Packages suggested but not available for checking: 'gurobi', 'cplexAPI'
Flavors: r-devel-linux-x86_64-debian-clang, r-devel-linux-x86_64-debian-gcc, r-devel-linux-x86_64-fedora-clang, r-devel-linux-x86_64-fedora-gcc, r-devel-windows-x86_64-new-UL, r-devel-windows-x86_64-new-TK, r-devel-windows-x86_64-old, r-patched-linux-x86_64, r-release-linux-x86_64, r-release-windows-ix86+x86_64, r-oldrel-windows-ix86+x86_64

Version: 1.4.0
Check: package dependencies
Result: NOTE
    Packages suggested but not available for checking: 'gurobi', 'cplexAPI'
Flavors: r-release-macos-arm64, r-release-macos-x86_64, r-oldrel-macos-x86_64