CRAN Package Check Results for Package ivpack

Last updated on 2020-07-04 12:48:51 CEST.

Flavor Version Tinstall Tcheck Ttotal Status Flags
r-devel-linux-x86_64-debian-clang 1.2 10.27 79.05 89.32 NOTE
r-devel-linux-x86_64-debian-gcc 1.2 7.67 60.49 68.16 NOTE
r-devel-linux-x86_64-fedora-clang 1.2 113.72 NOTE
r-devel-linux-x86_64-fedora-gcc 1.2 103.91 NOTE
r-devel-windows-ix86+x86_64 1.2 36.00 114.00 150.00 NOTE
r-patched-linux-x86_64 1.2 7.18 76.45 83.63 NOTE
r-patched-solaris-x86 1.2 158.60 NOTE
r-release-linux-x86_64 1.2 9.76 76.24 86.00 NOTE
r-release-osx-x86_64 1.2 NOTE
r-release-windows-ix86+x86_64 1.2 22.00 91.00 113.00 NOTE
r-oldrel-osx-x86_64 1.2 NOTE
r-oldrel-windows-ix86+x86_64 1.2 32.00 134.00 166.00 NOTE

Check Details

Version: 1.2
Check: DESCRIPTION meta-information
Result: NOTE
    Malformed Title field: should not end in a period.
Flavors: r-devel-linux-x86_64-debian-clang, r-devel-linux-x86_64-debian-gcc, r-devel-linux-x86_64-fedora-clang, r-devel-linux-x86_64-fedora-gcc, r-devel-windows-ix86+x86_64, r-patched-linux-x86_64, r-patched-solaris-x86, r-release-linux-x86_64, r-release-osx-x86_64, r-release-windows-ix86+x86_64, r-oldrel-osx-x86_64, r-oldrel-windows-ix86+x86_64

Version: 1.2
Check: R code for possible problems
Result: NOTE
    ARsensitivity.ci: no visible global function definition for 'residuals'
    ARsensitivity.ci: no visible global function definition for 'lm'
    ARsensitivity.ci: no visible global function definition for 'qf'
    ARsensitivity.ci: no visible global function definition for 'fitted'
    ARsensitivity.power: no visible global function definition for 'qf'
    ARsensitivity.power: no visible global function definition for 'pf'
    ARsensitivity.size: no visible global function definition for 'qf'
    ARsensitivity.size: no visible global function definition for 'pf'
    anderson.rubin.ci: no visible global function definition for 'qf'
    anderson.rubin.ci: no visible global function definition for 'fitted'
    anderson.rubin.ci: no visible global function definition for 'lm'
    power.iv: no visible global function definition for 'qf'
    power.iv: no visible global function definition for 'pf'
    Undefined global functions or variables:
     fitted lm pf qf residuals
    Consider adding
     importFrom("stats", "fitted", "lm", "pf", "qf", "residuals")
    to your NAMESPACE file.
Flavors: r-devel-linux-x86_64-debian-clang, r-devel-linux-x86_64-debian-gcc, r-devel-linux-x86_64-fedora-clang, r-devel-linux-x86_64-fedora-gcc, r-devel-windows-ix86+x86_64, r-patched-linux-x86_64, r-patched-solaris-x86, r-release-linux-x86_64, r-release-osx-x86_64, r-release-windows-ix86+x86_64, r-oldrel-osx-x86_64, r-oldrel-windows-ix86+x86_64