CRAN Package Check Results for Package ivreg

Last updated on 2022-01-19 02:54:31 CET.

Flavor Version Tinstall Tcheck Ttotal Status Flags
r-devel-linux-x86_64-debian-clang 0.6-1 4.10 78.45 82.55 OK
r-devel-linux-x86_64-debian-gcc 0.6-1 4.17 59.50 63.67 OK
r-devel-linux-x86_64-fedora-clang 0.6-1 101.35 NOTE
r-devel-linux-x86_64-fedora-gcc 0.6-1 88.33 OK
r-devel-windows-x86_64-new-UL 0.6-1 39.00 103.00 142.00 NOTE
r-devel-windows-x86_64-new-TK 0.6-1 OK
r-patched-linux-x86_64 0.6-1 10.81 75.40 86.21 OK
r-release-linux-x86_64 0.6-1 OK
r-release-macos-arm64 0.6-1 NOTE
r-release-macos-x86_64 0.6-1 NOTE
r-release-windows-ix86+x86_64 0.6-1 11.00 98.00 109.00 NOTE
r-oldrel-macos-x86_64 0.6-1 NOTE
r-oldrel-windows-ix86+x86_64 0.6-1 11.00 99.00 110.00 NOTE

Check Details

Version: 0.6-1
Check: installed package size
Result: NOTE
     installed size is 5.7Mb
     sub-directories of 1Mb or more:
     doc 5.4Mb
Flavors: r-devel-linux-x86_64-fedora-clang, r-devel-windows-x86_64-new-UL, r-release-macos-arm64, r-release-macos-x86_64, r-release-windows-ix86+x86_64, r-oldrel-macos-x86_64, r-oldrel-windows-ix86+x86_64