CRAN Package Check Results for Package iwtp

Last updated on 2014-07-31 23:47:11.

Flavor Version Tinstall Tcheck Ttotal Status Flags
r-devel-linux-x86_64-debian-clang 1.0.0 0.68 121.91 122.59 NOTE
r-devel-linux-x86_64-debian-gcc 1.0.0 0.69 117.74 118.43 NOTE
r-devel-linux-x86_64-fedora-clang 1.0.0 280.02 NOTE
r-devel-linux-x86_64-fedora-gcc 1.0.0 257.28 NOTE
r-devel-osx-x86_64-clang 1.0.0 192.36 NOTE
r-devel-windows-ix86+x86_64 1.0.0 3.00 181.00 184.00 NOTE
r-patched-linux-x86_64 1.0.0 0.82 121.66 122.48 NOTE
r-patched-solaris-sparc 1.0.0 1577.80 NOTE
r-patched-solaris-x86 1.0.0 273.30 NOTE
r-release-linux-ix86 1.0.0 1.08 122.23 123.32 NOTE
r-release-linux-x86_64 1.0.0 0.72 124.34 125.06 NOTE
r-release-osx-x86_64-mavericks 1.0.0 NOTE
r-release-osx-x86_64-snowleopard 1.0.0 NOTE
r-release-windows-ix86+x86_64 1.0.0 4.00 205.00 209.00 NOTE
r-oldrel-windows-ix86+x86_64 1.0.0 3.00 236.00 239.00 NOTE

Check Details

Version: 1.0.0
Check: dependencies in R code
Result: NOTE
    'library' or 'require' call to survival which was already attached by Depends.
     Please remove these calls from your code.
    Package in Depends field not imported from: survival
     These packages need to be imported from (in the NAMESPACE file)
     for when this namespace is loaded but not attached.
    See the information on DESCRIPTION files in the chapter Creating R
    packages of the Writing R Extensions manual.
Flavors: r-devel-linux-x86_64-debian-clang, r-devel-linux-x86_64-debian-gcc, r-devel-linux-x86_64-fedora-clang, r-devel-linux-x86_64-fedora-gcc, r-devel-osx-x86_64-clang, r-devel-windows-ix86+x86_64, r-patched-linux-x86_64, r-patched-solaris-sparc, r-patched-solaris-x86, r-release-linux-ix86, r-release-linux-x86_64, r-release-osx-x86_64-mavericks, r-release-windows-ix86+x86_64, r-oldrel-windows-ix86+x86_64

Version: 1.0.0
Check: for old-style vignette sources
Result: NOTE
    Vignette sources only in inst/doc :
     manual.Rnw
    A vignettes directory is required as from R 3.1.0
    and these will not be indexed nor checked
Flavors: r-devel-linux-x86_64-debian-clang, r-devel-linux-x86_64-debian-gcc, r-devel-linux-x86_64-fedora-clang, r-devel-linux-x86_64-fedora-gcc, r-devel-osx-x86_64-clang, r-devel-windows-ix86+x86_64, r-patched-linux-x86_64, r-patched-solaris-sparc, r-patched-solaris-x86, r-release-linux-ix86, r-release-linux-x86_64, r-release-osx-x86_64-mavericks, r-release-osx-x86_64-snowleopard, r-release-windows-ix86+x86_64

Version: 1.0.0
Check: dependencies in R code
Result: NOTE
    'library' or 'require' call to 'survival' which was already attached by Depends.
     Please remove these calls from your code.
    See the information on DESCRIPTION files in the chapter 'Creating R
    packages' of the 'Writing R Extensions' manual.
Flavor: r-release-osx-x86_64-snowleopard

Version: 1.0.0
Check: for old-style vignette sources
Result: NOTE
    Vignette sources only in 'inst/doc':
     'manual.Rnw'
    A 'vignettes' directory will be required as from R 3.1.0
Flavor: r-oldrel-windows-ix86+x86_64