CRAN Package Check Results for Package iwtp

Last updated on 2014-08-23 11:50:46.

Flavor Version Tinstall Tcheck Ttotal Status Flags
r-devel-linux-x86_64-debian-clang 1.0.0 0.66 117.70 118.36 NOTE
r-devel-linux-x86_64-debian-gcc 1.0.0 0.66 117.18 117.84 NOTE
r-devel-linux-x86_64-fedora-clang 1.0.0 274.80 NOTE
r-devel-linux-x86_64-fedora-gcc 1.0.0 267.20 NOTE
r-devel-osx-x86_64-clang 1.0.0 198.48 NOTE
r-devel-windows-ix86+x86_64 1.0.0 3.00 188.00 191.00 NOTE
r-patched-linux-x86_64 1.0.0 0.67 121.94 122.62 NOTE
r-patched-solaris-sparc 1.0.0 1577.80 NOTE
r-patched-solaris-x86 1.0.0 274.10 NOTE
r-release-linux-ix86 1.0.0 1.23 124.20 125.42 NOTE
r-release-linux-x86_64 1.0.0 0.82 126.06 126.89 NOTE
r-release-osx-x86_64-mavericks 1.0.0 NOTE
r-release-osx-x86_64-snowleopard 1.0.0 NOTE
r-release-windows-ix86+x86_64 1.0.0 4.00 205.00 209.00 NOTE
r-oldrel-windows-ix86+x86_64 1.0.0 3.00 236.00 239.00 NOTE

Check Details

Version: 1.0.0
Check: dependencies in R code
Result: NOTE
    'library' or 'require' call to ‘survival’ which was already attached by Depends.
     Please remove these calls from your code.
    Package in Depends field not imported from: ‘survival’
     These packages need to be imported from (in the NAMESPACE file)
     for when this namespace is loaded but not attached.
    See the information on DESCRIPTION files in the chapter ‘Creating R
    packages’ of the ‘Writing R Extensions’ manual.
Flavors: r-devel-linux-x86_64-debian-clang, r-devel-linux-x86_64-debian-gcc, r-devel-linux-x86_64-fedora-clang, r-devel-linux-x86_64-fedora-gcc, r-devel-osx-x86_64-clang, r-devel-windows-ix86+x86_64, r-patched-linux-x86_64, r-patched-solaris-sparc, r-patched-solaris-x86, r-release-linux-ix86, r-release-linux-x86_64, r-release-osx-x86_64-mavericks, r-release-windows-ix86+x86_64, r-oldrel-windows-ix86+x86_64

Version: 1.0.0
Check: R code for possible problems
Result: NOTE
    turnbull.weibull: no visible global function definition for ‘Surv’
    turnbull.weibull: no visible global function definition for ‘survreg’
Flavors: r-devel-linux-x86_64-debian-clang, r-devel-linux-x86_64-debian-gcc, r-devel-linux-x86_64-fedora-clang, r-devel-linux-x86_64-fedora-gcc, r-devel-osx-x86_64-clang

Version: 1.0.0
Check: for old-style vignette sources
Result: NOTE
    Vignette sources only in ‘inst/doc’:
     ‘manual.Rnw’
    A ‘vignettes’ directory is required as from R 3.1.0
    and these will not be indexed nor checked
Flavors: r-devel-linux-x86_64-debian-clang, r-devel-linux-x86_64-debian-gcc, r-devel-linux-x86_64-fedora-clang, r-devel-linux-x86_64-fedora-gcc, r-devel-osx-x86_64-clang, r-devel-windows-ix86+x86_64, r-patched-linux-x86_64, r-patched-solaris-sparc, r-patched-solaris-x86, r-release-linux-ix86, r-release-linux-x86_64, r-release-osx-x86_64-mavericks, r-release-osx-x86_64-snowleopard, r-release-windows-ix86+x86_64

Version: 1.0.0
Check: dependencies in R code
Result: NOTE
    'library' or 'require' call to 'survival' which was already attached by Depends.
     Please remove these calls from your code.
    See the information on DESCRIPTION files in the chapter 'Creating R
    packages' of the 'Writing R Extensions' manual.
Flavor: r-release-osx-x86_64-snowleopard

Version: 1.0.0
Check: for old-style vignette sources
Result: NOTE
    Vignette sources only in 'inst/doc':
     'manual.Rnw'
    A 'vignettes' directory will be required as from R 3.1.0
Flavor: r-oldrel-windows-ix86+x86_64