CRAN Package Check Results for Package jaatha

Last updated on 2015-04-27 03:47:23.

Flavor Version Tinstall Tcheck Ttotal Status Flags
r-devel-linux-x86_64-debian-clang 2.7.0 22.90 26.56 49.46 OK
r-devel-linux-x86_64-debian-gcc 2.7.0 23.48 26.30 49.78 OK
r-devel-linux-x86_64-fedora-clang 2.7.0 102.90 OK
r-devel-linux-x86_64-fedora-gcc 2.7.0 94.63 OK
r-devel-osx-x86_64-clang 2.7.0 66.91 OK
r-devel-windows-ix86+x86_64 2.7.0 67.00 61.00 128.00 OK
r-patched-linux-x86_64 2.7.0 23.84 26.13 49.96 OK
r-patched-solaris-sparc 2.7.0 591.00 OK
r-patched-solaris-x86 2.7.0 125.60 OK
r-release-linux-x86_64 2.7.0 23.66 26.22 49.88 OK
r-release-osx-x86_64-mavericks 2.7.0 OK
r-release-osx-x86_64-snowleopard 2.7.0 ERROR
r-release-windows-ix86+x86_64 2.7.0 78.00 65.00 143.00 OK
r-oldrel-windows-ix86+x86_64 2.7.0 65.00 72.00 137.00 OK

Check Details

Version: 2.7.0
Check: tests
Result: ERROR
    Running the tests in ‘tests/testthat.R’ failed.
    Last 13 lines of output:
     g. Error: test.simulateFpcWithSeqgen -------------------------------------------
     could not find function "skip"
    
     h. Error: seq-gen can simulate trios -------------------------------------------
     could not find function "skip"
    
     i. Error: Generation of PMC statistic works ------------------------------------
     could not find function "skip"
    
     Error: Test failures
     In addition: Warning message:
     In eval(expr, envir, enclos) : Msms not found. Skipping tests.
     Execution halted
Flavor: r-release-osx-x86_64-snowleopard