CRAN Package Check Results for Package jaatha

Last updated on 2015-08-03 08:48:41.

Flavor Version Tinstall Tcheck Ttotal Status Flags
r-devel-linux-x86_64-debian-clang 2.7.0 21.99 27.51 49.50 NOTE
r-devel-linux-x86_64-debian-gcc 2.7.0 23.66 25.92 49.59 NOTE
r-devel-linux-x86_64-fedora-clang 2.7.0 104.41 NOTE
r-devel-linux-x86_64-fedora-gcc 2.7.0 96.09 NOTE
r-devel-osx-x86_64-clang 2.7.0 72.97 OK
r-devel-windows-ix86+x86_64 2.7.0 79.00 67.00 146.00 NOTE
r-patched-linux-x86_64 2.7.0 25.24 27.69 52.93 OK
r-patched-solaris-sparc 2.7.0 580.60 OK
r-patched-solaris-x86 2.7.0 123.50 OK
r-release-linux-x86_64 2.7.0 23.60 26.17 49.77 OK
r-release-osx-x86_64-mavericks 2.7.0 OK
r-release-windows-ix86+x86_64 2.7.0 94.00 70.00 164.00 OK
r-oldrel-windows-ix86+x86_64 2.7.0 82.00 130.00 212.00 OK

Check Details

Version: 2.7.0
Check: R code for possible problems
Result: NOTE
    calcBCaConfInt: no visible global function definition for ‘qnorm’
    calcBCaConfInt: no visible global function definition for ‘pnorm’
    calcBCaConfInt: no visible global function definition for ‘quantile’
    calcBiasCorrection: no visible global function definition for ‘qnorm’
    calcBreaks: no visible global function definition for ‘quantile’
    calculateJsfs: no visible global function definition for ‘is’
    dm.addOutgroup: no visible global function definition for ‘na.omit’
    dm.getSampleSize: no visible global function definition for ‘na.omit’
    estimateLogLikelihood : <anonymous>: no visible binding for global
     variable ‘predict’
    estimateLogLikelihood : <anonymous>: no visible global function
     definition for ‘predict’
    findBestParInBlock: no visible global function definition for ‘optim’
    fitGlmPoiTransformed: no visible binding for global variable ‘glm’
    fitGlmPoiTransformed: no visible binding for global variable ‘poisson’
    fitPoiSmoothed: no visible global function definition for ‘glm’
    fitPoiSmoothed: no visible global function definition for ‘poisson’
    runSimulations: no visible binding for global variable ‘is’
    simulateWithinBlock: no visible global function definition for ‘runif’
    Undefined global functions or variables:
     glm is na.omit optim pnorm poisson predict qnorm quantile runif
    Consider adding
     importFrom("methods", "is")
     importFrom("stats", "glm", "na.omit", "optim", "pnorm", "poisson",
     "predict", "qnorm", "quantile", "runif")
    to your NAMESPACE.
Flavors: r-devel-linux-x86_64-debian-clang, r-devel-linux-x86_64-debian-gcc, r-devel-linux-x86_64-fedora-clang, r-devel-linux-x86_64-fedora-gcc, r-devel-windows-ix86+x86_64