CRAN Package Check Results for Package jaatha

Last updated on 2015-07-05 17:47:32.

Flavor Version Tinstall Tcheck Ttotal Status Flags
r-devel-linux-x86_64-debian-clang 2.7.0 23.05 26.20 49.25 NOTE
r-devel-linux-x86_64-debian-gcc 2.7.0 23.79 26.57 50.36 NOTE
r-devel-linux-x86_64-fedora-clang 2.7.0 103.66 NOTE
r-devel-linux-x86_64-fedora-gcc 2.7.0 93.13 NOTE
r-devel-osx-x86_64-clang 2.7.0 72.70 OK
r-devel-windows-ix86+x86_64 2.7.0 78.00 104.00 182.00 NOTE
r-patched-linux-x86_64 2.7.0 24.34 25.93 50.26 OK
r-patched-solaris-sparc 2.7.0 619.10 OK
r-patched-solaris-x86 2.7.0 131.70 OK
r-release-linux-x86_64 2.7.0 24.06 26.06 50.11 OK
r-release-osx-x86_64-mavericks 2.7.0 OK
r-release-windows-ix86+x86_64 2.7.0 102.00 60.00 162.00 OK
r-oldrel-windows-ix86+x86_64 2.7.0 103.00 83.00 186.00 OK

Check Details

Version: 2.7.0
Check: R code for possible problems
Result: NOTE
    calcBCaConfInt: no visible global function definition for ‘qnorm’
    calcBCaConfInt: no visible global function definition for ‘pnorm’
    calcBCaConfInt: no visible global function definition for ‘quantile’
    calcBiasCorrection: no visible global function definition for ‘qnorm’
    calcBreaks: no visible global function definition for ‘quantile’
    calculateJsfs: no visible global function definition for ‘is’
    dm.addOutgroup: no visible global function definition for ‘na.omit’
    dm.getSampleSize: no visible global function definition for ‘na.omit’
    estimateLogLikelihood : <anonymous>: no visible binding for global
     variable ‘predict’
    estimateLogLikelihood : <anonymous>: no visible global function
     definition for ‘predict’
    findBestParInBlock: no visible global function definition for ‘optim’
    fitGlmPoiTransformed: no visible binding for global variable ‘glm’
    fitGlmPoiTransformed: no visible binding for global variable ‘poisson’
    fitPoiSmoothed: no visible global function definition for ‘glm’
    fitPoiSmoothed: Error while checking: invalid ‘envir’ argument
    runSimulations: no visible binding for global variable ‘is’
    simulateWithinBlock: no visible global function definition for ‘runif’
    Undefined global functions or variables:
     glm is na.omit optim pnorm poisson predict qnorm quantile runif
Flavors: r-devel-linux-x86_64-debian-clang, r-devel-linux-x86_64-debian-gcc, r-devel-linux-x86_64-fedora-clang, r-devel-linux-x86_64-fedora-gcc

Version: 2.7.0
Check: R code for possible problems
Result: NOTE
    calcBCaConfInt: no visible global function definition for 'qnorm'
    calcBCaConfInt: no visible global function definition for 'pnorm'
    calcBCaConfInt: no visible global function definition for 'quantile'
    calcBiasCorrection: no visible global function definition for 'qnorm'
    calcBreaks: no visible global function definition for 'quantile'
    calculateJsfs: no visible global function definition for 'is'
    dm.addOutgroup: no visible global function definition for 'na.omit'
    dm.getSampleSize: no visible global function definition for 'na.omit'
    estimateLogLikelihood : <anonymous>: no visible binding for global
     variable 'predict'
    estimateLogLikelihood : <anonymous>: no visible global function
     definition for 'predict'
    findBestParInBlock: no visible global function definition for 'optim'
    fitGlmPoiTransformed: no visible binding for global variable 'glm'
    fitGlmPoiTransformed: no visible binding for global variable 'poisson'
    fitPoiSmoothed: no visible global function definition for 'glm'
    fitPoiSmoothed: no visible global function definition for 'poisson'
    runSimulations: no visible binding for global variable 'is'
    simulateWithinBlock: no visible global function definition for 'runif'
    Undefined global functions or variables:
     glm is na.omit optim pnorm poisson predict qnorm quantile runif
Flavor: r-devel-windows-ix86+x86_64