CRAN Package Check Results for Package jaatha

Last updated on 2015-05-29 11:48:53.

Flavor Version Tinstall Tcheck Ttotal Status Flags
r-devel-linux-x86_64-debian-clang 2.7.0 21.72 27.23 48.95 OK
r-devel-linux-x86_64-debian-gcc 2.7.0 27.45 26.51 53.96 OK
r-devel-linux-x86_64-fedora-clang 2.7.0 105.23 OK
r-devel-linux-x86_64-fedora-gcc 2.7.0 94.37 OK
r-devel-osx-x86_64-clang 2.7.0 79.06 OK
r-devel-windows-ix86+x86_64 2.7.0 75.00 59.00 134.00 OK
r-patched-linux-x86_64 2.7.0 25.40 25.91 51.31 OK
r-patched-solaris-sparc 2.7.0 619.10 OK
r-patched-solaris-x86 2.7.0 133.00 OK
r-release-linux-x86_64 2.7.0 24.00 26.52 50.51 OK
r-release-osx-x86_64-mavericks 2.7.0 OK
r-release-osx-x86_64-snowleopard 2.7.0 ERROR
r-release-windows-ix86+x86_64 2.7.0 78.00 65.00 143.00 OK
r-oldrel-windows-ix86+x86_64 2.7.0 73.00 80.00 153.00 OK

Check Details

Version: 2.7.0
Check: tests
Result: ERROR
    Running the tests in ‘tests/testthat.R’ failed.
    Last 13 lines of output:
     g. Error: test.simulateFpcWithSeqgen -------------------------------------------
     could not find function "skip"
    
     h. Error: seq-gen can simulate trios -------------------------------------------
     could not find function "skip"
    
     i. Error: Generation of PMC statistic works ------------------------------------
     could not find function "skip"
    
     Error: Test failures
     In addition: Warning message:
     In eval(expr, envir, enclos) : Msms not found. Skipping tests.
     Execution halted
Flavor: r-release-osx-x86_64-snowleopard