CRAN Package Check Results for Package jaatha

Last updated on 2015-09-04 23:56:13.

Flavor Version Tinstall Tcheck Ttotal Status Flags
r-devel-linux-x86_64-debian-clang 2.7.0 21.57 25.66 47.22 NOTE
r-devel-linux-x86_64-debian-gcc 2.7.0 24.50 26.00 50.50 NOTE
r-devel-linux-x86_64-fedora-clang 2.7.0 105.65 NOTE
r-devel-linux-x86_64-fedora-gcc 2.7.0 93.85 NOTE
r-devel-osx-x86_64-clang 2.7.0 70.91 OK
r-devel-windows-ix86+x86_64 2.7.0 80.00 63.00 143.00 NOTE
r-patched-linux-x86_64 2.7.0 25.12 26.86 51.98 OK
r-patched-solaris-sparc 2.7.0 580.60 OK
r-patched-solaris-x86 2.7.0 121.30 OK
r-release-linux-x86_64 2.7.0 24.22 26.50 50.72 OK
r-release-osx-x86_64-mavericks 2.7.0 OK
r-release-windows-ix86+x86_64 2.7.0 106.00 104.00 210.00 OK
r-oldrel-windows-ix86+x86_64 2.7.0 79.00 94.00 173.00 OK

Check Details

Version: 2.7.0
Check: R code for possible problems
Result: NOTE
    calcBCaConfInt: no visible global function definition for ‘qnorm’
    calcBCaConfInt: no visible global function definition for ‘pnorm’
    calcBCaConfInt: no visible global function definition for ‘quantile’
    calcBiasCorrection: no visible global function definition for ‘qnorm’
    calcBreaks: no visible global function definition for ‘quantile’
    calculateJsfs: no visible global function definition for ‘is’
    dm.addOutgroup: no visible global function definition for ‘na.omit’
    dm.getSampleSize: no visible global function definition for ‘na.omit’
    estimateLogLikelihood : <anonymous>: no visible binding for global
     variable ‘predict’
    estimateLogLikelihood : <anonymous>: no visible global function
     definition for ‘predict’
    findBestParInBlock: no visible global function definition for ‘optim’
    fitGlmPoiTransformed: no visible binding for global variable ‘glm’
    fitGlmPoiTransformed: no visible binding for global variable ‘poisson’
    fitPoiSmoothed: no visible global function definition for ‘glm’
    fitPoiSmoothed: no visible global function definition for ‘poisson’
    runSimulations: no visible binding for global variable ‘is’
    simulateWithinBlock: no visible global function definition for ‘runif’
    Undefined global functions or variables:
     glm is na.omit optim pnorm poisson predict qnorm quantile runif
    Consider adding
     importFrom("methods", "is")
     importFrom("stats", "glm", "na.omit", "optim", "pnorm", "poisson",
     "predict", "qnorm", "quantile", "runif")
    to your NAMESPACE (and ensure that your DESCRIPTION Imports field
    contains 'methods').
Flavors: r-devel-linux-x86_64-debian-clang, r-devel-linux-x86_64-debian-gcc, r-devel-linux-x86_64-fedora-clang, r-devel-linux-x86_64-fedora-gcc, r-devel-windows-ix86+x86_64