CRAN Package Check Results for Package jackknifeKME

Last updated on 2014-04-24 07:52:29.

Flavor Version Tinstall Tcheck Ttotal Status Flags
r-devel-linux-x86_64-debian-clang 1.0 1.21 19.26 20.47 NOTE
r-devel-linux-x86_64-debian-gcc 1.0 1.24 18.77 20.01 NOTE
r-devel-linux-x86_64-fedora-clang 1.0 39.46 NOTE
r-devel-linux-x86_64-fedora-gcc 1.0 37.37 NOTE
r-devel-osx-x86_64-clang 1.0 37.09 NOTE
r-devel-osx-x86_64-gcc 1.0 ERROR
r-devel-windows-ix86+x86_64 1.0 5.00 29.00 34.00 NOTE
r-patched-linux-x86_64 1.0 1.19 18.82 20.01 NOTE
r-patched-solaris-sparc 1.0 223.50 NOTE
r-patched-solaris-x86 1.0 54.80 NOTE
r-release-linux-ix86 1.0 2.00 36.00 38.00 NOTE
r-release-linux-x86_64 1.0 1.18 19.15 20.33 NOTE
r-release-osx-x86_64-mavericks 1.0 WARN
r-release-osx-x86_64-snowleopard 1.0 OK
r-release-windows-ix86+x86_64 1.0 5.00 29.00 34.00 NOTE
r-oldrel-windows-ix86+x86_64 1.0 6.00 32.00 38.00 NOTE

Check Details

Version: 1.0
Check: dependencies in R code
Result: NOTE
    Packages in Depends field not imported from:
     ‘imputeYn’ ‘survival’
     These packages need to be imported from (in the NAMESPACE file)
     for when this namespace is loaded but not attached.
    See the information on DESCRIPTION files in the chapter ‘Creating R
    packages’ of the ‘Writing R Extensions’ manual.
Flavors: r-devel-linux-x86_64-debian-clang, r-devel-linux-x86_64-debian-gcc, r-devel-linux-x86_64-fedora-clang, r-devel-linux-x86_64-fedora-gcc, r-devel-osx-x86_64-clang, r-devel-windows-ix86+x86_64, r-patched-linux-x86_64, r-patched-solaris-sparc, r-patched-solaris-x86, r-release-linux-ix86, r-release-linux-x86_64, r-release-osx-x86_64-mavericks, r-release-windows-ix86+x86_64, r-oldrel-windows-ix86+x86_64

Version: 1.0
Check: package dependencies
Result: ERROR
    Package required but not available: ‘imputeYn’
    
    See the information on DESCRIPTION files in the chapter ‘Creating R
    packages’ of the ‘Writing R Extensions’ manual.
Flavor: r-devel-osx-x86_64-gcc

Version: 1.0
Check: PDF version of manual
Result: WARNING
    LaTeX errors when creating PDF version.
    This typically indicates Rd problems.
    LaTeX errors found:
    ! LaTeX Error: File `upquote.sty' not found.
    
    Type X to quit or <RETURN> to proceed,
    or enter new name. (Default extension: sty)
    
    58f8a56/Rd2.tex:8: ==> Fatal error occurred, no output PDF file produced!
Flavor: r-release-osx-x86_64-mavericks