CRAN Package Check Results for Package jackknifeKME

Last updated on 2014-07-23 19:49:16.

Flavor Version Tinstall Tcheck Ttotal Status Flags
r-devel-linux-x86_64-debian-clang 1.0 1.08 17.87 18.94 NOTE
r-devel-linux-x86_64-debian-gcc 1.0 1.09 17.73 18.82 NOTE
r-devel-linux-x86_64-fedora-clang 1.0 40.95 NOTE
r-devel-linux-x86_64-fedora-gcc 1.0 38.65 NOTE
r-devel-osx-x86_64-clang 1.0 38.53 NOTE
r-devel-windows-ix86+x86_64 1.0 4.00 29.00 33.00 NOTE
r-patched-linux-x86_64 1.0 1.13 17.65 18.78 NOTE
r-patched-solaris-sparc 1.0 223.50 NOTE
r-patched-solaris-x86 1.0 51.70 NOTE
r-release-linux-ix86 1.0 1.79 25.61 27.40 NOTE
r-release-linux-x86_64 1.0 1.26 18.54 19.79 NOTE
r-release-osx-x86_64-mavericks 1.0 NOTE
r-release-osx-x86_64-snowleopard 1.0 OK
r-release-windows-ix86+x86_64 1.0 5.00 32.00 37.00 NOTE
r-oldrel-windows-ix86+x86_64 1.0 5.00 32.00 37.00 NOTE

Check Details

Version: 1.0
Check: dependencies in R code
Result: NOTE
    Packages in Depends field not imported from:
     ‘imputeYn’ ‘survival’
     These packages need to be imported from (in the NAMESPACE file)
     for when this namespace is loaded but not attached.
    See the information on DESCRIPTION files in the chapter ‘Creating R
    packages’ of the ‘Writing R Extensions’ manual.
Flavors: r-devel-linux-x86_64-debian-clang, r-devel-linux-x86_64-debian-gcc, r-devel-linux-x86_64-fedora-clang, r-devel-linux-x86_64-fedora-gcc, r-devel-osx-x86_64-clang, r-devel-windows-ix86+x86_64, r-patched-linux-x86_64, r-patched-solaris-sparc, r-patched-solaris-x86, r-release-linux-ix86, r-release-linux-x86_64, r-release-osx-x86_64-mavericks, r-release-windows-ix86+x86_64, r-oldrel-windows-ix86+x86_64