CRAN Package Check Results for Package jackknifeKME

Last updated on 2014-09-19 23:46:51.

Flavor Version Tinstall Tcheck Ttotal Status Flags
r-devel-linux-x86_64-debian-clang 1.0 1.08 17.60 18.68 NOTE
r-devel-linux-x86_64-debian-gcc 1.0 1.06 17.22 18.28 NOTE
r-devel-linux-x86_64-fedora-clang 1.0 38.07 NOTE
r-devel-linux-x86_64-fedora-gcc 1.0 35.56 NOTE
r-devel-osx-x86_64-clang 1.0 38.04 NOTE
r-devel-windows-ix86+x86_64 1.0 4.00 30.00 34.00 NOTE
r-patched-linux-x86_64 1.0 1.14 18.02 19.16 NOTE
r-patched-solaris-sparc 1.0 228.20 NOTE
r-patched-solaris-x86 1.0 52.70 NOTE
r-release-linux-ix86 1.0 1.57 25.22 26.79 NOTE
r-release-linux-x86_64 1.0 1.16 19.00 20.16 NOTE
r-release-osx-x86_64-mavericks 1.0 NOTE
r-release-osx-x86_64-snowleopard 1.0 OK
r-release-windows-ix86+x86_64 1.0 5.00 31.00 36.00 NOTE
r-oldrel-windows-ix86+x86_64 1.0 5.00 34.00 39.00 NOTE

Check Details

Version: 1.0
Check: dependencies in R code
Result: NOTE
    Packages in Depends field not imported from:
     ‘imputeYn’ ‘survival’
     These packages need to be imported from (in the NAMESPACE file)
     for when this namespace is loaded but not attached.
    See the information on DESCRIPTION files in the chapter ‘Creating R
    packages’ of the ‘Writing R Extensions’ manual.
Flavors: r-devel-linux-x86_64-debian-clang, r-devel-linux-x86_64-debian-gcc, r-devel-linux-x86_64-fedora-clang, r-devel-linux-x86_64-fedora-gcc, r-devel-osx-x86_64-clang, r-devel-windows-ix86+x86_64, r-patched-linux-x86_64, r-patched-solaris-sparc, r-patched-solaris-x86, r-release-linux-ix86, r-release-linux-x86_64, r-release-osx-x86_64-mavericks, r-release-windows-ix86+x86_64, r-oldrel-windows-ix86+x86_64

Version: 1.0
Check: R code for possible problems
Result: NOTE
    jackknifeKME : modkm.est: no visible global function definition for
     ‘imputeYn’
    jackknifeKME : modJbias.kme: no visible global function definition for
     ‘imputeYn’
Flavors: r-devel-linux-x86_64-debian-clang, r-devel-linux-x86_64-debian-gcc, r-devel-linux-x86_64-fedora-clang, r-devel-linux-x86_64-fedora-gcc, r-devel-osx-x86_64-clang, r-devel-windows-ix86+x86_64