CRAN Package Check Results for Package james.analysis

Last updated on 2019-03-19 20:46:53 CET.

Flavor Version Tinstall Tcheck Ttotal Status Flags
r-devel-linux-x86_64-debian-clang 1.0.1 2.64 27.08 29.72 NOTE
r-devel-linux-x86_64-debian-gcc 1.0.1 1.87 20.77 22.64 NOTE
r-devel-linux-x86_64-fedora-clang 1.0.1 35.08 NOTE
r-devel-linux-x86_64-fedora-gcc 1.0.1 32.74 NOTE
r-devel-windows-ix86+x86_64 1.0.1 9.00 50.00 59.00 NOTE
r-patched-linux-x86_64 1.0.1 1.63 25.56 27.19 NOTE
r-patched-solaris-x86 1.0.1 48.20 NOTE
r-release-linux-x86_64 1.0.1 2.00 25.34 27.34 NOTE
r-release-windows-ix86+x86_64 1.0.1 5.00 56.00 61.00 NOTE
r-release-osx-x86_64 1.0.1 NOTE
r-oldrel-windows-ix86+x86_64 1.0.1 3.00 53.00 56.00 NOTE
r-oldrel-osx-x86_64 1.0.1 NOTE

Check Details

Version: 1.0.1
Check: R code for possible problems
Result: NOTE
    boxplot.james: no visible global function definition for 'mtext'
    getBestSolutionValues.james : <anonymous>: no visible global function
     definition for 'tail'
    isMinimizing: no visible global function definition for 'head'
    isMinimizing: no visible global function definition for 'tail'
    mergeJAMES.james: no visible global function definition for 'glob2rx'
    plotConvergence.james : <anonymous> : <anonymous>: no visible global
     function definition for 'tail'
    plotConvergence.james: no visible global function definition for 'tail'
    plotConvergence.james: no visible global function definition for 'head'
    plotConvergence.james : <anonymous>: no visible global function
     definition for 'tail'
    plotConvergence.james: no visible global function definition for
     'matplot'
    plotConvergence.james: no visible global function definition for
     'mtext'
    summary.james: no visible global function definition for 'sd'
    summary.james: no visible global function definition for 'median'
    summary.james: no visible global function definition for 'IQR'
    Undefined global functions or variables:
     IQR glob2rx head matplot median mtext sd tail
    Consider adding
     importFrom("graphics", "matplot", "mtext")
     importFrom("stats", "IQR", "median", "sd")
     importFrom("utils", "glob2rx", "head", "tail")
    to your NAMESPACE file.
Flavors: r-devel-linux-x86_64-debian-clang, r-devel-linux-x86_64-debian-gcc, r-devel-linux-x86_64-fedora-clang, r-devel-linux-x86_64-fedora-gcc, r-devel-windows-ix86+x86_64, r-patched-linux-x86_64, r-patched-solaris-x86, r-release-linux-x86_64, r-release-windows-ix86+x86_64, r-release-osx-x86_64, r-oldrel-windows-ix86+x86_64, r-oldrel-osx-x86_64