CRAN Package Check Results for Package janeaustenr

Last updated on 2022-05-17 11:49:42 CEST.

Flavor Version Tinstall Tcheck Ttotal Status Flags
r-devel-linux-x86_64-debian-clang 0.1.5 3.10 34.80 37.90 OK
r-devel-linux-x86_64-debian-gcc 0.1.5 2.81 27.32 30.13 OK
r-devel-linux-x86_64-fedora-clang 0.1.5 46.87 NOTE
r-devel-linux-x86_64-fedora-gcc 0.1.5 45.67 NOTE
r-devel-windows-x86_64 0.1.5 30.00 55.00 85.00 OK
r-patched-linux-x86_64 0.1.5 3.08 34.08 37.16 OK
r-release-linux-x86_64 0.1.5 3.41 33.34 36.75 OK
r-release-macos-arm64 0.1.5 16.00 NOTE
r-release-macos-x86_64 0.1.5 24.00 NOTE
r-release-windows-x86_64 0.1.5 29.00 53.00 82.00 OK
r-oldrel-macos-arm64 0.1.5 25.00 NOTE
r-oldrel-macos-x86_64 0.1.5 32.00 NOTE
r-oldrel-windows-ix86+x86_64 0.1.5 7.00 47.00 54.00 OK

Check Details

Version: 0.1.5
Check: data for non-ASCII characters
Result: NOTE
     Note: found 1 marked UTF-8 string
Flavors: r-devel-linux-x86_64-fedora-clang, r-devel-linux-x86_64-fedora-gcc, r-release-macos-arm64, r-release-macos-x86_64, r-oldrel-macos-arm64, r-oldrel-macos-x86_64