CRAN Package Check Results for Package jgcricolors

Last updated on 2022-01-24 20:49:37 CET.

Flavor Version Tinstall Tcheck Ttotal Status Flags
r-devel-linux-x86_64-debian-clang 1.0.0 2.40 52.92 55.32 OK
r-devel-linux-x86_64-debian-gcc 1.0.0 1.48 39.35 40.83 OK
r-devel-linux-x86_64-fedora-clang 1.0.0 67.98 NOTE
r-devel-linux-x86_64-fedora-gcc 1.0.0 55.79 NOTE
r-devel-windows-x86_64-new-UL 1.0.0 27.00 76.00 103.00 OK
r-devel-windows-x86_64-new-TK 1.0.0 NOTE
r-patched-linux-x86_64 1.0.0 2.44 47.00 49.44 OK
r-release-linux-x86_64 1.0.0 2.24 47.55 49.79 OK
r-release-macos-arm64 1.0.0 NOTE
r-release-macos-x86_64 1.0.0 NOTE
r-release-windows-ix86+x86_64 1.0.0 6.00 60.00 66.00 OK
r-oldrel-macos-x86_64 1.0.0 NOTE
r-oldrel-windows-ix86+x86_64 1.0.0 6.00 66.00 72.00 OK

Check Details

Version: 1.0.0
Check: dependencies in R code
Result: NOTE
    Namespaces in Imports field not imported from:
     ‘RColorBrewer’ ‘ggplot2’ ‘knitr’ ‘markdown’
     All declared Imports should be used.
Flavors: r-devel-linux-x86_64-fedora-clang, r-devel-linux-x86_64-fedora-gcc, r-devel-windows-x86_64-new-TK, r-release-macos-arm64, r-release-macos-x86_64, r-oldrel-macos-x86_64