CRAN Package Check Results for Package jmcm

Last updated on 2020-12-05 07:49:16 CET.

Flavor Version Tinstall Tcheck Ttotal Status Flags
r-devel-linux-x86_64-debian-clang 0.2.2 73.10 134.23 207.33 OK
r-devel-linux-x86_64-debian-gcc 0.2.2 44.62 147.09 191.71 OK
r-devel-linux-x86_64-fedora-clang 0.2.2 267.21 NOTE
r-devel-linux-x86_64-fedora-gcc 0.2.2 290.21 NOTE
r-devel-windows-ix86+x86_64 0.2.2 144.00 352.00 496.00 OK
r-patched-linux-x86_64 0.2.2 51.92 172.66 224.58 OK
r-patched-solaris-x86 0.2.2 424.30 NOTE
r-release-linux-x86_64 0.2.2 53.85 174.83 228.68 OK
r-release-macos-x86_64 0.2.2 NOTE
r-release-windows-ix86+x86_64 0.2.2 117.00 327.00 444.00 OK
r-oldrel-macos-x86_64 0.2.2 NOTE
r-oldrel-windows-ix86+x86_64 0.2.2 133.00 545.00 678.00 OK

Check Details

Version: 0.2.2
Check: installed package size
Result: NOTE
     installed size is 6.4Mb
     sub-directories of 1Mb or more:
     libs 5.2Mb
Flavors: r-devel-linux-x86_64-fedora-clang, r-release-macos-x86_64, r-oldrel-macos-x86_64

Version: 0.2.2
Check: dependencies in R code
Result: NOTE
    Namespace in Imports field not imported from: ‘lattice’
     All declared Imports should be used.
Flavors: r-devel-linux-x86_64-fedora-clang, r-devel-linux-x86_64-fedora-gcc, r-patched-solaris-x86, r-release-macos-x86_64, r-oldrel-macos-x86_64