Last updated on 2023-12-06 12:53:37 CET.
Flavor | Version | Tinstall | Tcheck | Ttotal | Status | Flags |
---|---|---|---|---|---|---|
r-devel-linux-x86_64-debian-clang | 0.2.4 | 49.11 | 52.29 | 101.40 | NOTE | |
r-devel-linux-x86_64-debian-gcc | 0.2.4 | 37.17 | 38.97 | 76.14 | NOTE | |
r-devel-linux-x86_64-fedora-clang | 0.2.4 | 142.54 | NOTE | |||
r-devel-linux-x86_64-fedora-gcc | 0.2.4 | 154.99 | NOTE | |||
r-devel-windows-x86_64 | 0.2.4 | 40.00 | 85.00 | 125.00 | NOTE | |
r-patched-linux-x86_64 | 0.2.4 | 45.27 | 50.08 | 95.35 | NOTE | |
r-release-linux-x86_64 | 0.2.4 | 46.60 | 50.54 | 97.14 | NOTE | |
r-release-macos-arm64 | 0.2.4 | 48.00 | NOTE | |||
r-release-macos-x86_64 | 0.2.4 | 83.00 | NOTE | |||
r-release-windows-x86_64 | 0.2.4 | 50.00 | 103.00 | 153.00 | NOTE | |
r-oldrel-macos-arm64 | 0.2.4 | 41.00 | NOTE | |||
r-oldrel-macos-x86_64 | 0.2.4 | 55.00 | NOTE | |||
r-oldrel-windows-x86_64 | 0.2.4 | 50.00 | 97.00 | 147.00 | OK |
Version: 0.2.4
Check: C++ specification
Result: NOTE
Specified C++11: please drop specification unless essential
Flavors: r-devel-linux-x86_64-debian-clang, r-devel-linux-x86_64-debian-gcc, r-devel-linux-x86_64-fedora-clang, r-devel-linux-x86_64-fedora-gcc, r-devel-windows-x86_64, r-patched-linux-x86_64, r-release-linux-x86_64, r-release-macos-arm64, r-release-macos-x86_64, r-release-windows-x86_64
Version: 0.2.4
Check: installed package size
Result: NOTE
installed size is 6.1Mb
sub-directories of 1Mb or more:
libs 4.8Mb
Flavors: r-release-macos-arm64, r-release-macos-x86_64, r-oldrel-macos-arm64, r-oldrel-macos-x86_64