CRAN Package Check Results for Package jmec

Last updated on 2014-07-24 03:48:50.

Flavor Version Tinstall Tcheck Ttotal Status Flags
r-devel-linux-x86_64-debian-clang 1.0-4 1.13 28.72 29.85 OK
r-devel-linux-x86_64-debian-gcc 1.0-4 1.14 29.38 30.52 OK
r-devel-linux-x86_64-fedora-clang 1.0-4 64.52 NOTE
r-devel-linux-x86_64-fedora-gcc 1.0-4 60.86 NOTE
r-devel-osx-x86_64-clang 1.0-4 49.05 OK
r-devel-windows-ix86+x86_64 1.0-4 5.00 70.00 75.00 OK
r-patched-linux-x86_64 1.0-4 1.15 29.91 31.06 OK
r-patched-solaris-sparc 1.0-4 359.20 OK
r-patched-solaris-x86 1.0-4 79.10 OK
r-release-linux-ix86 1.0-4 1.65 38.75 40.40 OK
r-release-linux-x86_64 1.0-4 1.20 29.42 30.62 OK
r-release-osx-x86_64-mavericks 1.0-4 OK
r-release-osx-x86_64-snowleopard 1.0-4 WARN
r-release-windows-ix86+x86_64 1.0-4 6.00 75.00 81.00 OK
r-oldrel-windows-ix86+x86_64 1.0-4 6.00 102.00 108.00 OK

Check Details

Version: 1.0-4
Check: top-level files
Result: NOTE
    Non-standard file/directory found at top level:
     ‘jmec-Ex.R’
Flavors: r-devel-linux-x86_64-fedora-clang, r-devel-linux-x86_64-fedora-gcc

Version: 1.0-4
Check: examples
Result: WARNING
    checking a package with encoding 'latin1' in an ASCII locale
    
     OK
Flavor: r-release-osx-x86_64-snowleopard