CRAN Package Check Results for Package jmotif

Last updated on 2022-12-05 11:51:42 CET.

Flavor Version Tinstall Tcheck Ttotal Status Flags
r-devel-linux-x86_64-debian-clang 1.1.1 251.09 38.33 289.42 OK
r-devel-linux-x86_64-debian-gcc 1.1.1 211.77 30.49 242.26 OK
r-devel-linux-x86_64-fedora-clang 1.1.1 493.28 OK
r-devel-linux-x86_64-fedora-gcc 1.1.1 412.06 OK
r-devel-windows-x86_64 1.1.1 209.00 93.00 302.00 OK
r-patched-linux-x86_64 1.1.1 225.62 36.53 262.15 OK
r-release-linux-x86_64 1.1.1 231.72 37.64 269.36 OK
r-release-macos-arm64 1.1.1 86.00 NOTE
r-release-macos-x86_64 1.1.1 120.00 NOTE
r-release-windows-x86_64 1.1.1 224.00 94.00 318.00 OK
r-oldrel-macos-arm64 1.1.1 88.00 NOTE
r-oldrel-macos-x86_64 1.1.1 188.00 NOTE
r-oldrel-windows-ix86+x86_64 1.1.1 662.00 101.00 763.00 OK

Check Details

Version: 1.1.1
Check: installed package size
Result: NOTE
     installed size is 7.0Mb
     sub-directories of 1Mb or more:
     data 1.1Mb
     libs 5.8Mb
Flavors: r-release-macos-arm64, r-release-macos-x86_64, r-oldrel-macos-arm64, r-oldrel-macos-x86_64