CRAN Package Check Results for Package jmv

Last updated on 2020-10-25 17:50:32 CET.

Flavor Version Tinstall Tcheck Ttotal Status Flags
r-devel-linux-x86_64-debian-clang 1.2.23 84.03 108.54 192.57 OK
r-devel-linux-x86_64-debian-gcc 1.2.23 74.21 80.79 155.00 OK
r-devel-linux-x86_64-fedora-clang 1.2.23 276.53 NOTE
r-devel-linux-x86_64-fedora-gcc 1.2.23 265.77 NOTE
r-devel-windows-ix86+x86_64 1.2.23 131.00 134.00 265.00 OK
r-patched-linux-x86_64 1.2.23 58.91 99.67 158.58 OK
r-patched-solaris-x86 1.2.23 304.70 NOTE
r-release-linux-x86_64 1.2.23 61.21 100.87 162.08 OK
r-release-macos-x86_64 1.2.23 NOTE
r-release-windows-ix86+x86_64 1.2.23 87.00 104.00 191.00 OK
r-oldrel-macos-x86_64 1.2.23 NOTE
r-oldrel-windows-ix86+x86_64 1.2.23 128.00 129.00 257.00 OK

Check Details

Version: 1.2.23
Check: dependencies in R code
Result: NOTE
    Namespaces in Imports field not imported from:
     ‘BayesFactor’ ‘GGally’ ‘GPArotation’ ‘MASS’ ‘PMCMR’ ‘R6’ ‘ROCR’
     ‘afex’ ‘car’ ‘emmeans’ ‘ggridges’ ‘lavaan’ ‘multcomp’ ‘mvnormtest’
     ‘nnet’ ‘psych’ ‘vcd’ ‘vcdExtra’
     All declared Imports should be used.
Flavors: r-devel-linux-x86_64-fedora-clang, r-devel-linux-x86_64-fedora-gcc, r-patched-solaris-x86, r-release-macos-x86_64, r-oldrel-macos-x86_64