CRAN Package Check Results for Package jmv

Last updated on 2020-08-03 13:49:01 CEST.

Flavor Version Tinstall Tcheck Ttotal Status Flags
r-devel-linux-x86_64-debian-clang 1.2.23 91.88 103.36 195.24 OK
r-devel-linux-x86_64-debian-gcc 1.2.23 78.62 78.13 156.75 OK
r-devel-linux-x86_64-fedora-clang 1.2.23 237.00 NOTE
r-devel-linux-x86_64-fedora-gcc 1.2.23 192.52 NOTE
r-devel-windows-ix86+x86_64 1.2.23 147.00 117.00 264.00 OK
r-patched-linux-x86_64 1.2.23 65.15 101.19 166.34 OK
r-patched-solaris-x86 1.2.23 301.70 NOTE
r-release-linux-x86_64 1.2.23 64.76 100.45 165.21 OK
r-release-macos-x86_64 1.2.23 NOTE
r-release-windows-ix86+x86_64 1.2.23 146.00 161.00 307.00 OK
r-oldrel-macos-x86_64 1.2.23 NOTE
r-oldrel-windows-ix86+x86_64 1.2.23 85.00 105.00 190.00 OK

Check Details

Version: 1.2.23
Check: dependencies in R code
Result: NOTE
    Namespaces in Imports field not imported from:
     ‘BayesFactor’ ‘GGally’ ‘GPArotation’ ‘MASS’ ‘PMCMR’ ‘R6’ ‘ROCR’
     ‘afex’ ‘car’ ‘emmeans’ ‘ggridges’ ‘lavaan’ ‘multcomp’ ‘mvnormtest’
     ‘nnet’ ‘psych’ ‘vcd’ ‘vcdExtra’
     All declared Imports should be used.
Flavors: r-devel-linux-x86_64-fedora-clang, r-devel-linux-x86_64-fedora-gcc, r-patched-solaris-x86, r-release-macos-x86_64, r-oldrel-macos-x86_64