CRAN Package Check Results for Package jmvReadWrite

Last updated on 2022-07-03 09:52:47 CEST.

Flavor Version Tinstall Tcheck Ttotal Status Flags
r-devel-linux-x86_64-debian-clang 0.3.2 4.22 60.83 65.05 OK
r-devel-linux-x86_64-debian-gcc 0.3.2 2.75 41.60 44.35 ERROR
r-devel-linux-x86_64-fedora-clang 0.3.2 81.03 ERROR
r-devel-linux-x86_64-fedora-gcc 0.3.2 84.81 ERROR
r-devel-windows-x86_64 0.3.2 62.00 102.00 164.00 ERROR
r-patched-linux-x86_64 0.3.2 4.18 52.08 56.26 OK
r-release-linux-x86_64 0.3.2 2.82 53.66 56.48 OK
r-release-macos-arm64 0.3.2 38.00 OK
r-release-macos-x86_64 0.3.2 52.00 OK
r-release-windows-x86_64 0.3.2 9.00 104.00 113.00 OK
r-oldrel-macos-arm64 0.3.2 40.00 OK
r-oldrel-macos-x86_64 0.3.2 68.00 OK
r-oldrel-windows-ix86+x86_64 0.3.2 8.00 73.00 81.00 OK

Check Details

Version: 0.3.2
Check: tests
Result: ERROR
     Running ‘testthat.R’ [3s/7s]
    Running the tests in ‘tests/testthat.R’ failed.
    Complete output:
     > if (nzchar(system.file(package = "testthat"))) {
     + library(testthat)
     + library(jmvReadWrite)
     +
     + test_check("jmvReadWrite")
     + }
    
     Attaching package: 'jmvReadWrite'
    
     The following object is masked from 'package:datasets':
    
     ToothGrowth
    
     [ FAIL 3 | WARN 3 | SKIP 0 | PASS 150 ]
    
     ══ Failed tests ════════════════════════════════════════════════════════════════
     ── Error (test-merge_rows_omv.R:8:5): merge_rows_omv works ─────────────────────
     Error in `gsub(lstRpl[1, i], lstRpl[2, i], strMod)`: 'pattern' is invalid
     Backtrace:
     ▆
     1. └─jmvReadWrite::merge_rows_omv(fleInp = nmeInp, fleOut = nmeOut) at test-merge_rows_omv.R:8:4
     2. ├─jmvReadWrite:::addInd(...)
     3. └─jmvReadWrite:::read_all(fleInp[i], usePkg, selSet, varArg)
     4. └─jmvReadWrite:::rplAtt(dtaFrm)
     5. └─jmvReadWrite:::rplStr(attr(dtaFrm, crrAtt), crrAtt)
     6. └─base::gsub(lstRpl[1, i], lstRpl[2, i], strMod)
     ── Error (test-read_omv.R:71:5): read_all works ────────────────────────────────
     Error in `gsub(lstRpl[1, i], lstRpl[2, i], strMod)`: 'pattern' is invalid
     Backtrace:
     ▆
     1. └─jmvReadWrite:::read_all(file.path("..", "ToothGrowth.omv")) at test-read_omv.R:71:4
     2. └─jmvReadWrite:::rplAtt(dtaFrm)
     3. └─jmvReadWrite:::rplStr(attr(dtaFrm, crrAtt), crrAtt)
     4. └─base::gsub(lstRpl[1, i], lstRpl[2, i], strMod)
     ── Error (test-sort_omv.R:6:5): sort_omv works ─────────────────────────────────
     Error in `gsub(lstRpl[1, i], lstRpl[2, i], strMod)`: 'pattern' is invalid
     Backtrace:
     ▆
     1. └─jmvReadWrite::sort_omv(nmeInp, nmeOut, varSrt = "Image") at test-sort_omv.R:6:4
     2. └─jmvReadWrite:::read_all(fleInp, usePkg, selSet, varArg)
     3. └─jmvReadWrite:::rplAtt(dtaFrm)
     4. └─jmvReadWrite:::rplStr(attr(dtaFrm, crrAtt), crrAtt)
     5. └─base::gsub(lstRpl[1, i], lstRpl[2, i], strMod)
    
     [ FAIL 3 | WARN 3 | SKIP 0 | PASS 150 ]
     Error: Test failures
     Execution halted
Flavor: r-devel-linux-x86_64-debian-gcc

Version: 0.3.2
Check: tests
Result: ERROR
     Running ‘testthat.R’ [6s/12s]
    Running the tests in ‘tests/testthat.R’ failed.
    Complete output:
     > if (nzchar(system.file(package = "testthat"))) {
     + library(testthat)
     + library(jmvReadWrite)
     +
     + test_check("jmvReadWrite")
     + }
    
     Attaching package: 'jmvReadWrite'
    
     The following object is masked from 'package:datasets':
    
     ToothGrowth
    
     [ FAIL 3 | WARN 3 | SKIP 0 | PASS 150 ]
    
     ══ Failed tests ════════════════════════════════════════════════════════════════
     ── Error (test-merge_rows_omv.R:8:5): merge_rows_omv works ─────────────────────
     Error in `gsub(lstRpl[1, i], lstRpl[2, i], strMod)`: 'pattern' is invalid
     Backtrace:
     ▆
     1. └─jmvReadWrite::merge_rows_omv(fleInp = nmeInp, fleOut = nmeOut) at test-merge_rows_omv.R:8:4
     2. ├─jmvReadWrite:::addInd(...)
     3. └─jmvReadWrite:::read_all(fleInp[i], usePkg, selSet, varArg)
     4. └─jmvReadWrite:::rplAtt(dtaFrm)
     5. └─jmvReadWrite:::rplStr(attr(dtaFrm, crrAtt), crrAtt)
     6. └─base::gsub(lstRpl[1, i], lstRpl[2, i], strMod)
     ── Error (test-read_omv.R:71:5): read_all works ────────────────────────────────
     Error in `gsub(lstRpl[1, i], lstRpl[2, i], strMod)`: 'pattern' is invalid
     Backtrace:
     ▆
     1. └─jmvReadWrite:::read_all(file.path("..", "ToothGrowth.omv")) at test-read_omv.R:71:4
     2. └─jmvReadWrite:::rplAtt(dtaFrm)
     3. └─jmvReadWrite:::rplStr(attr(dtaFrm, crrAtt), crrAtt)
     4. └─base::gsub(lstRpl[1, i], lstRpl[2, i], strMod)
     ── Error (test-sort_omv.R:6:5): sort_omv works ─────────────────────────────────
     Error in `gsub(lstRpl[1, i], lstRpl[2, i], strMod)`: 'pattern' is invalid
     Backtrace:
     ▆
     1. └─jmvReadWrite::sort_omv(nmeInp, nmeOut, varSrt = "Image") at test-sort_omv.R:6:4
     2. └─jmvReadWrite:::read_all(fleInp, usePkg, selSet, varArg)
     3. └─jmvReadWrite:::rplAtt(dtaFrm)
     4. └─jmvReadWrite:::rplStr(attr(dtaFrm, crrAtt), crrAtt)
     5. └─base::gsub(lstRpl[1, i], lstRpl[2, i], strMod)
    
     [ FAIL 3 | WARN 3 | SKIP 0 | PASS 150 ]
     Error: Test failures
     Execution halted
Flavor: r-devel-linux-x86_64-fedora-clang

Version: 0.3.2
Check: tests
Result: ERROR
     Running ‘testthat.R’ [6s/36s]
    Running the tests in ‘tests/testthat.R’ failed.
    Complete output:
     > if (nzchar(system.file(package = "testthat"))) {
     + library(testthat)
     + library(jmvReadWrite)
     +
     + test_check("jmvReadWrite")
     + }
    
     Attaching package: 'jmvReadWrite'
    
     The following object is masked from 'package:datasets':
    
     ToothGrowth
    
     [ FAIL 3 | WARN 3 | SKIP 0 | PASS 150 ]
    
     ══ Failed tests ════════════════════════════════════════════════════════════════
     ── Error (test-merge_rows_omv.R:8:5): merge_rows_omv works ─────────────────────
     Error in `gsub(lstRpl[1, i], lstRpl[2, i], strMod)`: 'pattern' is invalid
     Backtrace:
     ▆
     1. └─jmvReadWrite::merge_rows_omv(fleInp = nmeInp, fleOut = nmeOut) at test-merge_rows_omv.R:8:4
     2. ├─jmvReadWrite:::addInd(...)
     3. └─jmvReadWrite:::read_all(fleInp[i], usePkg, selSet, varArg)
     4. └─jmvReadWrite:::rplAtt(dtaFrm)
     5. └─jmvReadWrite:::rplStr(attr(dtaFrm, crrAtt), crrAtt)
     6. └─base::gsub(lstRpl[1, i], lstRpl[2, i], strMod)
     ── Error (test-read_omv.R:71:5): read_all works ────────────────────────────────
     Error in `gsub(lstRpl[1, i], lstRpl[2, i], strMod)`: 'pattern' is invalid
     Backtrace:
     ▆
     1. └─jmvReadWrite:::read_all(file.path("..", "ToothGrowth.omv")) at test-read_omv.R:71:4
     2. └─jmvReadWrite:::rplAtt(dtaFrm)
     3. └─jmvReadWrite:::rplStr(attr(dtaFrm, crrAtt), crrAtt)
     4. └─base::gsub(lstRpl[1, i], lstRpl[2, i], strMod)
     ── Error (test-sort_omv.R:6:5): sort_omv works ─────────────────────────────────
     Error in `gsub(lstRpl[1, i], lstRpl[2, i], strMod)`: 'pattern' is invalid
     Backtrace:
     ▆
     1. └─jmvReadWrite::sort_omv(nmeInp, nmeOut, varSrt = "Image") at test-sort_omv.R:6:4
     2. └─jmvReadWrite:::read_all(fleInp, usePkg, selSet, varArg)
     3. └─jmvReadWrite:::rplAtt(dtaFrm)
     4. └─jmvReadWrite:::rplStr(attr(dtaFrm, crrAtt), crrAtt)
     5. └─base::gsub(lstRpl[1, i], lstRpl[2, i], strMod)
    
     [ FAIL 3 | WARN 3 | SKIP 0 | PASS 150 ]
     Error: Test failures
     Execution halted
Flavor: r-devel-linux-x86_64-fedora-gcc

Version: 0.3.2
Check: tests
Result: ERROR
     Running 'testthat.R' [6s]
    Running the tests in 'tests/testthat.R' failed.
    Complete output:
     > if (nzchar(system.file(package = "testthat"))) {
     + library(testthat)
     + library(jmvReadWrite)
     +
     + test_check("jmvReadWrite")
     + }
    
     Attaching package: 'jmvReadWrite'
    
     The following object is masked from 'package:datasets':
    
     ToothGrowth
    
     [ FAIL 3 | WARN 3 | SKIP 0 | PASS 150 ]
    
     ══ Failed tests ════════════════════════════════════════════════════════════════
     ── Error (test-merge_rows_omv.R:8:5): merge_rows_omv works ─────────────────────
     Error in `gsub(lstRpl[1, i], lstRpl[2, i], strMod)`: 'pattern' is invalid
     Backtrace:
     ▆
     1. └─jmvReadWrite::merge_rows_omv(fleInp = nmeInp, fleOut = nmeOut) at test-merge_rows_omv.R:8:4
     2. ├─jmvReadWrite:::addInd(...)
     3. └─jmvReadWrite:::read_all(fleInp[i], usePkg, selSet, varArg)
     4. └─jmvReadWrite:::rplAtt(dtaFrm)
     5. └─jmvReadWrite:::rplStr(attr(dtaFrm, crrAtt), crrAtt)
     6. └─base::gsub(lstRpl[1, i], lstRpl[2, i], strMod)
     ── Error (test-read_omv.R:71:5): read_all works ────────────────────────────────
     Error in `gsub(lstRpl[1, i], lstRpl[2, i], strMod)`: 'pattern' is invalid
     Backtrace:
     ▆
     1. └─jmvReadWrite:::read_all(file.path("..", "ToothGrowth.omv")) at test-read_omv.R:71:4
     2. └─jmvReadWrite:::rplAtt(dtaFrm)
     3. └─jmvReadWrite:::rplStr(attr(dtaFrm, crrAtt), crrAtt)
     4. └─base::gsub(lstRpl[1, i], lstRpl[2, i], strMod)
     ── Error (test-sort_omv.R:6:5): sort_omv works ─────────────────────────────────
     Error in `gsub(lstRpl[1, i], lstRpl[2, i], strMod)`: 'pattern' is invalid
     Backtrace:
     ▆
     1. └─jmvReadWrite::sort_omv(nmeInp, nmeOut, varSrt = "Image") at test-sort_omv.R:6:4
     2. └─jmvReadWrite:::read_all(fleInp, usePkg, selSet, varArg)
     3. └─jmvReadWrite:::rplAtt(dtaFrm)
     4. └─jmvReadWrite:::rplStr(attr(dtaFrm, crrAtt), crrAtt)
     5. └─base::gsub(lstRpl[1, i], lstRpl[2, i], strMod)
    
     [ FAIL 3 | WARN 3 | SKIP 0 | PASS 150 ]
     Error: Test failures
     Execution halted
Flavor: r-devel-windows-x86_64