CRAN Package Check Results for Package joineR

Last updated on 2015-05-29 03:48:06.

Flavor Version Tinstall Tcheck Ttotal Status Flags
r-devel-linux-x86_64-debian-clang 1.0-3 1.71 53.54 55.25 NOTE
r-devel-linux-x86_64-debian-gcc 1.0-3 1.70 53.80 55.49 NOTE
r-devel-linux-x86_64-fedora-clang 1.0-3 110.91 NOTE
r-devel-linux-x86_64-fedora-gcc 1.0-3 105.68 NOTE
r-devel-osx-x86_64-clang 1.0-3 110.40 NOTE
r-devel-windows-ix86+x86_64 1.0-3 5.00 86.00 91.00 NOTE
r-patched-linux-x86_64 1.0-3 1.62 55.21 56.83 NOTE
r-patched-solaris-sparc 1.0-3 676.10 NOTE
r-patched-solaris-x86 1.0-3 153.30 NOTE
r-release-linux-x86_64 1.0-3 1.88 54.97 56.85 NOTE
r-release-osx-x86_64-mavericks 1.0-3 NOTE
r-release-osx-x86_64-snowleopard 1.0-3 NOTE
r-release-windows-ix86+x86_64 1.0-3 6.00 85.00 91.00 NOTE
r-oldrel-windows-ix86+x86_64 1.0-3 8.00 91.00 99.00 NOTE

Check Details

Version: 1.0-3
Check: package dependencies
Result: NOTE
    Depends: includes the non-default packages:
     ‘nlme’ ‘MASS’ ‘boot’ ‘survival’ ‘lattice’ ‘statmod’ ‘gdata’
    Adding so many packages to the search path is excessive and importing
    selectively is preferable.
Flavors: r-devel-linux-x86_64-debian-clang, r-devel-linux-x86_64-debian-gcc, r-devel-linux-x86_64-fedora-clang, r-devel-linux-x86_64-fedora-gcc, r-devel-osx-x86_64-clang, r-devel-windows-ix86+x86_64, r-patched-linux-x86_64, r-patched-solaris-sparc, r-patched-solaris-x86, r-release-linux-x86_64, r-release-osx-x86_64-mavericks, r-release-osx-x86_64-snowleopard, r-release-windows-ix86+x86_64, r-oldrel-windows-ix86+x86_64

Version: 1.0-3
Check: S3 generic/method consistency
Result: NOTE
    Found the following apparent S3 methods exported but not registered:
     lines.jointdata plot.jointdata plot.vargm points.jointdata
     subset.jointdata summary.joint summary.jointdata
    See section ‘Registering S3 methods’ in the ‘Writing R Extensions’
    manual.
Flavors: r-devel-linux-x86_64-debian-clang, r-devel-linux-x86_64-debian-gcc, r-devel-linux-x86_64-fedora-clang, r-devel-linux-x86_64-fedora-gcc, r-devel-osx-x86_64-clang, r-patched-linux-x86_64, r-patched-solaris-sparc, r-patched-solaris-x86, r-release-linux-x86_64