CRAN Package Check Results for Package joineR

Last updated on 2014-04-24 09:49:03.

Flavor Version Tinstall Tcheck Ttotal Status Flags
r-devel-linux-x86_64-debian-clang 1.0-3 1.74 66.02 67.77 NOTE
r-devel-linux-x86_64-debian-gcc 1.0-3 1.83 63.88 65.71 NOTE
r-devel-linux-x86_64-fedora-clang 1.0-3 134.59 NOTE
r-devel-linux-x86_64-fedora-gcc 1.0-3 130.15 NOTE
r-devel-osx-x86_64-clang 1.0-3 113.88 NOTE
r-devel-osx-x86_64-gcc 1.0-3 NOTE
r-devel-windows-ix86+x86_64 1.0-3 7.00 102.00 109.00 NOTE
r-patched-linux-x86_64 1.0-3 1.72 64.12 65.84 NOTE
r-patched-solaris-sparc 1.0-3 722.00 NOTE
r-patched-solaris-x86 1.0-3 170.20 NOTE
r-release-linux-ix86 1.0-3 3.00 120.00 123.00 NOTE
r-release-linux-x86_64 1.0-3 1.81 64.82 66.64 NOTE
r-release-osx-x86_64-mavericks 1.0-3 WARN
r-release-osx-x86_64-snowleopard 1.0-3 NOTE
r-release-windows-ix86+x86_64 1.0-3 7.00 99.00 106.00 NOTE
r-oldrel-windows-ix86+x86_64 1.0-3 7.00 90.00 97.00 OK

Check Details

Version: 1.0-3
Check: package dependencies
Result: NOTE
    Depends: includes the non-default packages:
     ‘nlme’ ‘MASS’ ‘boot’ ‘survival’ ‘lattice’ ‘statmod’ ‘gdata’
    Adding so many packages to the search path is excessive and importing
    selectively is preferable.
Flavors: r-devel-linux-x86_64-debian-clang, r-devel-linux-x86_64-debian-gcc, r-devel-linux-x86_64-fedora-clang, r-devel-linux-x86_64-fedora-gcc, r-devel-osx-x86_64-clang, r-devel-osx-x86_64-gcc, r-devel-windows-ix86+x86_64, r-patched-linux-x86_64, r-patched-solaris-sparc, r-patched-solaris-x86, r-release-linux-ix86, r-release-linux-x86_64, r-release-osx-x86_64-mavericks, r-release-osx-x86_64-snowleopard, r-release-windows-ix86+x86_64

Version: 1.0-3
Check: PDF version of manual
Result: WARNING
    LaTeX errors when creating PDF version.
    This typically indicates Rd problems.
    LaTeX errors found:
    ! LaTeX Error: File `upquote.sty' not found.
    
    Type X to quit or <RETURN> to proceed,
    or enter new name. (Default extension: sty)
    
    c424bd1/Rd2.tex:8: ==> Fatal error occurred, no output PDF file produced!
Flavor: r-release-osx-x86_64-mavericks