CRAN Package Check Results for Package joineR

Last updated on 2014-08-29 02:47:45.

Flavor Version Tinstall Tcheck Ttotal Status Flags
r-devel-linux-x86_64-debian-clang 1.0-3 1.58 58.28 59.85 NOTE
r-devel-linux-x86_64-debian-gcc 1.0-3 1.54 58.66 60.20 NOTE
r-devel-linux-x86_64-fedora-clang 1.0-3 133.38 NOTE
r-devel-linux-x86_64-fedora-gcc 1.0-3 121.62 NOTE
r-devel-osx-x86_64-clang 1.0-3 114.65 NOTE
r-devel-windows-ix86+x86_64 1.0-3 6.00 99.00 105.00 NOTE
r-patched-linux-x86_64 1.0-3 1.66 61.64 63.29 NOTE
r-patched-solaris-sparc 1.0-3 749.90 NOTE
r-patched-solaris-x86 1.0-3 170.70 NOTE
r-release-linux-ix86 1.0-3 2.60 90.96 93.56 NOTE
r-release-linux-x86_64 1.0-3 1.70 61.55 63.25 NOTE
r-release-osx-x86_64-mavericks 1.0-3 NOTE
r-release-osx-x86_64-snowleopard 1.0-3 NOTE
r-release-windows-ix86+x86_64 1.0-3 8.00 97.00 105.00 NOTE
r-oldrel-windows-ix86+x86_64 1.0-3 8.00 89.00 97.00 OK

Check Details

Version: 1.0-3
Check: package dependencies
Result: NOTE
    Depends: includes the non-default packages:
     ‘nlme’ ‘MASS’ ‘boot’ ‘survival’ ‘lattice’ ‘statmod’ ‘gdata’
    Adding so many packages to the search path is excessive and importing
    selectively is preferable.
Flavors: r-devel-linux-x86_64-debian-clang, r-devel-linux-x86_64-debian-gcc, r-devel-linux-x86_64-fedora-clang, r-devel-linux-x86_64-fedora-gcc, r-devel-osx-x86_64-clang, r-devel-windows-ix86+x86_64, r-patched-linux-x86_64, r-patched-solaris-sparc, r-patched-solaris-x86, r-release-linux-ix86, r-release-linux-x86_64, r-release-osx-x86_64-mavericks, r-release-osx-x86_64-snowleopard, r-release-windows-ix86+x86_64