CRAN Package Check Results for Package joineR

Last updated on 2015-04-02 08:49:32.

Flavor Version Tinstall Tcheck Ttotal Status Flags
r-devel-linux-x86_64-debian-clang 1.0-3 1.69 52.02 53.71 NOTE
r-devel-linux-x86_64-debian-gcc 1.0-3 1.46 51.62 53.07 NOTE
r-devel-linux-x86_64-fedora-clang 1.0-3 108.19 NOTE
r-devel-linux-x86_64-fedora-gcc 1.0-3 113.22 NOTE
r-devel-osx-x86_64-clang 1.0-3 117.64 NOTE
r-prerel-windows-ix86+x86_64 1.0-3 10.00 85.00 95.00 NOTE
r-prerel-linux-x86_64 1.0-3 1.46 52.78 54.24 NOTE
r-prerel-solaris-sparc 1.0-3 673.10 NOTE
r-prerel-solaris-x86 1.0-3 148.20 NOTE
r-release-linux-x86_64 1.0-3 1.84 67.05 68.89 NOTE
r-release-osx-x86_64-mavericks 1.0-3 NOTE
r-release-osx-x86_64-snowleopard 1.0-3 NOTE
r-release-windows-ix86+x86_64 1.0-3 8.00 102.00 110.00 NOTE
r-oldrel-windows-ix86+x86_64 1.0-3 9.00 88.00 97.00 OK

Check Details

Version: 1.0-3
Check: package dependencies
Result: NOTE
    Depends: includes the non-default packages:
     ‘nlme’ ‘MASS’ ‘boot’ ‘survival’ ‘lattice’ ‘statmod’ ‘gdata’
    Adding so many packages to the search path is excessive and importing
    selectively is preferable.
Flavors: r-devel-linux-x86_64-debian-clang, r-devel-linux-x86_64-debian-gcc, r-devel-linux-x86_64-fedora-clang, r-devel-linux-x86_64-fedora-gcc, r-devel-osx-x86_64-clang, r-prerel-windows-ix86+x86_64, r-prerel-linux-x86_64, r-prerel-solaris-sparc, r-prerel-solaris-x86, r-release-linux-x86_64, r-release-osx-x86_64-mavericks, r-release-osx-x86_64-snowleopard, r-release-windows-ix86+x86_64

Version: 1.0-3
Check: S3 generic/method consistency
Result: NOTE
    Found the following apparent S3 methods exported but not registered:
     lines.jointdata plot.jointdata plot.vargm points.jointdata
     subset.jointdata summary.joint summary.jointdata
    See section ‘Registering S3 methods’ in the ‘Writing R Extensions’
    manual.
Flavors: r-devel-linux-x86_64-debian-clang, r-devel-linux-x86_64-debian-gcc, r-devel-linux-x86_64-fedora-clang, r-devel-linux-x86_64-fedora-gcc, r-devel-osx-x86_64-clang, r-prerel-linux-x86_64