CRAN Package Check Results for Package joineR

Last updated on 2015-03-05 22:47:28.

Flavor Version Tinstall Tcheck Ttotal Status Flags
r-devel-linux-x86_64-debian-clang 1.0-3 1.68 55.60 57.28 NOTE
r-devel-linux-x86_64-debian-gcc 1.0-3 1.54 54.78 56.32 NOTE
r-devel-linux-x86_64-fedora-clang 1.0-3 109.16 NOTE
r-devel-linux-x86_64-fedora-gcc 1.0-3 106.40 NOTE
r-devel-osx-x86_64-clang 1.0-3 111.62 NOTE
r-devel-windows-ix86+x86_64 1.0-3 6.00 84.00 90.00 NOTE
r-patched-linux-x86_64 1.0-3 1.88 64.04 65.92 NOTE
r-patched-solaris-sparc 1.0-3 769.20 NOTE
r-patched-solaris-x86 1.0-3 174.90 NOTE
r-release-linux-ix86 1.0-3 3.08 88.49 91.57 NOTE
r-release-linux-x86_64 1.0-3 1.83 66.19 68.02 NOTE
r-release-osx-x86_64-mavericks 1.0-3 NOTE
r-release-osx-x86_64-snowleopard 1.0-3 NOTE
r-release-windows-ix86+x86_64 1.0-3 8.00 101.00 109.00 NOTE
r-oldrel-windows-ix86+x86_64 1.0-3 8.00 95.00 103.00 OK

Check Details

Version: 1.0-3
Check: package dependencies
Result: NOTE
    Depends: includes the non-default packages:
     ‘nlme’ ‘MASS’ ‘boot’ ‘survival’ ‘lattice’ ‘statmod’ ‘gdata’
    Adding so many packages to the search path is excessive and importing
    selectively is preferable.
Flavors: r-devel-linux-x86_64-debian-clang, r-devel-linux-x86_64-debian-gcc, r-devel-linux-x86_64-fedora-clang, r-devel-linux-x86_64-fedora-gcc, r-devel-osx-x86_64-clang, r-devel-windows-ix86+x86_64, r-patched-linux-x86_64, r-patched-solaris-sparc, r-patched-solaris-x86, r-release-linux-ix86, r-release-linux-x86_64, r-release-osx-x86_64-mavericks, r-release-osx-x86_64-snowleopard, r-release-windows-ix86+x86_64

Version: 1.0-3
Check: S3 generic/method consistency
Result: NOTE
    Found the following apparent S3 methods exported but not registered:
     lines.jointdata plot.jointdata plot.vargm points.jointdata
     subset.jointdata summary.joint summary.jointdata
    See section ‘Registering S3 methods’ in the ‘Writing R Extensions’
    manual.
Flavors: r-devel-linux-x86_64-debian-clang, r-devel-linux-x86_64-debian-gcc, r-devel-linux-x86_64-fedora-clang, r-devel-linux-x86_64-fedora-gcc, r-devel-osx-x86_64-clang