CRAN Package Check Results for Package joineR

Last updated on 2014-07-22 19:47:52.

Flavor Version Tinstall Tcheck Ttotal Status Flags
r-devel-linux-x86_64-debian-clang 1.0-3 1.74 62.28 64.01 NOTE
r-devel-linux-x86_64-debian-gcc 1.0-3 1.60 60.08 61.68 NOTE
r-devel-linux-x86_64-fedora-clang 1.0-3 141.71 NOTE
r-devel-linux-x86_64-fedora-gcc 1.0-3 134.63 NOTE
r-devel-osx-x86_64-clang 1.0-3 119.05 NOTE
r-devel-windows-ix86+x86_64 1.0-3 7.00 101.00 108.00 NOTE
r-patched-linux-x86_64 1.0-3 1.63 61.94 63.56 NOTE
r-patched-solaris-sparc 1.0-3 722.00 NOTE
r-patched-solaris-x86 1.0-3 172.10 NOTE
r-release-linux-ix86 1.0-3 2.23 89.60 91.83 NOTE
r-release-linux-x86_64 1.0-3 1.67 64.76 66.43 NOTE
r-release-osx-x86_64-mavericks 1.0-3 NOTE
r-release-osx-x86_64-snowleopard 1.0-3 NOTE
r-release-windows-ix86+x86_64 1.0-3 7.00 100.00 107.00 NOTE
r-oldrel-windows-ix86+x86_64 1.0-3 8.00 95.00 103.00 OK

Check Details

Version: 1.0-3
Check: package dependencies
Result: NOTE
    Depends: includes the non-default packages:
     ‘nlme’ ‘MASS’ ‘boot’ ‘survival’ ‘lattice’ ‘statmod’ ‘gdata’
    Adding so many packages to the search path is excessive and importing
    selectively is preferable.
Flavors: r-devel-linux-x86_64-debian-clang, r-devel-linux-x86_64-debian-gcc, r-devel-linux-x86_64-fedora-clang, r-devel-linux-x86_64-fedora-gcc, r-devel-osx-x86_64-clang, r-devel-windows-ix86+x86_64, r-patched-linux-x86_64, r-patched-solaris-sparc, r-patched-solaris-x86, r-release-linux-ix86, r-release-linux-x86_64, r-release-osx-x86_64-mavericks, r-release-osx-x86_64-snowleopard, r-release-windows-ix86+x86_64