CRAN Package Check Results for Package joineRML

Last updated on 2022-01-24 05:51:53 CET.

Flavor Version Tinstall Tcheck Ttotal Status Flags
r-devel-linux-x86_64-debian-clang 0.4.5 116.76 504.80 621.56 OK
r-devel-linux-x86_64-debian-gcc 0.4.5 88.31 364.24 452.55 OK
r-devel-linux-x86_64-fedora-clang 0.4.5 808.52 NOTE
r-devel-linux-x86_64-fedora-gcc 0.4.5 775.35 OK
r-devel-windows-x86_64-new-UL 0.4.5 139.00 665.00 804.00 OK
r-devel-windows-x86_64-new-TK 0.4.5 ERROR
r-patched-linux-x86_64 0.4.5 103.86 478.21 582.07 OK
r-release-linux-x86_64 0.4.5 86.25 478.87 565.12 OK
r-release-macos-arm64 0.4.5 NOTE
r-release-macos-x86_64 0.4.5 NOTE
r-release-windows-ix86+x86_64 0.4.5 272.00 966.00 1238.00 OK
r-oldrel-macos-x86_64 0.4.5 NOTE
r-oldrel-windows-ix86+x86_64 0.4.5 272.00 963.00 1235.00 OK

Check Details

Version: 0.4.5
Check: installed package size
Result: NOTE
     installed size is 6.6Mb
     sub-directories of 1Mb or more:
     data 1.3Mb
     libs 4.0Mb
Flavors: r-devel-linux-x86_64-fedora-clang, r-release-macos-arm64, r-release-macos-x86_64, r-oldrel-macos-x86_64

Version: 0.4.5
Check: package dependencies
Result: ERROR
    Package required but not available: 'lme4'
    
    See section 'The DESCRIPTION file' in the 'Writing R Extensions'
    manual.
Flavor: r-devel-windows-x86_64-new-TK