CRAN Package Check Results for Package joinet

Last updated on 2022-07-06 04:55:12 CEST.

Flavor Version Tinstall Tcheck Ttotal Status Flags
r-devel-linux-x86_64-debian-clang 0.0.10 3.53 73.04 76.57 NOTE
r-devel-linux-x86_64-debian-gcc 0.0.10 2.54 54.68 57.22 NOTE
r-devel-linux-x86_64-fedora-clang 0.0.10 98.17 NOTE
r-devel-linux-x86_64-fedora-gcc 0.0.10 98.91 NOTE
r-devel-windows-x86_64 0.0.10 22.00 116.00 138.00 NOTE
r-patched-linux-x86_64 0.0.10 3.37 69.43 72.80 NOTE
r-release-linux-x86_64 0.0.10 2.37 69.13 71.50 NOTE
r-release-macos-arm64 0.0.10 32.00 NOTE
r-release-macos-x86_64 0.0.10 43.00 NOTE
r-release-windows-x86_64 0.0.10 10.00 128.00 138.00 NOTE
r-oldrel-macos-arm64 0.0.10 39.00 NOTE
r-oldrel-macos-x86_64 0.0.10 45.00 NOTE
r-oldrel-windows-ix86+x86_64 0.0.10 7.00 97.00 104.00 OK

Check Details

Version: 0.0.10
Check: package dependencies
Result: NOTE
    Package which this enhances but not available for checking: 'remMap'
Flavors: r-devel-linux-x86_64-debian-clang, r-devel-linux-x86_64-debian-gcc, r-devel-linux-x86_64-fedora-clang, r-devel-linux-x86_64-fedora-gcc, r-devel-windows-x86_64, r-patched-linux-x86_64, r-release-linux-x86_64, r-release-macos-arm64, r-release-windows-x86_64

Version: 0.0.10
Check: package dependencies
Result: NOTE
    Packages which this enhances but not available for checking:
     'remMap', 'MultivariateRandomForest'
Flavor: r-release-macos-x86_64

Version: 0.0.10
Check: package dependencies
Result: NOTE
    Package which this enhances but not available for checking: ‘MRCE’
Flavors: r-oldrel-macos-arm64, r-oldrel-macos-x86_64