CRAN Package Check Results for Package jpeg

Last updated on 2017-12-17 18:46:24 CET.

Flavor Version Tinstall Tcheck Ttotal Status Flags
r-devel-linux-x86_64-debian-clang 0.1-8 1.29 16.09 17.38 NOTE
r-devel-linux-x86_64-debian-gcc 0.1-8 1.25 13.83 15.08 NOTE
r-devel-linux-x86_64-fedora-clang 0.1-8 21.35 NOTE
r-devel-linux-x86_64-fedora-gcc 0.1-8 20.49 NOTE
r-devel-windows-ix86+x86_64 0.1-8 9.00 30.00 39.00 OK
r-patched-linux-x86_64 0.1-8 1.56 14.95 16.51 NOTE
r-patched-solaris-x86 0.1-8 30.30 OK
r-release-linux-x86_64 0.1-8 1.71 15.01 16.72 NOTE
r-release-windows-ix86+x86_64 0.1-8 7.00 31.00 38.00 OK
r-release-osx-x86_64 0.1-8 OK
r-oldrel-windows-ix86+x86_64 0.1-8 17.00 26.00 43.00 OK
r-oldrel-osx-x86_64 0.1-8 OK

Additional issues

rchk

Check Details

Version: 0.1-8
Check: compiled code
Result: NOTE
    File ‘jpeg/libs/jpeg.so’:
     Found no calls to: ‘R_registerRoutines’, ‘R_useDynamicSymbols’
    
    It is good practice to register native routines and to disable symbol
    search.
    
    See ‘Writing portable packages’ in the ‘Writing R Extensions’ manual.
Flavors: r-devel-linux-x86_64-debian-clang, r-devel-linux-x86_64-debian-gcc, r-devel-linux-x86_64-fedora-clang, r-devel-linux-x86_64-fedora-gcc, r-patched-linux-x86_64, r-release-linux-x86_64