CRAN Package Check Results for Package jpeg

Last updated on 2017-04-30 05:48:28.

Flavor Version Tinstall Tcheck Ttotal Status Flags
r-devel-linux-x86_64-debian-clang 0.1-8 1.31 11.44 12.75 NOTE
r-devel-linux-x86_64-debian-gcc 0.1-8 1.60 12.16 13.76 NOTE
r-devel-linux-x86_64-fedora-clang 0.1-8 19.90 NOTE --no-stop-on-test-error
r-devel-linux-x86_64-fedora-gcc 0.1-8 19.16 NOTE --no-stop-on-test-error
r-devel-windows-ix86+x86_64 0.1-8 13.00 30.00 43.00 OK
r-patched-linux-x86_64 0.1-8 1.25 11.12 12.37 NOTE
r-patched-solaris-sparc 0.1-8 122.60 OK
r-patched-solaris-x86 0.1-8 30.90 OK
r-release-linux-x86_64 0.1-8 1.32 11.19 12.51 NOTE
r-release-windows-ix86+x86_64 0.1-8 7.00 30.00 37.00 OK
r-release-osx-x86_64 0.1-8 OK
r-oldrel-windows-ix86+x86_64 0.1-8 17.00 26.00 43.00 OK
r-oldrel-osx-x86_64 0.1-8 OK

Check Details

Version: 0.1-8
Check: compiled code
Result: NOTE
    File ‘jpeg/libs/jpeg.so’:
     Found no calls to: ‘R_registerRoutines’, ‘R_useDynamicSymbols’
    
    It is good practice to register native routines and to disable symbol
    search.
    
    See ‘Writing portable packages’ in the ‘Writing R Extensions’ manual.
Flavors: r-devel-linux-x86_64-debian-clang, r-devel-linux-x86_64-debian-gcc, r-patched-linux-x86_64, r-release-linux-x86_64

Version: 0.1-8
Flags: --no-stop-on-test-error
Check: compiled code
Result: NOTE
    File ‘jpeg/libs/jpeg.so’:
     Found no calls to: ‘R_registerRoutines’, ‘R_useDynamicSymbols’
    
    It is good practice to register native routines and to disable symbol
    search.
    
    See ‘Writing portable packages’ in the ‘Writing R Extensions’ manual.
Flavors: r-devel-linux-x86_64-fedora-clang, r-devel-linux-x86_64-fedora-gcc