CRAN Package Check Results for Package jpeg

Last updated on 2018-05-21 03:48:15 CEST.

Flavor Version Tinstall Tcheck Ttotal Status Flags
r-devel-linux-x86_64-debian-clang 0.1-8 1.64 14.94 16.58 NOTE
r-devel-linux-x86_64-debian-gcc 0.1-8 1.12 14.06 15.18 NOTE
r-devel-linux-x86_64-fedora-clang 0.1-8 23.19 NOTE
r-devel-linux-x86_64-fedora-gcc 0.1-8 22.23 NOTE
r-devel-windows-ix86+x86_64 0.1-8 9.00 36.00 45.00 OK
r-patched-linux-x86_64 0.1-8 1.58 16.58 18.16 NOTE
r-patched-solaris-x86 0.1-8 37.70 OK
r-release-linux-x86_64 0.1-8 1.64 16.49 18.13 NOTE
r-release-windows-ix86+x86_64 0.1-8 10.00 35.00 45.00 OK
r-release-osx-x86_64 0.1-8 OK
r-oldrel-windows-ix86+x86_64 0.1-8 7.00 31.00 38.00 OK
r-oldrel-osx-x86_64 0.1-8 OK

Additional issues

rchk

Check Details

Version: 0.1-8
Check: compiled code
Result: NOTE
    File ‘jpeg/libs/jpeg.so’:
     Found no calls to: ‘R_registerRoutines’, ‘R_useDynamicSymbols’
    
    It is good practice to register native routines and to disable symbol
    search.
    
    See ‘Writing portable packages’ in the ‘Writing R Extensions’ manual.
Flavors: r-devel-linux-x86_64-debian-clang, r-devel-linux-x86_64-debian-gcc, r-devel-linux-x86_64-fedora-clang, r-devel-linux-x86_64-fedora-gcc, r-patched-linux-x86_64, r-release-linux-x86_64