CRAN Package Check Results for Package jpeg

Last updated on 2017-06-28 18:46:51.

Flavor Version Tinstall Tcheck Ttotal Status Flags
r-devel-linux-x86_64-debian-clang 0.1-8 1.41 11.11 12.53 NOTE
r-devel-linux-x86_64-debian-gcc 0.1-8 1.27 10.77 12.03 NOTE
r-devel-linux-x86_64-fedora-clang 0.1-8 20.07 NOTE
r-devel-linux-x86_64-fedora-gcc 0.1-8 19.50 NOTE
r-devel-windows-ix86+x86_64 0.1-8 14.00 28.00 42.00 OK
r-patched-linux-x86_64 0.1-8 1.37 11.31 12.67 NOTE
r-patched-solaris-sparc 0.1-8 122.60 OK
r-patched-solaris-x86 0.1-8 31.20 OK
r-release-linux-x86_64 0.1-8 1.34 10.97 12.31 NOTE
r-release-windows-ix86+x86_64 0.1-8 7.00 30.00 37.00 OK
r-release-osx-x86_64 0.1-8 OK
r-oldrel-windows-ix86+x86_64 0.1-8 17.00 26.00 43.00 OK
r-oldrel-osx-x86_64 0.1-8 OK

Additional issues

rchk

Check Details

Version: 0.1-8
Check: compiled code
Result: NOTE
    File ‘jpeg/libs/jpeg.so’:
     Found no calls to: ‘R_registerRoutines’, ‘R_useDynamicSymbols’
    
    It is good practice to register native routines and to disable symbol
    search.
    
    See ‘Writing portable packages’ in the ‘Writing R Extensions’ manual.
Flavors: r-devel-linux-x86_64-debian-clang, r-devel-linux-x86_64-debian-gcc, r-devel-linux-x86_64-fedora-clang, r-devel-linux-x86_64-fedora-gcc, r-patched-linux-x86_64, r-release-linux-x86_64