CRAN Package Check Results for Package jpeg

Last updated on 2017-03-23 06:48:08.

Flavor Version Tinstall Tcheck Ttotal Status Flags
r-devel-linux-x86_64-debian-clang 0.1-8 1.36 10.96 12.32 NOTE
r-devel-linux-x86_64-debian-gcc 0.1-8 1.35 10.89 12.24 NOTE
r-devel-linux-x86_64-fedora-clang 0.1-8 21.92 NOTE --no-stop-on-test-error
r-devel-linux-x86_64-fedora-gcc 0.1-8 19.25 NOTE --no-stop-on-test-error
r-devel-macos-x86_64-clang 0.1-8 18.74 NOTE --no-stop-on-test-error
r-devel-windows-ix86+x86_64 0.1-8 7.00 32.00 39.00 OK
r-patched-linux-x86_64 0.1-8 1.18 9.49 10.67 OK
r-patched-solaris-sparc 0.1-8 122.60 OK
r-patched-solaris-x86 0.1-8 31.20 OK
r-release-linux-x86_64 0.1-8 1.15 9.45 10.60 OK
r-release-osx-x86_64-mavericks 0.1-8 OK
r-release-windows-ix86+x86_64 0.1-8 17.00 26.00 43.00 OK
r-oldrel-windows-ix86+x86_64 0.1-8 22.00 28.00 50.00 OK

Check Details

Version: 0.1-8
Check: compiled code
Result: NOTE
    File ‘jpeg/libs/jpeg.so’:
     Found no calls to: ‘R_registerRoutines’, ‘R_useDynamicSymbols’
    
    It is good practice to register native routines and to disable symbol
    search.
    
    See ‘Writing portable packages’ in the ‘Writing R Extensions’ manual.
Flavors: r-devel-linux-x86_64-debian-clang, r-devel-linux-x86_64-debian-gcc

Version: 0.1-8
Flags: --no-stop-on-test-error
Check: compiled code
Result: NOTE
    File ‘jpeg/libs/jpeg.so’:
     Found no calls to: ‘R_registerRoutines’, ‘R_useDynamicSymbols’
    
    It is good practice to register native routines and to disable symbol
    search.
    
    See ‘Writing portable packages’ in the ‘Writing R Extensions’ manual.
Flavors: r-devel-linux-x86_64-fedora-clang, r-devel-linux-x86_64-fedora-gcc, r-devel-macos-x86_64-clang