CRAN Package Check Results for Package jpmesh

Last updated on 2019-05-26 13:46:35 CEST.

Flavor Version Tinstall Tcheck Ttotal Status Flags
r-devel-linux-x86_64-debian-clang 1.1.3 25.62 167.66 193.28 OK
r-devel-linux-x86_64-debian-gcc 1.1.3 22.74 129.71 152.45 OK
r-devel-linux-x86_64-fedora-clang 1.1.3 221.69 NOTE
r-devel-linux-x86_64-fedora-gcc 1.1.3 213.20 NOTE
r-devel-windows-ix86+x86_64 1.1.3 38.00 250.00 288.00 OK
r-patched-linux-x86_64 1.1.3 OK
r-patched-solaris-x86 1.1.3 344.10 NOTE
r-release-linux-x86_64 1.1.3 22.13 160.21 182.34 OK
r-release-windows-ix86+x86_64 1.1.3 54.00 231.00 285.00 OK
r-release-osx-x86_64 1.1.3 NOTE
r-oldrel-windows-ix86+x86_64 1.1.3 39.00 197.00 236.00 OK
r-oldrel-osx-x86_64 1.1.3 NOTE

Check Details

Version: 1.1.3
Check: data for non-ASCII characters
Result: NOTE
     Note: found 176 marked UTF-8 strings
Flavors: r-devel-linux-x86_64-fedora-clang, r-devel-linux-x86_64-fedora-gcc, r-patched-solaris-x86, r-release-osx-x86_64, r-oldrel-osx-x86_64