CRAN Package Check Results for Package jpmesh

Last updated on 2019-03-19 03:48:31 CET.

Flavor Version Tinstall Tcheck Ttotal Status Flags
r-devel-linux-x86_64-debian-clang 1.1.1 24.15 88.06 112.21 ERROR
r-devel-linux-x86_64-debian-gcc 1.1.1 23.91 74.44 98.35 ERROR
r-devel-linux-x86_64-fedora-clang 1.1.1 140.04 ERROR
r-devel-linux-x86_64-fedora-gcc 1.1.1 134.77 ERROR
r-devel-windows-ix86+x86_64 1.1.1 50.00 128.00 178.00 ERROR
r-patched-linux-x86_64 1.1.1 19.92 86.83 106.75 OK
r-patched-solaris-x86 1.1.1 218.40 NOTE
r-release-linux-x86_64 1.1.1 19.43 85.58 105.01 OK
r-release-windows-ix86+x86_64 1.1.1 29.00 104.00 133.00 OK
r-release-osx-x86_64 1.1.1 NOTE
r-oldrel-windows-ix86+x86_64 1.1.1 41.00 151.00 192.00 OK
r-oldrel-osx-x86_64 1.1.1 NOTE

Check Details

Version: 1.1.1
Check: tests
Result: ERROR
     Running 'testthat.R' [24s/27s]
    Running the tests in 'tests/testthat.R' failed.
    Complete output:
     > library(testthat)
     > library(jpmesh)
     >
     > test_check("jpmesh")
     -- 1. Failure: Generate random meshcode (@test-rmesh.R#8) ---------------------
     `res` not equal to "50304610".
     1/1 mismatches
     x[1]: "64394175"
     y[1]: "50304610"
    
     == testthat results ===========================================================
     OK: 133 SKIPPED: 0 FAILED: 1
     1. Failure: Generate random meshcode (@test-rmesh.R#8)
    
     Error: testthat unit tests failed
     Execution halted
Flavor: r-devel-linux-x86_64-debian-clang

Version: 1.1.1
Check: tests
Result: ERROR
     Running ‘testthat.R’ [19s/27s]
    Running the tests in ‘tests/testthat.R’ failed.
    Complete output:
     > library(testthat)
     > library(jpmesh)
     >
     > test_check("jpmesh")
     ── 1. Failure: Generate random meshcode (@test-rmesh.R#8) ─────────────────────
     `res` not equal to "50304610".
     1/1 mismatches
     x[1]: "64394175"
     y[1]: "50304610"
    
     ══ testthat results ═══════════════════════════════════════════════════════════
     OK: 133 SKIPPED: 0 FAILED: 1
     1. Failure: Generate random meshcode (@test-rmesh.R#8)
    
     Error: testthat unit tests failed
     Execution halted
Flavor: r-devel-linux-x86_64-debian-gcc

Version: 1.1.1
Check: data for non-ASCII characters
Result: NOTE
     Note: found 176 marked UTF-8 strings
Flavors: r-devel-linux-x86_64-fedora-clang, r-devel-linux-x86_64-fedora-gcc, r-patched-solaris-x86, r-release-osx-x86_64, r-oldrel-osx-x86_64

Version: 1.1.1
Check: tests
Result: ERROR
     Running ‘testthat.R’ [28s/30s]
    Running the tests in ‘tests/testthat.R’ failed.
    Complete output:
     > library(testthat)
     > library(jpmesh)
     >
     > test_check("jpmesh")
     ── 1. Failure: Generate random meshcode (@test-rmesh.R#8) ─────────────────────
     `res` not equal to "50304610".
     1/1 mismatches
     x[1]: "64394175"
     y[1]: "50304610"
    
     ══ testthat results ═══════════════════════════════════════════════════════════
     OK: 133 SKIPPED: 0 FAILED: 1
     1. Failure: Generate random meshcode (@test-rmesh.R#8)
    
     Error: testthat unit tests failed
     Execution halted
Flavor: r-devel-linux-x86_64-fedora-clang

Version: 1.1.1
Check: tests
Result: ERROR
     Running ‘testthat.R’ [27s/31s]
    Running the tests in ‘tests/testthat.R’ failed.
    Complete output:
     > library(testthat)
     > library(jpmesh)
     >
     > test_check("jpmesh")
     ── 1. Failure: Generate random meshcode (@test-rmesh.R#8) ─────────────────────
     `res` not equal to "50304610".
     1/1 mismatches
     x[1]: "64394175"
     y[1]: "50304610"
    
     ══ testthat results ═══════════════════════════════════════════════════════════
     OK: 133 SKIPPED: 0 FAILED: 1
     1. Failure: Generate random meshcode (@test-rmesh.R#8)
    
     Error: testthat unit tests failed
     Execution halted
Flavor: r-devel-linux-x86_64-fedora-gcc

Version: 1.1.1
Check: tests
Result: ERROR
     Running 'testthat.R' [31s]
    Running the tests in 'tests/testthat.R' failed.
    Complete output:
     > library(testthat)
     > library(jpmesh)
     >
     > test_check("jpmesh")
     -- 1. Failure: Generate random meshcode (@test-rmesh.R#8) ---------------------
     `res` not equal to "50304610".
     1/1 mismatches
     x[1]: "64394175"
     y[1]: "50304610"
    
     == testthat results ===========================================================
     OK: 133 SKIPPED: 0 FAILED: 1
     1. Failure: Generate random meshcode (@test-rmesh.R#8)
    
     Error: testthat unit tests failed
     Execution halted
Flavor: r-devel-windows-ix86+x86_64