Last updated on 2022-07-07 00:52:01 CEST.
Flavor | Version | Tinstall | Tcheck | Ttotal | Status | Flags |
---|---|---|---|---|---|---|
r-devel-linux-x86_64-debian-clang | 2.1.0 | 10.89 | 192.11 | 203.00 | OK | |
r-devel-linux-x86_64-debian-gcc | 2.1.0 | 10.56 | 145.18 | 155.74 | OK | |
r-devel-linux-x86_64-fedora-clang | 2.1.0 | 243.40 | NOTE | |||
r-devel-linux-x86_64-fedora-gcc | 2.1.0 | 246.58 | NOTE | |||
r-devel-windows-x86_64 | 2.1.0 | 87.00 | 219.00 | 306.00 | OK | |
r-patched-linux-x86_64 | 2.1.0 | 10.12 | 178.38 | 188.50 | OK | |
r-release-linux-x86_64 | 2.1.0 | 8.18 | 182.06 | 190.24 | OK | |
r-release-macos-arm64 | 2.1.0 | 62.00 | NOTE | |||
r-release-macos-x86_64 | 2.1.0 | 133.00 | NOTE | |||
r-release-windows-x86_64 | 2.1.0 | 112.00 | 241.00 | 353.00 | OK | |
r-oldrel-macos-arm64 | 2.1.0 | 63.00 | NOTE | |||
r-oldrel-macos-x86_64 | 2.1.0 | 89.00 | NOTE | |||
r-oldrel-windows-ix86+x86_64 | 2.1.0 | 32.00 | 220.00 | 252.00 | OK |
Version: 2.1.0
Check: data for non-ASCII characters
Result: NOTE
Note: found 176 marked UTF-8 strings
Flavors: r-devel-linux-x86_64-fedora-clang, r-devel-linux-x86_64-fedora-gcc, r-release-macos-arm64, r-release-macos-x86_64, r-oldrel-macos-arm64, r-oldrel-macos-x86_64