CRAN Package Check Results for Package js

Last updated on 2024-07-23 11:53:06 CEST.

Flavor Version Tinstall Tcheck Ttotal Status Flags
r-devel-linux-x86_64-debian-clang 1.2 3.92 41.42 45.34 OK
r-devel-linux-x86_64-debian-gcc 1.2 2.74 32.31 35.05 NOTE
r-devel-linux-x86_64-fedora-gcc 1.2 68.64 OK
r-devel-windows-x86_64 1.2 4.00 53.00 57.00 NOTE
r-patched-linux-x86_64 1.2 4.01 41.01 45.02 OK
r-release-linux-x86_64 1.2 3.06 40.62 43.68 OK
r-release-macos-arm64 1.2 28.00 OK
r-release-macos-x86_64 1.2 40.00 OK
r-release-windows-x86_64 1.2 4.00 51.00 55.00 OK
r-oldrel-macos-arm64 1.2 26.00 OK
r-oldrel-macos-x86_64 1.2 40.00 OK
r-oldrel-windows-x86_64 1.2 5.00 53.00 58.00 OK

Check Details

Version: 1.2
Check: Rd cross-references
Result: NOTE Found the following Rd file(s) with Rd \link{} targets missing package anchors: js_validate_script.Rd: V8 Please provide package anchors for all Rd \link{} targets not in the package itself and the base packages. Flavors: r-devel-linux-x86_64-debian-gcc, r-devel-windows-x86_64