CRAN Package Check Results for Package jsTree

Last updated on 2020-05-25 10:49:00 CEST.

Flavor Version Tinstall Tcheck Ttotal Status Flags
r-devel-linux-x86_64-debian-clang 1.0.1 3.49 29.65 33.14 OK
r-devel-linux-x86_64-debian-gcc 1.0.1 2.70 23.29 25.99 OK
r-devel-linux-x86_64-fedora-clang 1.0.1 39.66 OK
r-devel-linux-x86_64-fedora-gcc 1.0.1 38.72 OK
r-devel-windows-ix86+x86_64 1.0.1 11.00 40.00 51.00 OK
r-patched-linux-x86_64 1.0.1 3.74 29.15 32.89 OK
r-patched-solaris-x86 1.0.1 63.70 NOTE
r-release-linux-x86_64 1.0.1 3.75 28.95 32.70 OK
r-release-osx-x86_64 1.0.1 OK
r-release-windows-ix86+x86_64 1.0.1 9.00 56.00 65.00 OK
r-oldrel-osx-x86_64 1.0.1 OK
r-oldrel-windows-ix86+x86_64 1.0.1 9.00 53.00 62.00 OK

Check Details

Version: 1.0.1
Check: installed package size
Result: NOTE
     installed size is 5.1Mb
     sub-directories of 1Mb or more:
     htmlwidgets 5.0Mb
Flavor: r-patched-solaris-x86