CRAN Package Check Results for Package jsmodule

Last updated on 2022-12-07 07:54:33 CET.

Flavor Version Tinstall Tcheck Ttotal Status Flags
r-devel-linux-x86_64-debian-clang 1.3.3 43.56 253.41 296.97 OK
r-devel-linux-x86_64-debian-gcc 1.3.3 30.03 187.94 217.97 OK
r-devel-linux-x86_64-fedora-clang 1.3.3 396.53 NOTE
r-devel-linux-x86_64-fedora-gcc 1.3.3 374.70 OK
r-devel-windows-x86_64 1.3.3 69.00 305.00 374.00 OK
r-patched-linux-x86_64 1.3.3 31.98 236.56 268.54 OK
r-release-linux-x86_64 1.3.3 38.42 239.62 278.04 OK
r-release-macos-arm64 1.3.3 85.00 OK
r-release-macos-x86_64 1.3.3 126.00 OK
r-release-windows-x86_64 1.3.3 76.00 284.00 360.00 OK
r-oldrel-macos-arm64 1.3.3 82.00 OK
r-oldrel-macos-x86_64 1.3.3 121.00 OK
r-oldrel-windows-ix86+x86_64 1.3.3 78.00 275.00 353.00 OK

Check Details

Version: 1.3.3
Check: package dependencies
Result: NOTE
    Imports includes 30 non-default packages.
    Importing from so many packages makes the package vulnerable to any of
    them becoming unavailable. Move as many as possible to Suggests and
    use conditionally.
Flavor: r-devel-linux-x86_64-fedora-clang