CRAN Package Check Results for Package jsmodule

Last updated on 2021-11-30 00:51:32 CET.

Flavor Version Tinstall Tcheck Ttotal Status Flags
r-devel-linux-x86_64-debian-clang 1.2.0 26.24 217.56 243.80 OK
r-devel-linux-x86_64-debian-gcc 1.2.0 27.64 165.13 192.77 OK
r-devel-linux-x86_64-fedora-clang 1.2.0 322.87 NOTE
r-devel-linux-x86_64-fedora-gcc 1.2.0 299.11 NOTE
r-devel-windows-x86_64-new-UL 1.2.0 40.00 294.00 334.00 OK
r-devel-windows-x86_64-new-TK 1.2.0 NOTE
r-devel-windows-x86_64-old 1.2.0 48.00 200.00 248.00 OK
r-patched-linux-x86_64 1.2.0 34.30 207.59 241.89 OK
r-patched-solaris-x86 1.2.0 374.50 NOTE
r-release-linux-x86_64 1.2.0 31.08 207.51 238.59 OK
r-release-macos-arm64 1.2.0 NOTE
r-release-macos-x86_64 1.2.0 NOTE
r-release-windows-ix86+x86_64 1.2.0 69.00 188.00 257.00 OK
r-oldrel-macos-x86_64 1.2.0 NOTE
r-oldrel-windows-ix86+x86_64 1.2.0 48.00 188.00 236.00 OK

Check Details

Version: 1.2.0
Check: package dependencies
Result: NOTE
    Imports includes 32 non-default packages.
    Importing from so many packages makes the package vulnerable to any of
    them becoming unavailable. Move as many as possible to Suggests and
    use conditionally.
Flavor: r-devel-linux-x86_64-fedora-clang

Version: 1.2.0
Check: dependencies in R code
Result: NOTE
    Namespaces in Imports field not imported from:
     ‘devEMF’ ‘survC1’
     All declared Imports should be used.
Flavors: r-devel-linux-x86_64-fedora-clang, r-devel-linux-x86_64-fedora-gcc, r-devel-windows-x86_64-new-TK, r-patched-solaris-x86, r-release-macos-arm64, r-release-macos-x86_64, r-oldrel-macos-x86_64