CRAN Package Check Results for Package json64

Last updated on 2023-03-25 10:50:00 CET.

Flavor Version Tinstall Tcheck Ttotal Status Flags
r-devel-linux-x86_64-debian-clang 0.1.3 1.58 20.55 22.13 NOTE
r-devel-linux-x86_64-debian-gcc 0.1.3 1.48 16.66 18.14 NOTE
r-devel-linux-x86_64-fedora-clang 0.1.3 30.31 NOTE
r-devel-linux-x86_64-fedora-gcc 0.1.3 27.19 NOTE
r-patched-linux-x86_64 0.1.3 1.86 21.92 23.78 NOTE
r-release-linux-x86_64 0.1.3 1.72 20.94 22.66 NOTE
r-release-macos-arm64 0.1.3 16.00 NOTE
r-release-macos-x86_64 0.1.3 22.00 NOTE
r-release-windows-x86_64 0.1.3 5.00 61.00 66.00 NOTE
r-oldrel-macos-arm64 0.1.3 17.00 NOTE
r-oldrel-macos-x86_64 0.1.3 24.00 NOTE
r-oldrel-windows-ix86+x86_64 0.1.3 4.00 49.00 53.00 NOTE

Check Details

Version: 0.1.3
Check: LazyData
Result: NOTE
     'LazyData' is specified without a 'data' directory
Flavors: r-devel-linux-x86_64-debian-clang, r-devel-linux-x86_64-debian-gcc, r-devel-linux-x86_64-fedora-clang, r-devel-linux-x86_64-fedora-gcc, r-patched-linux-x86_64, r-release-linux-x86_64, r-release-macos-arm64, r-release-macos-x86_64, r-release-windows-x86_64, r-oldrel-macos-arm64, r-oldrel-macos-x86_64, r-oldrel-windows-ix86+x86_64