CRAN Package Check Results for Package jsonify

Last updated on 2019-09-22 07:48:18 CEST.

Flavor Version Tinstall Tcheck Ttotal Status Flags
r-devel-linux-x86_64-debian-clang 0.2.1 46.69 25.31 72.00 NOTE
r-devel-linux-x86_64-debian-gcc 0.2.1 40.34 21.00 61.34 NOTE
r-devel-linux-x86_64-fedora-clang 0.2.1 109.45 OK
r-devel-linux-x86_64-fedora-gcc 0.2.1 105.82 OK
r-devel-windows-ix86+x86_64 0.2.1 151.00 62.00 213.00 NOTE
r-patched-linux-x86_64 0.2.1 41.55 25.46 67.01 OK
r-patched-solaris-x86 0.2.1 107.20 OK
r-release-linux-x86_64 0.2.1 42.16 25.54 67.70 OK
r-release-windows-ix86+x86_64 0.2.1 121.00 58.00 179.00 OK
r-release-osx-x86_64 0.2.1 OK
r-oldrel-windows-ix86+x86_64 0.2.1 111.00 52.00 163.00 OK
r-oldrel-osx-x86_64 0.2.1 OK

Check Details

Version: 0.2.1
Check: package vignettes
Result: NOTE
    Package vignette with placeholder title 'Vignette Title':
     'jsonify.Rmd'
Flavors: r-devel-linux-x86_64-debian-clang, r-devel-linux-x86_64-debian-gcc, r-devel-windows-ix86+x86_64