CRAN Package Check Results for Package jsonlite

Last updated on 2019-06-21 01:47:02 CEST.

Flavor Version Tinstall Tcheck Ttotal Status Flags
r-devel-linux-x86_64-debian-clang 1.6 7.22 42.13 49.35 OK
r-devel-linux-x86_64-debian-gcc 1.6 5.38 34.48 39.86 OK
r-devel-linux-x86_64-fedora-clang 1.6 62.54 OK
r-devel-linux-x86_64-fedora-gcc 1.6 57.89 OK
r-devel-windows-ix86+x86_64 1.6 59.00 73.00 132.00 OK
r-patched-linux-x86_64 1.6 4.85 42.60 47.45 OK
r-patched-solaris-x86 1.6 84.50 WARN
r-release-linux-x86_64 1.6 6.41 43.45 49.86 OK
r-release-windows-ix86+x86_64 1.6 40.00 97.00 137.00 OK
r-release-osx-x86_64 1.6 OK
r-oldrel-windows-ix86+x86_64 1.6 35.00 89.00 124.00 OK
r-oldrel-osx-x86_64 1.6 OK

Additional issues

LTO

Check Details

Version: 1.6
Check: for unstated dependencies in ‘tests’
Result: WARN
    Warning in deparse(e[[2L]]) :
     it is not known that wchar_t is Unicode on this platform
    Warning in deparse(e[[2L]]) :
     it is not known that wchar_t is Unicode on this platform
    Warning in deparse(e[[2L]]) :
     it is not known that wchar_t is Unicode on this platform
    Warning in deparse(e[[2L]]) :
     it is not known that wchar_t is Unicode on this platform
    Warning in deparse(e[[2L]]) :
     it is not known that wchar_t is Unicode on this platform
    Warning in deparse(e[[2L]]) :
     it is not known that wchar_t is Unicode on this platform
    Warning in deparse(e[[2L]]) :
     it is not known that wchar_t is Unicode on this platform
    Warning in deparse(e[[2L]]) :
     it is not known that wchar_t is Unicode on this platform
    Warning in deparse(e[[2L]]) :
     it is not known that wchar_t is Unicode on this platform
    Warning in deparse(e[[2L]]) :
     it is not known that wchar_t is Unicode on this platform
Flavor: r-patched-solaris-x86