CRAN Package Check Results for Package jsonlite

Last updated on 2019-03-24 22:49:43 CET.

Flavor Version Tinstall Tcheck Ttotal Status Flags
r-devel-linux-x86_64-debian-clang 1.6 7.47 43.05 50.52 ERROR
r-devel-linux-x86_64-debian-gcc 1.6 5.86 34.73 40.59 OK
r-devel-linux-x86_64-fedora-clang 1.6 62.61 OK
r-devel-linux-x86_64-fedora-gcc 1.6 60.29 OK
r-devel-windows-ix86+x86_64 1.6 56.00 91.00 147.00 OK
r-patched-linux-x86_64 1.6 4.95 38.29 43.24 OK
r-patched-solaris-x86 1.6 71.50 OK
r-release-linux-x86_64 1.6 5.98 38.29 44.27 OK
r-release-windows-ix86+x86_64 1.6 38.00 66.00 104.00 OK
r-release-osx-x86_64 1.6 OK
r-oldrel-windows-ix86+x86_64 1.6 40.00 95.00 135.00 OK
r-oldrel-osx-x86_64 1.6 OK

Check Details

Version: 1.6
Check: examples
Result: ERROR
    Running examples in 'jsonlite-Ex.R' failed
    The error most likely occurred in:
    
    > base::assign(".ptime", proc.time(), pos = "CheckExEnv")
    > ### Name: stream_in, stream_out
    > ### Title: Streaming JSON input/output
    > ### Aliases: 'stream_in, stream_out' stream_in stream_out
    >
    > ### ** Examples
    >
    > # compare formats
    > x <- iris[1:3,]
    > toJSON(x)
    [{"Sepal.Length":5.1,"Sepal.Width":3.5,"Petal.Length":1.4,"Petal.Width":0.2,"Species":"setosa"},{"Sepal.Length":4.9,"Sepal.Width":3,"Petal.Length":1.4,"Petal.Width":0.2,"Species":"setosa"},{"Sepal.Length":4.7,"Sepal.Width":3.2,"Petal.Length":1.3,"Petal.Width":0.2,"Species":"setosa"}]
    > stream_out(x)
    {"Sepal.Length":5.1,"Sepal.Width":3.5,"Petal.Length":1.4,"Petal.Width":0.2,"Species":"setosa"}
    {"Sepal.Length":4.9,"Sepal.Width":3,"Petal.Length":1.4,"Petal.Width":0.2,"Species":"setosa"}
    {"Sepal.Length":4.7,"Sepal.Width":3.2,"Petal.Length":1.3,"Petal.Width":0.2,"Species":"setosa"}
    
    Complete! Processed total of 3 rows.
    >
    > # Trivial example
    > mydata <- stream_in(url("http://httpbin.org/stream/100"))
    opening url input connection.
    Warning in open.connection(con, "rb") :
     cannot open URL 'http://httpbin.org/stream/100': HTTP status was '503 Service Unavailable'
    Error in open.connection(con, "rb") :
     cannot open the connection to 'http://httpbin.org/stream/100'
    Calls: stream_in -> open -> open.connection
    Execution halted
Flavor: r-devel-linux-x86_64-debian-clang