Last updated on 2022-05-21 07:55:26 CEST.
Flavor | Version | Tinstall | Tcheck | Ttotal | Status | Flags |
---|---|---|---|---|---|---|
r-devel-linux-x86_64-debian-clang | 0.2.2 | 6.70 | 107.00 | 113.70 | NOTE | |
r-devel-linux-x86_64-debian-gcc | 0.2.2 | 3.22 | 80.57 | 83.79 | NOTE | |
r-devel-linux-x86_64-fedora-clang | 0.2.2 | 129.48 | NOTE | |||
r-devel-linux-x86_64-fedora-gcc | 0.2.2 | 136.58 | NOTE | |||
r-devel-windows-x86_64 | 0.2.2 | 51.00 | 130.00 | 181.00 | NOTE | |
r-patched-linux-x86_64 | 0.2.2 | 4.78 | 101.05 | 105.83 | OK | |
r-release-linux-x86_64 | 0.2.2 | 3.66 | 100.77 | 104.43 | OK | |
r-release-macos-arm64 | 0.2.2 | 36.00 | OK | |||
r-release-macos-x86_64 | 0.2.2 | 77.00 | OK | |||
r-release-windows-x86_64 | 0.2.2 | 56.00 | 136.00 | 192.00 | OK | |
r-oldrel-macos-arm64 | 0.2.2 | 38.00 | OK | |||
r-oldrel-macos-x86_64 | 0.2.2 | 55.00 | OK | |||
r-oldrel-windows-ix86+x86_64 | 0.2.2 | 13.00 | 146.00 | 159.00 | OK |
Version: 0.2.2
Check: Rd files
Result: NOTE
checkRd: (7) opts.Rd:45-46: \item in \describe must have non-empty label
checkRd: (7) opts.Rd:48-49: \item in \describe must have non-empty label
checkRd: (7) opts.Rd:51-52: \item in \describe must have non-empty label
Flavors: r-devel-linux-x86_64-debian-clang, r-devel-linux-x86_64-debian-gcc, r-devel-linux-x86_64-fedora-clang, r-devel-linux-x86_64-fedora-gcc, r-devel-windows-x86_64
Version: 0.2.2
Check: Rd cross-references
Result: NOTE
Undeclared package ‘ggplot2’ in Rd xrefs
Flavor: r-devel-linux-x86_64-fedora-clang