CRAN Package Check Results for Package jvmr

Last updated on 2015-01-29 12:48:06.

Flavor Version Tinstall Tcheck Ttotal Status Flags
r-devel-linux-x86_64-debian-clang 2.11.2.1 31.55 19.94 51.48 NOTE
r-devel-linux-x86_64-debian-gcc 2.11.2.1 30.38 19.40 49.79 NOTE
r-devel-linux-x86_64-fedora-clang 2.11.2.1 49.07 NOTE
r-devel-linux-x86_64-fedora-gcc 2.11.2.1 45.51 NOTE
r-devel-osx-x86_64-clang 2.11.2.1 69.20 NOTE
r-devel-windows-ix86+x86_64 2.11.2.1 30.00 32.00 62.00 NOTE
r-patched-linux-x86_64 2.11.2.1 31.72 22.04 53.76 NOTE
r-patched-solaris-sparc 2.11.2.1 274.60 NOTE
r-patched-solaris-x86 2.11.2.1 66.30 NOTE
r-release-linux-ix86 2.11.2.1 32.96 26.14 59.10 NOTE
r-release-linux-x86_64 2.11.2.1 29.20 21.96 51.15 NOTE
r-release-osx-x86_64-mavericks 2.11.2.1 NOTE
r-release-osx-x86_64-snowleopard 2.11.2.1 NOTE
r-release-windows-ix86+x86_64 2.11.2.1 19.00 46.00 65.00 NOTE
r-oldrel-windows-ix86+x86_64 2.11.2.1 17.00 33.00 50.00 NOTE

Check Details

Version: 2.11.2.1
Check: installed package size
Result: NOTE
     installed size is 23.5Mb
     sub-directories of 1Mb or more:
     java 23.1Mb
Flavors: r-devel-linux-x86_64-debian-clang, r-devel-linux-x86_64-debian-gcc, r-devel-linux-x86_64-fedora-clang, r-devel-linux-x86_64-fedora-gcc, r-devel-osx-x86_64-clang, r-devel-windows-ix86+x86_64, r-patched-linux-x86_64, r-patched-solaris-sparc, r-patched-solaris-x86, r-release-linux-ix86, r-release-linux-x86_64, r-release-osx-x86_64-mavericks, r-release-osx-x86_64-snowleopard, r-release-windows-ix86+x86_64, r-oldrel-windows-ix86+x86_64