CRAN Package Check Results for Package jvmr

Last updated on 2014-04-24 15:50:40.

Flavor Version Tinstall Tcheck Ttotal Status Flags
r-devel-linux-x86_64-debian-clang 1.0.4 23.23 22.15 45.38 NOTE
r-devel-linux-x86_64-debian-gcc 1.0.4 19.33 21.20 40.53 NOTE
r-devel-linux-x86_64-fedora-clang 1.0.4 50.49 NOTE
r-devel-linux-x86_64-fedora-gcc 1.0.4 47.91 NOTE
r-devel-osx-x86_64-clang 1.0.4 73.15 NOTE
r-devel-osx-x86_64-gcc 1.0.4 NOTE
r-devel-windows-ix86+x86_64 1.0.4 90.00 31.00 121.00 NOTE
r-patched-linux-x86_64 1.0.4 20.55 21.10 41.64 NOTE
r-patched-solaris-sparc 1.0.4 264.40 NOTE
r-patched-solaris-x86 1.0.4 65.30 NOTE
r-release-linux-ix86 1.0.4 20.00 37.00 57.00 NOTE
r-release-linux-x86_64 1.0.4 29.39 21.08 50.47 NOTE
r-release-osx-x86_64-mavericks 1.0.4 NOTE
r-release-osx-x86_64-snowleopard 1.0.4 NOTE
r-release-windows-ix86+x86_64 1.0.4 28.00 43.00 71.00 NOTE
r-oldrel-windows-ix86+x86_64 1.0.4 38.00 36.00 74.00 NOTE

Check Details

Version: 1.0.4
Check: installed package size
Result: NOTE
     installed size is 24.7Mb
     sub-directories of 1Mb or more:
     java 24.2Mb
Flavors: r-devel-linux-x86_64-debian-clang, r-devel-linux-x86_64-debian-gcc, r-devel-linux-x86_64-fedora-clang, r-devel-linux-x86_64-fedora-gcc, r-devel-osx-x86_64-clang, r-devel-osx-x86_64-gcc, r-devel-windows-ix86+x86_64, r-patched-linux-x86_64, r-patched-solaris-sparc, r-patched-solaris-x86, r-release-linux-ix86, r-release-linux-x86_64, r-release-osx-x86_64-mavericks, r-release-osx-x86_64-snowleopard, r-release-windows-ix86+x86_64, r-oldrel-windows-ix86+x86_64