CRAN Package Check Results for Package jvmr

Last updated on 2014-11-01 08:48:18.

Flavor Version Tinstall Tcheck Ttotal Status Flags
r-devel-linux-x86_64-debian-clang 2.11.2.1 11.44 22.27 33.71 NOTE
r-devel-linux-x86_64-debian-gcc 2.11.2.1 12.08 20.98 33.06 NOTE
r-devel-linux-x86_64-fedora-clang 2.11.2.1 47.92 NOTE
r-devel-linux-x86_64-fedora-gcc 2.11.2.1 46.43 NOTE
r-devel-osx-x86_64-clang 2.11.2.1 64.79 NOTE
r-devel-windows-ix86+x86_64 2.11.2.1 22.00 33.00 55.00 NOTE
r-patched-linux-x86_64 2.11.2.1 16.12 22.81 38.93 NOTE
r-patched-solaris-sparc 2.11.2.1 246.90 NOTE
r-patched-solaris-x86 2.11.2.1 67.50 NOTE
r-release-linux-ix86 2.11.2.1 21.58 26.99 48.57 NOTE
r-release-linux-x86_64 2.11.2.1 10.72 22.32 33.04 NOTE
r-release-osx-x86_64-mavericks 2.11.2.1 NOTE
r-release-osx-x86_64-snowleopard 2.11.2.1 NOTE
r-release-windows-ix86+x86_64 2.11.2.1 20.00 35.00 55.00 NOTE
r-oldrel-windows-ix86+x86_64 2.11.2.1 17.00 33.00 50.00 NOTE

Check Details

Version: 2.11.2.1
Check: installed package size
Result: NOTE
     installed size is 23.5Mb
     sub-directories of 1Mb or more:
     java 23.1Mb
Flavors: r-devel-linux-x86_64-debian-clang, r-devel-linux-x86_64-debian-gcc, r-devel-linux-x86_64-fedora-clang, r-devel-linux-x86_64-fedora-gcc, r-devel-osx-x86_64-clang, r-devel-windows-ix86+x86_64, r-patched-linux-x86_64, r-patched-solaris-sparc, r-patched-solaris-x86, r-release-linux-ix86, r-release-linux-x86_64, r-release-osx-x86_64-mavericks, r-release-osx-x86_64-snowleopard, r-release-windows-ix86+x86_64, r-oldrel-windows-ix86+x86_64