CRAN Package Check Results for Package jvmr

Last updated on 2014-09-02 15:48:59.

Flavor Version Tinstall Tcheck Ttotal Status Flags
r-devel-linux-x86_64-debian-clang 2.11.2.1 20.94 19.93 40.87 NOTE
r-devel-linux-x86_64-debian-gcc 2.11.2.1 27.75 19.46 47.20 NOTE
r-devel-linux-x86_64-fedora-clang 2.11.2.1 50.07 NOTE
r-devel-linux-x86_64-fedora-gcc 2.11.2.1 24.74 NOTE
r-devel-osx-x86_64-clang 2.11.2.1 61.97 NOTE
r-devel-windows-ix86+x86_64 2.11.2.1 30.00 34.00 64.00 NOTE
r-patched-linux-x86_64 2.11.2.1 11.67 20.78 32.45 NOTE
r-patched-solaris-sparc 2.11.2.1 246.90 NOTE
r-patched-solaris-x86 2.11.2.1 71.10 NOTE
r-release-linux-ix86 2.11.1.1 17.26 26.81 44.07 NOTE
r-release-linux-x86_64 2.11.2.1 10.90 20.47 31.38 NOTE
r-release-osx-x86_64-mavericks 2.11.2.1 NOTE
r-release-osx-x86_64-snowleopard 2.11.1.1 NOTE
r-release-windows-ix86+x86_64 2.11.2.1 20.00 35.00 55.00 NOTE
r-oldrel-windows-ix86+x86_64 2.11.2.1 17.00 33.00 50.00 NOTE

Check Details

Version: 2.11.2.1
Check: installed package size
Result: NOTE
     installed size is 23.5Mb
     sub-directories of 1Mb or more:
     java 23.1Mb
Flavors: r-devel-linux-x86_64-debian-clang, r-devel-linux-x86_64-debian-gcc, r-devel-linux-x86_64-fedora-clang, r-devel-linux-x86_64-fedora-gcc, r-devel-osx-x86_64-clang, r-devel-windows-ix86+x86_64, r-patched-linux-x86_64, r-patched-solaris-sparc, r-patched-solaris-x86, r-release-linux-x86_64, r-release-osx-x86_64-mavericks, r-release-windows-ix86+x86_64, r-oldrel-windows-ix86+x86_64

Version: 2.11.1.1
Check: installed package size
Result: NOTE
     installed size is 23.6Mb
     sub-directories of 1Mb or more:
     java 23.0Mb
Flavors: r-release-linux-ix86, r-release-osx-x86_64-snowleopard