CRAN Package Check Results for Package jvmr

Last updated on 2014-07-24 19:49:04.

Flavor Version Tinstall Tcheck Ttotal Status Flags
r-devel-linux-x86_64-debian-clang 2.11.1.1 21.47 20.31 41.78 NOTE
r-devel-linux-x86_64-debian-gcc 2.11.1.1 16.86 19.59 36.44 NOTE
r-devel-linux-x86_64-fedora-clang 2.11.1.1 51.74 NOTE
r-devel-linux-x86_64-fedora-gcc 2.11.1.1 47.73 NOTE
r-devel-osx-x86_64-clang 2.11.1.1 63.83 NOTE
r-devel-windows-ix86+x86_64 2.11.1.1 44.00 31.00 75.00 NOTE
r-patched-linux-x86_64 2.11.1.1 32.14 20.17 52.31 NOTE
r-patched-solaris-sparc 2.11.1.1 262.30 NOTE
r-patched-solaris-x86 2.11.1.1 71.60 NOTE
r-release-linux-ix86 2.11.1.1 18.71 26.80 45.51 NOTE
r-release-linux-x86_64 2.11.1.1 16.29 20.38 36.66 NOTE
r-release-osx-x86_64-mavericks 2.11.1.1 NOTE
r-release-osx-x86_64-snowleopard 2.11.1.1 NOTE
r-release-windows-ix86+x86_64 2.11.1.1 31.00 33.00 64.00 NOTE
r-oldrel-windows-ix86+x86_64 2.11.1.1 31.00 33.00 64.00 NOTE

Check Details

Version: 2.11.1.1
Check: installed package size
Result: NOTE
     installed size is 23.5Mb
     sub-directories of 1Mb or more:
     java 22.9Mb
Flavors: r-devel-linux-x86_64-debian-clang, r-devel-linux-x86_64-debian-gcc, r-devel-linux-x86_64-fedora-clang, r-devel-linux-x86_64-fedora-gcc, r-devel-osx-x86_64-clang, r-devel-windows-ix86+x86_64, r-patched-linux-x86_64, r-patched-solaris-sparc, r-patched-solaris-x86, r-release-linux-ix86, r-release-linux-x86_64, r-release-osx-x86_64-mavericks, r-release-osx-x86_64-snowleopard, r-release-windows-ix86+x86_64, r-oldrel-windows-ix86+x86_64