CRAN Package Check Results for Package jvmr

Last updated on 2014-08-29 23:48:49.

Flavor Version Tinstall Tcheck Ttotal Status Flags
r-devel-linux-x86_64-debian-clang 2.11.1.1 15.05 20.30 35.36 NOTE
r-devel-linux-x86_64-debian-gcc 2.11.1.1 11.11 20.02 31.14 NOTE
r-devel-linux-x86_64-fedora-clang 2.11.1.1 50.06 NOTE
r-devel-linux-x86_64-fedora-gcc 2.11.1.1 46.47 NOTE
r-devel-osx-x86_64-clang 2.11.1.1 62.82 NOTE
r-devel-windows-ix86+x86_64 2.11.1.1 31.00 33.00 64.00 NOTE
r-patched-linux-x86_64 2.11.1.1 11.10 20.09 31.19 NOTE
r-patched-solaris-sparc 2.11.1.1 292.90 NOTE
r-patched-solaris-x86 2.11.1.1 74.30 NOTE
r-release-linux-ix86 2.11.1.1 11.53 26.73 38.26 NOTE
r-release-linux-x86_64 2.11.1.1 25.60 20.72 46.33 NOTE
r-release-osx-x86_64-mavericks 2.11.1.1 NOTE
r-release-osx-x86_64-snowleopard 2.11.1.1 NOTE
r-release-windows-ix86+x86_64 2.11.1.1 31.00 33.00 64.00 NOTE
r-oldrel-windows-ix86+x86_64 2.11.1.1 31.00 33.00 64.00 NOTE

Check Details

Version: 2.11.1.1
Check: installed package size
Result: NOTE
     installed size is 23.5Mb
     sub-directories of 1Mb or more:
     java 22.9Mb
Flavors: r-devel-linux-x86_64-debian-clang, r-devel-linux-x86_64-debian-gcc, r-devel-linux-x86_64-fedora-clang, r-devel-linux-x86_64-fedora-gcc, r-devel-osx-x86_64-clang, r-devel-windows-ix86+x86_64, r-patched-linux-x86_64, r-patched-solaris-sparc, r-patched-solaris-x86, r-release-linux-ix86, r-release-linux-x86_64, r-release-osx-x86_64-mavericks, r-release-osx-x86_64-snowleopard, r-release-windows-ix86+x86_64, r-oldrel-windows-ix86+x86_64