CRAN Package Check Results for Package jvmr

Last updated on 2014-12-21 09:51:29.

Flavor Version Tinstall Tcheck Ttotal Status Flags
r-devel-linux-x86_64-debian-clang 2.11.2.1 29.66 22.58 52.23 NOTE
r-devel-linux-x86_64-debian-gcc 2.11.2.1 29.38 20.65 50.03 NOTE
r-devel-linux-x86_64-fedora-clang 2.11.2.1 48.82 NOTE
r-devel-linux-x86_64-fedora-gcc 2.11.2.1 45.04 NOTE
r-devel-osx-x86_64-clang 2.11.2.1 67.10 NOTE
r-devel-windows-ix86+x86_64 2.11.2.1 32.00 61.00 93.00 NOTE
r-patched-linux-x86_64 2.11.2.1 29.64 21.98 51.63 NOTE
r-patched-solaris-sparc 2.11.2.1 246.90 NOTE
r-patched-solaris-x86 2.11.2.1 67.40 NOTE
r-release-linux-ix86 2.11.2.1 39.26 26.13 65.39 NOTE
r-release-linux-x86_64 2.11.2.1 30.45 21.77 52.22 NOTE
r-release-osx-x86_64-mavericks 2.11.2.1 NOTE
r-release-osx-x86_64-snowleopard 2.11.2.1 NOTE
r-release-windows-ix86+x86_64 2.11.2.1 19.00 46.00 65.00 NOTE
r-oldrel-windows-ix86+x86_64 2.11.2.1 17.00 33.00 50.00 NOTE

Check Details

Version: 2.11.2.1
Check: installed package size
Result: NOTE
     installed size is 23.5Mb
     sub-directories of 1Mb or more:
     java 23.1Mb
Flavors: r-devel-linux-x86_64-debian-clang, r-devel-linux-x86_64-debian-gcc, r-devel-linux-x86_64-fedora-clang, r-devel-linux-x86_64-fedora-gcc, r-devel-osx-x86_64-clang, r-devel-windows-ix86+x86_64, r-patched-linux-x86_64, r-patched-solaris-sparc, r-patched-solaris-x86, r-release-linux-ix86, r-release-linux-x86_64, r-release-osx-x86_64-mavericks, r-release-osx-x86_64-snowleopard, r-release-windows-ix86+x86_64, r-oldrel-windows-ix86+x86_64