CRAN Package Check Results for Package kSamples

Last updated on 2017-03-27 06:48:16.

Flavor Version Tinstall Tcheck Ttotal Status Flags
r-devel-linux-x86_64-debian-clang 1.2-4 2.16 20.52 22.68 NOTE
r-devel-linux-x86_64-debian-gcc 1.2-4 1.91 20.54 22.45 NOTE
r-devel-linux-x86_64-fedora-clang 1.2-4 45.36 NOTE --no-stop-on-test-error
r-devel-linux-x86_64-fedora-gcc 1.2-4 37.26 NOTE --no-stop-on-test-error
r-devel-macos-x86_64-clang 1.2-4 32.24 NOTE --no-stop-on-test-error
r-devel-windows-ix86+x86_64 1.2-4 8.00 44.00 52.00 OK
r-patched-linux-x86_64 1.2-4 1.93 19.87 21.79 NOTE
r-patched-solaris-sparc 1.2-4 238.90 OK
r-patched-solaris-x86 1.2-4 51.50 OK
r-release-linux-x86_64 1.2-4 1.70 18.02 19.71 OK
r-release-osx-x86_64-mavericks 1.2-4 OK
r-release-windows-ix86+x86_64 1.2-4 12.00 42.00 54.00 OK
r-oldrel-windows-ix86+x86_64 1.2-4 8.00 43.00 51.00 OK

Check Details

Version: 1.2-4
Check: compiled code
Result: NOTE
    File ‘kSamples/libs/kSamples.so’:
     Found no calls to: ‘R_registerRoutines’, ‘R_useDynamicSymbols’
    
    It is good practice to register native routines and to disable symbol
    search.
    
    See ‘Writing portable packages’ in the ‘Writing R Extensions’ manual.
Flavors: r-devel-linux-x86_64-debian-clang, r-devel-linux-x86_64-debian-gcc, r-patched-linux-x86_64

Version: 1.2-4
Flags: --no-stop-on-test-error
Check: compiled code
Result: NOTE
    File ‘kSamples/libs/kSamples.so’:
     Found no calls to: ‘R_registerRoutines’, ‘R_useDynamicSymbols’
    
    It is good practice to register native routines and to disable symbol
    search.
    
    See ‘Writing portable packages’ in the ‘Writing R Extensions’ manual.
Flavors: r-devel-linux-x86_64-fedora-clang, r-devel-linux-x86_64-fedora-gcc, r-devel-macos-x86_64-clang