CRAN Package Check Results for Package kSamples

Last updated on 2014-04-24 11:48:48.

Flavor Version Tinstall Tcheck Ttotal Status Flags
r-devel-linux-x86_64-debian-clang 1.0 1.47 16.77 18.24 NOTE
r-devel-linux-x86_64-debian-gcc 1.0 1.78 16.77 18.55 NOTE
r-devel-linux-x86_64-fedora-clang 1.0 33.99 NOTE
r-devel-linux-x86_64-fedora-gcc 1.0 32.51 NOTE
r-devel-osx-x86_64-clang 1.0 29.46 NOTE
r-devel-osx-x86_64-gcc 1.0 NOTE
r-devel-windows-ix86+x86_64 1.0 7.00 30.00 37.00 NOTE
r-patched-linux-x86_64 1.0 1.81 16.63 18.44 NOTE
r-patched-solaris-sparc 1.0 197.80 NOTE
r-patched-solaris-x86 1.0 46.30 NOTE
r-release-linux-ix86 1.0 3.00 31.00 34.00 NOTE
r-release-linux-x86_64 1.0 1.75 16.61 18.36 NOTE
r-release-osx-x86_64-mavericks 1.0 NOTE
r-release-osx-x86_64-snowleopard 1.0 NOTE
r-release-windows-ix86+x86_64 1.0 15.00 40.00 55.00 NOTE
r-oldrel-windows-ix86+x86_64 1.0 7.00 35.00 42.00 NOTE

Check Details

Version: 1.0
Check: dependencies in R code
Result: NOTE
    'library' or 'require' call to ‘SuppDists’ which was already attached by Depends.
     Please remove these calls from your code.
    Package in Depends field not imported from: ‘SuppDists’
     These packages need to be imported from (in the NAMESPACE file)
     for when this namespace is loaded but not attached.
    See the information on DESCRIPTION files in the chapter ‘Creating R
    packages’ of the ‘Writing R Extensions’ manual.
Flavors: r-devel-linux-x86_64-debian-clang, r-devel-linux-x86_64-debian-gcc, r-devel-linux-x86_64-fedora-clang, r-devel-linux-x86_64-fedora-gcc, r-devel-osx-x86_64-clang, r-devel-osx-x86_64-gcc, r-devel-windows-ix86+x86_64, r-patched-linux-x86_64, r-patched-solaris-sparc, r-patched-solaris-x86, r-release-linux-ix86, r-release-linux-x86_64, r-release-osx-x86_64-mavericks, r-release-windows-ix86+x86_64, r-oldrel-windows-ix86+x86_64

Version: 1.0
Check: dependencies in R code
Result: NOTE
    'library' or 'require' call to 'SuppDists' which was already attached by Depends.
     Please remove these calls from your code.
    See the information on DESCRIPTION files in the chapter 'Creating R
    packages' of the 'Writing R Extensions' manual.
Flavor: r-release-osx-x86_64-snowleopard