CRAN Package Check Results for Package kSamples

Last updated on 2017-02-22 13:50:50.

Flavor Version Tinstall Tcheck Ttotal Status Flags
r-devel-linux-x86_64-debian-clang 1.2-4 2.09 20.24 22.33 NOTE
r-devel-linux-x86_64-debian-gcc 1.2-4 1.95 20.48 22.43 NOTE
r-devel-linux-x86_64-fedora-clang 1.2-4 39.29 NOTE --no-stop-on-test-error
r-devel-linux-x86_64-fedora-gcc 1.2-4 37.18 NOTE --no-stop-on-test-error
r-devel-macos-x86_64-clang 1.2-4 32.71 NOTE --no-stop-on-test-error
r-devel-windows-ix86+x86_64 1.2-4 8.00 58.00 66.00 OK
r-patched-linux-x86_64 1.2-4 1.88 18.05 19.93 OK
r-patched-solaris-sparc 1.2-4 204.10 OK
r-patched-solaris-x86 1.2-4 45.50 OK
r-release-linux-x86_64 1.2-4 1.78 17.90 19.68 OK
r-release-osx-x86_64-mavericks 1.2-4 OK
r-release-windows-ix86+x86_64 1.2-4 12.00 42.00 54.00 OK
r-oldrel-windows-ix86+x86_64 1.2-4 8.00 43.00 51.00 OK

Check Details

Version: 1.2-4
Check: compiled code
Result: NOTE
    File ‘kSamples/libs/kSamples.so’:
     Found no calls to: ‘R_registerRoutines’, ‘R_useDynamicSymbols’
    
    It is good practice to register native routines and to disable symbol
    search.
    
    See ‘Writing portable packages’ in the ‘Writing R Extensions’ manual.
Flavors: r-devel-linux-x86_64-debian-clang, r-devel-linux-x86_64-debian-gcc

Version: 1.2-4
Flags: --no-stop-on-test-error
Check: compiled code
Result: NOTE
    File ‘kSamples/libs/kSamples.so’:
     Found no calls to: ‘R_registerRoutines’, ‘R_useDynamicSymbols’
    
    It is good practice to register native routines and to disable symbol
    search.
    
    See ‘Writing portable packages’ in the ‘Writing R Extensions’ manual.
Flavors: r-devel-linux-x86_64-fedora-clang, r-devel-linux-x86_64-fedora-gcc, r-devel-macos-x86_64-clang