CRAN Package Check Results for Package kSamples

Last updated on 2014-11-28 03:47:36.

Flavor Version Tinstall Tcheck Ttotal Status Flags
r-devel-linux-x86_64-debian-clang 1.0 1.54 16.88 18.41 NOTE
r-devel-linux-x86_64-debian-gcc 1.0 1.88 16.37 18.25 NOTE
r-devel-linux-x86_64-fedora-clang 1.0 36.11 NOTE
r-devel-linux-x86_64-fedora-gcc 1.0 37.33 NOTE
r-devel-osx-x86_64-clang 1.0 33.42 NOTE
r-devel-windows-ix86+x86_64 1.0 8.00 29.00 37.00 NOTE
r-patched-linux-x86_64 1.0 1.89 16.68 18.56 NOTE
r-patched-solaris-sparc 1.0 199.80 NOTE
r-patched-solaris-x86 1.0 47.50 NOTE
r-release-linux-ix86 1.0 2.28 22.38 24.66 NOTE
r-release-linux-x86_64 1.0 1.93 16.30 18.22 NOTE
r-release-osx-x86_64-mavericks 1.0 NOTE
r-release-osx-x86_64-snowleopard 1.0 NOTE
r-release-windows-ix86+x86_64 1.0 7.00 43.00 50.00 NOTE
r-oldrel-windows-ix86+x86_64 1.0 7.00 35.00 42.00 NOTE

Check Details

Version: 1.0
Check: dependencies in R code
Result: NOTE
    'library' or 'require' call to ‘SuppDists’ which was already attached by Depends.
     Please remove these calls from your code.
    Package in Depends field not imported from: ‘SuppDists’
     These packages need to be imported from (in the NAMESPACE file)
     for when this namespace is loaded but not attached.
    See the information on DESCRIPTION files in the chapter ‘Creating R
    packages’ of the ‘Writing R Extensions’ manual.
Flavors: r-devel-linux-x86_64-debian-clang, r-devel-linux-x86_64-debian-gcc, r-devel-linux-x86_64-fedora-clang, r-devel-linux-x86_64-fedora-gcc, r-devel-osx-x86_64-clang, r-devel-windows-ix86+x86_64, r-patched-linux-x86_64, r-patched-solaris-sparc, r-patched-solaris-x86, r-release-linux-ix86, r-release-linux-x86_64, r-release-osx-x86_64-mavericks, r-release-windows-ix86+x86_64, r-oldrel-windows-ix86+x86_64

Version: 1.0
Check: R code for possible problems
Result: NOTE
    qn.test: no visible global function definition for ‘normOrder’
Flavors: r-devel-linux-x86_64-debian-clang, r-devel-linux-x86_64-debian-gcc, r-devel-linux-x86_64-fedora-clang, r-devel-linux-x86_64-fedora-gcc, r-devel-osx-x86_64-clang, r-devel-windows-ix86+x86_64, r-patched-linux-x86_64, r-patched-solaris-sparc, r-patched-solaris-x86, r-release-linux-ix86, r-release-linux-x86_64, r-release-windows-ix86+x86_64

Version: 1.0
Check: dependencies in R code
Result: NOTE
    'library' or 'require' call to 'SuppDists' which was already attached by Depends.
     Please remove these calls from your code.
    See the information on DESCRIPTION files in the chapter 'Creating R
    packages' of the 'Writing R Extensions' manual.
Flavor: r-release-osx-x86_64-snowleopard