CRAN Package Check Results for Package kSamples

Last updated on 2015-08-03 11:49:16.

Flavor Version Tinstall Tcheck Ttotal Status Flags
r-devel-linux-x86_64-debian-clang 1.0.1 1.57 15.34 16.91 NOTE
r-devel-linux-x86_64-debian-gcc 1.0.1 1.78 14.55 16.33 NOTE
r-devel-linux-x86_64-fedora-clang 1.0.1 31.07 NOTE
r-devel-linux-x86_64-fedora-gcc 1.0.1 28.97 NOTE
r-devel-osx-x86_64-clang 1.0.1 29.40 OK
r-devel-windows-ix86+x86_64 1.0.1 8.00 31.00 39.00 NOTE
r-patched-linux-x86_64 1.0.1 1.90 15.24 17.14 OK
r-patched-solaris-sparc 1.0.1 200.90 OK
r-patched-solaris-x86 1.0.1 43.50 OK
r-release-linux-x86_64 1.0.1 1.83 15.07 16.90 OK
r-release-osx-x86_64-mavericks 1.0.1 OK
r-release-windows-ix86+x86_64 1.0.1 7.00 31.00 38.00 OK
r-oldrel-windows-ix86+x86_64 1.0.1 11.00 34.00 45.00 OK

Check Details

Version: 1.0.1
Check: R code for possible problems
Result: NOTE
    Steel.test : Steelnormal : funz: no visible global function definition
     for ‘pnorm’
    Steel.test : Steelnormal : funz: no visible global function definition
     for ‘dnorm’
    Steel.test : Steelnormal: no visible global function definition for
     ‘integrate’
    SteelConfInt : pmaxWilcox : fx: no visible global function definition
     for ‘pnorm’
    SteelConfInt : pmaxWilcox : fx: no visible global function definition
     for ‘dnorm’
    SteelConfInt : pmaxWilcox: no visible global function definition for
     ‘integrate’
    SteelConfInt : qmaxWilcox: no visible global function definition for
     ‘qnorm’
    SteelConfInt : qmaxWilcox: no visible global function definition for
     ‘uniroot’
    SteelConfInt : ProbWilcox : fx: no visible global function definition
     for ‘pnorm’
    SteelConfInt : ProbWilcox : fx: no visible global function definition
     for ‘dnorm’
    SteelConfInt : ProbWilcox: no visible global function definition for
     ‘integrate’
    ad.pval: no visible global function definition for ‘smooth.spline’
    ad.pval: no visible global function definition for ‘predict’
    contingency2xt: no visible global function definition for ‘pchisq’
    contingency2xt.comb: no visible global function definition for ‘pchisq’
    pp.kSamples: no visible global function definition for ‘par’
    pp.kSamples: no visible global function definition for ‘plot’
    pp.kSamples: no visible global function definition for ‘text’
    pp.kSamples: no visible global function definition for ‘abline’
    pp.kSamples: no visible global function definition for ‘pchisq’
    qn.test: no visible global function definition for ‘qnorm’
    qn.test: no visible global function definition for ‘var’
    qn.test: no visible global function definition for ‘pchisq’
    qn.test.combined: no visible global function definition for ‘pchisq’
    Undefined global functions or variables:
     abline dnorm integrate par pchisq plot pnorm predict qnorm
     smooth.spline text uniroot var
    Consider adding
     importFrom("graphics", "abline", "par", "plot", "text")
     importFrom("stats", "dnorm", "integrate", "pchisq", "pnorm", "predict",
     "qnorm", "smooth.spline", "uniroot", "var")
    to your NAMESPACE.
Flavors: r-devel-linux-x86_64-debian-clang, r-devel-linux-x86_64-debian-gcc, r-devel-linux-x86_64-fedora-clang, r-devel-linux-x86_64-fedora-gcc, r-devel-windows-ix86+x86_64