CRAN Package Check Results for Package kSamples

Last updated on 2014-09-02 22:47:41.

Flavor Version Tinstall Tcheck Ttotal Status Flags
r-devel-linux-x86_64-debian-clang 1.0 1.30 15.29 16.59 NOTE
r-devel-linux-x86_64-debian-gcc 1.0 1.79 15.08 16.88 NOTE
r-devel-linux-x86_64-fedora-clang 1.0 34.20 NOTE
r-devel-linux-x86_64-fedora-gcc 1.0 30.71 NOTE
r-devel-osx-x86_64-clang 1.0 30.42 NOTE
r-devel-windows-ix86+x86_64 1.0 8.00 29.00 37.00 NOTE
r-patched-linux-x86_64 1.0 1.90 15.47 17.37 NOTE
r-patched-solaris-sparc 1.0 228.00 NOTE
r-patched-solaris-x86 1.0 45.60 NOTE
r-release-linux-ix86 1.0 2.43 22.77 25.20 NOTE
r-release-linux-x86_64 1.0 1.92 15.94 17.86 NOTE
r-release-osx-x86_64-mavericks 1.0 NOTE
r-release-osx-x86_64-snowleopard 1.0 NOTE
r-release-windows-ix86+x86_64 1.0 10.00 34.00 44.00 NOTE
r-oldrel-windows-ix86+x86_64 1.0 7.00 35.00 42.00 NOTE

Check Details

Version: 1.0
Check: dependencies in R code
Result: NOTE
    'library' or 'require' call to ‘SuppDists’ which was already attached by Depends.
     Please remove these calls from your code.
    Package in Depends field not imported from: ‘SuppDists’
     These packages need to be imported from (in the NAMESPACE file)
     for when this namespace is loaded but not attached.
    See the information on DESCRIPTION files in the chapter ‘Creating R
    packages’ of the ‘Writing R Extensions’ manual.
Flavors: r-devel-linux-x86_64-debian-clang, r-devel-linux-x86_64-debian-gcc, r-devel-linux-x86_64-fedora-clang, r-devel-linux-x86_64-fedora-gcc, r-devel-osx-x86_64-clang, r-devel-windows-ix86+x86_64, r-patched-linux-x86_64, r-patched-solaris-sparc, r-patched-solaris-x86, r-release-linux-ix86, r-release-linux-x86_64, r-release-osx-x86_64-mavericks, r-release-windows-ix86+x86_64, r-oldrel-windows-ix86+x86_64

Version: 1.0
Check: R code for possible problems
Result: NOTE
    qn.test: no visible global function definition for ‘normOrder’
Flavors: r-devel-linux-x86_64-debian-clang, r-devel-linux-x86_64-debian-gcc, r-devel-linux-x86_64-fedora-clang, r-devel-linux-x86_64-fedora-gcc, r-devel-osx-x86_64-clang, r-devel-windows-ix86+x86_64

Version: 1.0
Check: dependencies in R code
Result: NOTE
    'library' or 'require' call to 'SuppDists' which was already attached by Depends.
     Please remove these calls from your code.
    See the information on DESCRIPTION files in the chapter 'Creating R
    packages' of the 'Writing R Extensions' manual.
Flavor: r-release-osx-x86_64-snowleopard