Last updated on 2022-07-05 23:55:43 CEST.
Flavor | Version | Tinstall | Tcheck | Ttotal | Status | Flags |
---|---|---|---|---|---|---|
r-devel-linux-x86_64-debian-clang | 1.3.4 | 10.82 | 90.89 | 101.71 | NOTE | |
r-devel-linux-x86_64-debian-gcc | 1.3.4 | 5.83 | 69.70 | 75.53 | NOTE | |
r-devel-linux-x86_64-fedora-clang | 1.3.4 | 130.52 | NOTE | |||
r-devel-linux-x86_64-fedora-gcc | 1.3.4 | 130.20 | NOTE | |||
r-devel-windows-x86_64 | 1.3.4 | 102.00 | 157.00 | 259.00 | NOTE | |
r-patched-linux-x86_64 | 1.3.4 | 9.90 | 87.74 | 97.64 | NOTE | |
r-release-linux-x86_64 | 1.3.4 | 7.68 | 87.51 | 95.19 | NOTE | |
r-release-macos-arm64 | 1.3.4 | 44.00 | NOTE | |||
r-release-macos-x86_64 | 1.3.4 | 58.00 | NOTE | |||
r-release-windows-x86_64 | 1.3.4 | 66.00 | 160.00 | 226.00 | NOTE | |
r-oldrel-macos-arm64 | 1.3.4 | 45.00 | NOTE | |||
r-oldrel-macos-x86_64 | 1.3.4 | 66.00 | NOTE | |||
r-oldrel-windows-ix86+x86_64 | 1.3.4 | 19.00 | 128.00 | 147.00 | NOTE |
Version: 1.3.4
Check: LazyData
Result: NOTE
'LazyData' is specified without a 'data' directory
Flavors: r-devel-linux-x86_64-debian-clang, r-devel-linux-x86_64-debian-gcc, r-devel-linux-x86_64-fedora-clang, r-devel-linux-x86_64-fedora-gcc, r-devel-windows-x86_64, r-patched-linux-x86_64, r-release-linux-x86_64, r-release-macos-arm64, r-release-macos-x86_64, r-release-windows-x86_64, r-oldrel-macos-arm64, r-oldrel-macos-x86_64, r-oldrel-windows-ix86+x86_64