CRAN Package Check Results for Package kader

Last updated on 2019-05-20 12:48:24 CEST.

Flavor Version Tinstall Tcheck Ttotal Status Flags
r-devel-linux-x86_64-debian-clang 0.0.8 2.47 37.36 39.83 OK
r-devel-linux-x86_64-debian-gcc 0.0.8 1.94 25.65 27.59 OK
r-devel-linux-x86_64-fedora-clang 0.0.8 50.12 OK
r-devel-linux-x86_64-fedora-gcc 0.0.8 42.91 OK
r-devel-windows-ix86+x86_64 0.0.8 7.00 67.00 74.00 OK
r-patched-linux-x86_64 0.0.8 1.87 32.74 34.61 NOTE
r-patched-solaris-x86 0.0.8 75.10 OK
r-release-linux-x86_64 0.0.8 1.92 33.05 34.97 NOTE
r-release-windows-ix86+x86_64 0.0.8 8.00 73.00 81.00 OK
r-release-osx-x86_64 0.0.8 OK
r-oldrel-windows-ix86+x86_64 0.0.8 3.00 55.00 58.00 OK
r-oldrel-osx-x86_64 0.0.8 OK

Check Details

Version: 0.0.8
Check: DESCRIPTION meta-information
Result: NOTE
    Dependence on R version ‘3.4.1’ not with patchlevel 0
Flavors: r-patched-linux-x86_64, r-release-linux-x86_64