CRAN Package Check Results for Package kader

Last updated on 2019-03-22 17:49:30 CET.

Flavor Version Tinstall Tcheck Ttotal Status Flags
r-devel-linux-x86_64-debian-clang 0.0.8 2.33 37.62 39.95 NOTE
r-devel-linux-x86_64-debian-gcc 0.0.8 1.95 26.12 28.07 NOTE
r-devel-linux-x86_64-fedora-clang 0.0.8 49.85 NOTE
r-devel-linux-x86_64-fedora-gcc 0.0.8 43.56 NOTE
r-devel-windows-ix86+x86_64 0.0.8 10.00 69.00 79.00 OK
r-patched-linux-x86_64 0.0.8 1.78 31.52 33.30 NOTE
r-patched-solaris-x86 0.0.8 72.40 OK
r-release-linux-x86_64 0.0.8 1.18 31.92 33.10 NOTE
r-release-windows-ix86+x86_64 0.0.8 3.00 55.00 58.00 OK
r-release-osx-x86_64 0.0.8 OK
r-oldrel-windows-ix86+x86_64 0.0.8 4.00 68.00 72.00 OK
r-oldrel-osx-x86_64 0.0.8 OK

Check Details

Version: 0.0.8
Check: DESCRIPTION meta-information
Result: NOTE
    Dependence on R version '3.4.1' not with patchlevel 0
Flavors: r-devel-linux-x86_64-debian-clang, r-devel-linux-x86_64-debian-gcc, r-devel-linux-x86_64-fedora-clang, r-devel-linux-x86_64-fedora-gcc, r-patched-linux-x86_64, r-release-linux-x86_64