CRAN Package Check Results for Package kappalab

Last updated on 2016-02-13 09:47:01.

Flavor Version Tinstall Tcheck Ttotal Status Flags
r-devel-linux-x86_64-debian-gcc 0.4-7 4.25 47.17 51.42 OK
r-devel-linux-x86_64-fedora-clang 0.4-7 101.00 OK
r-devel-linux-x86_64-fedora-gcc 0.4-7 98.96 OK
r-devel-osx-x86_64-clang 0.4-7 110.26 OK
r-devel-windows-ix86+x86_64 0.4-7 29.00 122.00 151.00 OK
r-patched-linux-x86_64 0.4-7 4.47 52.22 56.69 OK
r-patched-solaris-sparc 0.4-7 696.80 OK
r-patched-solaris-x86 0.4-7 148.60 OK
r-release-linux-x86_64 0.4-7 4.84 46.93 51.76 ERROR
r-release-osx-x86_64-mavericks 0.4-7 OK
r-release-windows-ix86+x86_64 0.4-7 31.00 164.00 195.00 OK
r-oldrel-windows-ix86+x86_64 0.4-7 36.00 167.00 203.00 OK

Check Details

Version: 0.4-7
Check: tests
Result: ERROR
    Running the tests in ‘tests/ls.sorting.treatment.R’ failed.
    Last 13 lines of output:
     >
     > print("*** Starting the calculations")
     [1] "*** Starting the calculations"
     > ## search for a capacity which satisfies the constraints
     > lsc <- ls.sorting.capa.ident(n ,k, P, cl.proto, d,
     + A.Shapley.preorder = Asp,
     + A.Shapley.interval = Asi,
     + A.interaction.preorder = Aip,
     + A.interaction.interval = Aii,
     + A.inter.additive.partition = Aiap)
     Error in ls.sorting.capa.ident(n, k, P, cl.proto, d, A.Shapley.preorder = Asp, :
     not enough classes
     Execution halted
Flavor: r-release-linux-x86_64