CRAN Package Check Results for Package kappalab

Last updated on 2017-12-13 01:54:44 CET.

Flavor Version Tinstall Tcheck Ttotal Status Flags
r-devel-linux-x86_64-debian-clang 0.4-7 6.56 83.28 89.84 NOTE
r-devel-linux-x86_64-debian-gcc 0.4-7 4.82 66.62 71.44 NOTE
r-devel-linux-x86_64-fedora-clang 0.4-7 105.31 NOTE
r-devel-windows-ix86+x86_64 0.4-7 37.00 138.00 175.00 OK
r-patched-linux-x86_64 0.4-7 6.31 88.92 95.23 NOTE
r-patched-solaris-x86 0.4-7 155.80 OK
r-release-linux-x86_64 0.4-7 5.86 87.70 93.56 NOTE
r-release-windows-ix86+x86_64 0.4-7 21.00 137.00 158.00 OK
r-release-osx-x86_64 0.4-7 OK
r-oldrel-windows-ix86+x86_64 0.4-7 17.00 128.00 145.00 OK
r-oldrel-osx-x86_64 0.4-7 OK

Check Details

Version: 0.4-7
Check: compiled code
Result: NOTE
    File ‘kappalab/libs/kappalab.so’:
     Found no calls to: ‘R_registerRoutines’, ‘R_useDynamicSymbols’
    
    It is good practice to register native routines and to disable symbol
    search.
    
    See ‘Writing portable packages’ in the ‘Writing R Extensions’ manual.
Flavors: r-devel-linux-x86_64-debian-clang, r-devel-linux-x86_64-debian-gcc, r-devel-linux-x86_64-fedora-clang, r-patched-linux-x86_64, r-release-linux-x86_64