Last updated on 2023-12-11 13:49:39 CET.
Flavor | Version | Tinstall | Tcheck | Ttotal | Status | Flags |
---|---|---|---|---|---|---|
r-devel-linux-x86_64-debian-clang | 0.4-12 | 15.36 | 113.49 | 128.85 | OK | |
r-devel-linux-x86_64-debian-gcc | 0.4-12 | 13.47 | 87.92 | 101.39 | OK | |
r-devel-linux-x86_64-fedora-clang | 0.4-12 | 170.42 | NOTE | |||
r-devel-linux-x86_64-fedora-gcc | 0.4-12 | 170.51 | NOTE | |||
r-devel-windows-x86_64 | 0.4-12 | 20.00 | 118.00 | 138.00 | OK | |
r-patched-linux-x86_64 | 0.4-12 | 18.81 | 115.90 | 134.71 | OK | |
r-release-linux-x86_64 | 0.4-12 | 14.23 | 114.84 | 129.07 | OK | |
r-release-macos-arm64 | 0.4-12 | 55.00 | OK | |||
r-release-macos-x86_64 | 0.4-12 | 152.00 | OK | |||
r-release-windows-x86_64 | 0.4-12 | 24.00 | 132.00 | 156.00 | OK | |
r-oldrel-macos-arm64 | 0.4-12 | 58.00 | OK | |||
r-oldrel-macos-x86_64 | 0.4-10 | 77.00 | OK | |||
r-oldrel-windows-x86_64 | 0.4-12 | 20.00 | 132.00 | 152.00 | OK |
Version: 0.4-12
Check: compiled code
Result: NOTE
File ‘kappalab/libs/kappalab.so’:
Found no calls to: ‘R_registerRoutines’, ‘R_useDynamicSymbols’
It is good practice to register native routines and to disable symbol
search.
See ‘Writing portable packages’ in the ‘Writing R Extensions’ manual.
Flavors: r-devel-linux-x86_64-fedora-clang, r-devel-linux-x86_64-fedora-gcc