CRAN Package Check Results for Package kappalab

Last updated on 2015-07-03 13:46:35.

Flavor Version Tinstall Tcheck Ttotal Status Flags
r-devel-linux-x86_64-debian-clang 0.4-6 4.27 52.28 56.55 NOTE
r-devel-linux-x86_64-debian-gcc 0.4-6 4.22 49.70 53.92 NOTE
r-devel-linux-x86_64-fedora-clang 0.4-6 111.88 NOTE
r-devel-linux-x86_64-fedora-gcc 0.4-6 104.98 NOTE
r-devel-osx-x86_64-clang 0.4-6 103.16 OK
r-devel-windows-ix86+x86_64 0.4-6 22.00 177.00 199.00 OK
r-patched-linux-x86_64 0.4-6 4.31 51.38 55.69 NOTE
r-patched-solaris-sparc 0.4-6 730.80 OK
r-patched-solaris-x86 0.4-6 153.70 OK
r-release-linux-x86_64 0.4-6 4.26 50.86 55.12 NOTE
r-release-osx-x86_64-mavericks 0.4-6 OK
r-release-windows-ix86+x86_64 0.4-6 22.00 123.00 145.00 OK
r-oldrel-windows-ix86+x86_64 0.4-6 31.00 204.00 235.00 OK

Check Details

Version: 0.4-6
Check: top-level files
Result: NOTE
    Non-standard file/directory found at top level:
     ‘kappalab-Ex.R’
Flavors: r-devel-linux-x86_64-debian-clang, r-devel-linux-x86_64-debian-gcc, r-devel-linux-x86_64-fedora-clang, r-devel-linux-x86_64-fedora-gcc, r-patched-linux-x86_64, r-release-linux-x86_64

Version: 0.4-6
Check: Rd line widths
Result: NOTE
    Rd file 'mini.dist.capa.ident.Rd':
     \examples lines wider than 100 characters:
     min.dist <- mini.dist.capa.ident(a.mu,2,"binary.alternatives",A.Choquet.preorder = Acp)
    
    These lines will be truncated in the PDF manual.
Flavors: r-devel-linux-x86_64-debian-clang, r-devel-linux-x86_64-debian-gcc, r-devel-linux-x86_64-fedora-clang, r-devel-linux-x86_64-fedora-gcc, r-patched-linux-x86_64, r-release-linux-x86_64