CRAN Package Check Results for Package kappalab

Last updated on 2018-02-25 21:56:03 CET.

Flavor Version Tinstall Tcheck Ttotal Status Flags
r-devel-linux-x86_64-debian-clang 0.4-7 10.10 86.39 96.49 NOTE
r-devel-linux-x86_64-debian-gcc 0.4-7 8.40 68.12 76.52 NOTE
r-devel-linux-x86_64-fedora-clang 0.4-7 119.39 NOTE
r-devel-linux-x86_64-fedora-gcc 0.4-7 114.76 NOTE
r-devel-windows-ix86+x86_64 0.4-7 37.00 146.00 183.00 OK
r-patched-linux-x86_64 0.4-7 6.58 88.76 95.34 NOTE
r-patched-solaris-x86 0.4-7 150.10 OK
r-release-linux-x86_64 0.4-7 6.03 87.62 93.65 NOTE
r-release-windows-ix86+x86_64 0.4-7 21.00 137.00 158.00 OK
r-release-osx-x86_64 0.4-7 OK
r-oldrel-windows-ix86+x86_64 0.4-7 17.00 128.00 145.00 OK
r-oldrel-osx-x86_64 0.4-7 OK

Check Details

Version: 0.4-7
Check: compiled code
Result: NOTE
    File ‘kappalab/libs/kappalab.so’:
     Found no calls to: ‘R_registerRoutines’, ‘R_useDynamicSymbols’
    
    It is good practice to register native routines and to disable symbol
    search.
    
    See ‘Writing portable packages’ in the ‘Writing R Extensions’ manual.
Flavors: r-devel-linux-x86_64-debian-clang, r-devel-linux-x86_64-debian-gcc, r-devel-linux-x86_64-fedora-clang, r-devel-linux-x86_64-fedora-gcc, r-patched-linux-x86_64, r-release-linux-x86_64