CRAN Package Check Results for Package kappalab

Last updated on 2018-06-22 10:50:29 CEST.

Flavor Version Tinstall Tcheck Ttotal Status Flags
r-devel-linux-x86_64-debian-clang 0.4-7 12.14 94.20 106.34 NOTE
r-devel-linux-x86_64-debian-gcc 0.4-7 9.38 79.67 89.05 NOTE
r-devel-linux-x86_64-fedora-clang 0.4-7 133.50 NOTE
r-devel-linux-x86_64-fedora-gcc 0.4-7 125.28 NOTE
r-devel-windows-ix86+x86_64 0.4-7 37.00 158.00 195.00 OK
r-patched-linux-x86_64 0.4-7 11.59 86.74 98.33 NOTE
r-patched-solaris-x86 0.4-7 171.20 OK
r-release-linux-x86_64 0.4-7 10.15 85.99 96.14 NOTE
r-release-windows-ix86+x86_64 0.4-7 33.00 207.00 240.00 OK
r-release-osx-x86_64 0.4-7 OK
r-oldrel-windows-ix86+x86_64 0.4-7 22.00 207.00 229.00 OK
r-oldrel-osx-x86_64 0.4-7 OK

Check Details

Version: 0.4-7
Check: compiled code
Result: NOTE
    File ‘kappalab/libs/kappalab.so’:
     Found no calls to: ‘R_registerRoutines’, ‘R_useDynamicSymbols’
    
    It is good practice to register native routines and to disable symbol
    search.
    
    See ‘Writing portable packages’ in the ‘Writing R Extensions’ manual.
Flavors: r-devel-linux-x86_64-debian-clang, r-devel-linux-x86_64-debian-gcc, r-devel-linux-x86_64-fedora-clang, r-devel-linux-x86_64-fedora-gcc, r-patched-linux-x86_64, r-release-linux-x86_64