CRAN Package Check Results for Package kappalab

Last updated on 2021-12-01 04:51:10 CET.

Flavor Version Tinstall Tcheck Ttotal Status Flags
r-devel-linux-x86_64-debian-clang 0.4-7 14.47 102.43 116.90 NOTE
r-devel-linux-x86_64-debian-gcc 0.4-7 10.77 87.37 98.14 NOTE
r-devel-linux-x86_64-fedora-clang 0.4-7 167.18 NOTE
r-devel-linux-x86_64-fedora-gcc 0.4-7 141.04 NOTE
r-devel-windows-x86_64-new-UL 0.4-7 49.00 155.00 204.00 OK
r-devel-windows-x86_64-new-TK 0.4-7 OK
r-devel-windows-x86_64-old 0.4-7 27.00 103.00 130.00 OK
r-patched-linux-x86_64 0.4-7 14.07 100.25 114.32 NOTE
r-patched-solaris-x86 0.4-7 204.70 NOTE
r-release-linux-x86_64 0.4-7 10.81 100.10 110.91 NOTE
r-release-macos-arm64 0.4-7 OK
r-release-macos-x86_64 0.4-7 OK
r-release-windows-ix86+x86_64 0.4-7 37.00 163.00 200.00 OK
r-oldrel-macos-x86_64 0.4-7 OK
r-oldrel-windows-ix86+x86_64 0.4-7 28.00 162.00 190.00 OK

Check Details

Version: 0.4-7
Check: for non-standard things in the check directory
Result: NOTE
    Found the following files/directories:
     'my.Mobius.set.func.csv' 'my.card.set.func.csv' 'my.set.func.csv'
Flavors: r-devel-linux-x86_64-debian-clang, r-devel-linux-x86_64-debian-gcc, r-devel-linux-x86_64-fedora-clang, r-devel-linux-x86_64-fedora-gcc, r-patched-linux-x86_64, r-patched-solaris-x86, r-release-linux-x86_64

Version: 0.4-7
Check: compiled code
Result: NOTE
    File ‘kappalab/libs/kappalab.so’:
     Found no calls to: ‘R_registerRoutines’, ‘R_useDynamicSymbols’
    
    It is good practice to register native routines and to disable symbol
    search.
    
    See ‘Writing portable packages’ in the ‘Writing R Extensions’ manual.
Flavors: r-devel-linux-x86_64-fedora-clang, r-devel-linux-x86_64-fedora-gcc