CRAN Package Check Results for Package kappalab

Last updated on 2015-04-19 11:51:10.

Flavor Version Tinstall Tcheck Ttotal Status Flags
r-devel-linux-x86_64-debian-clang 0.4-6 4.26 52.11 56.38 NOTE
r-devel-linux-x86_64-debian-gcc 0.4-6 4.24 46.18 50.42 ERROR
r-devel-linux-x86_64-fedora-clang 0.4-6 113.59 NOTE
r-devel-linux-x86_64-fedora-gcc 0.4-6 109.32 NOTE
r-devel-osx-x86_64-clang 0.4-6 103.04 OK
r-devel-windows-ix86+x86_64 0.4-6 31.00 162.00 193.00 OK
r-patched-linux-x86_64 0.4-6 4.36 51.69 56.05 NOTE
r-patched-solaris-sparc 0.4-6 739.80 OK
r-patched-solaris-x86 0.4-6 153.20 OK
r-release-linux-x86_64 0.4-6 4.37 51.13 55.50 NOTE
r-release-osx-x86_64-mavericks 0.4-6 OK
r-release-osx-x86_64-snowleopard 0.4-6 OK
r-release-windows-ix86+x86_64 0.4-6 19.00 150.00 169.00 OK
r-oldrel-windows-ix86+x86_64 0.4-6 31.00 204.00 235.00 OK

Check Details

Version: 0.4-6
Check: top-level files
Result: NOTE
    Non-standard file/directory found at top level:
     ‘kappalab-Ex.R’
Flavors: r-devel-linux-x86_64-debian-clang, r-devel-linux-x86_64-debian-gcc, r-devel-linux-x86_64-fedora-clang, r-devel-linux-x86_64-fedora-gcc, r-patched-linux-x86_64, r-release-linux-x86_64

Version: 0.4-6
Check: Rd line widths
Result: NOTE
    Rd file 'mini.dist.capa.ident.Rd':
     \examples lines wider than 100 characters:
     min.dist <- mini.dist.capa.ident(a.mu,2,"binary.alternatives",A.Choquet.preorder = Acp)
    
    These lines will be truncated in the PDF manual.
Flavors: r-devel-linux-x86_64-debian-clang, r-devel-linux-x86_64-debian-gcc, r-devel-linux-x86_64-fedora-clang, r-devel-linux-x86_64-fedora-gcc, r-patched-linux-x86_64, r-release-linux-x86_64

Version: 0.4-6
Check: tests
Result: ERROR
    Running the tests in ‘tests/ls.sorting.treatment.R’ failed.
    Last 13 lines of output:
     >
     > print("*** Starting the calculations")
     [1] "*** Starting the calculations"
     > ## search for a capacity which satisfies the constraints
     > lsc <- ls.sorting.capa.ident(n ,k, P, cl.proto, d,
     + A.Shapley.preorder = Asp,
     + A.Shapley.interval = Asi,
     + A.interaction.preorder = Aip,
     + A.interaction.interval = Aii,
     + A.inter.additive.partition = Aiap)
     Error in ls.sorting.capa.ident(n, k, P, cl.proto, d, A.Shapley.preorder = Asp, :
     not enough classes
     Execution halted
Flavor: r-devel-linux-x86_64-debian-gcc