CRAN Package Check Results for Package kappalab

Last updated on 2014-04-18 09:49:20.

Flavor Version Tinstall Tcheck Ttotal Status Flags
r-devel-linux-x86_64-debian-clang 0.4-6 4.50 65.70 70.20 OK
r-devel-linux-x86_64-debian-gcc OK
r-devel-linux-x86_64-fedora-clang 0.4-6 150.31 NOTE
r-devel-linux-x86_64-fedora-gcc 0.4-6 146.54 NOTE
r-devel-macosx-x86_64-clang 0.4-6 122.41 OK
r-devel-macosx-x86_64-gcc 0.4-6 OK
r-devel-windows-ix86+x86_64 0.4-6 20.00 146.00 166.00 OK
r-patched-linux-x86_64 0.4-6 4.95 67.47 72.42 OK
r-patched-solaris-sparc 0.4-6 862.60 OK
r-patched-solaris-x86 0.4-6 188.80 OK
r-release-linux-ix86 0.4-6 10.00 103.00 113.00 OK
r-release-linux-x86_64 0.4-6 5.00 67.05 72.04 OK
r-release-macosx-x86_64 0.4-6 WARN
r-release-windows-ix86+x86_64 0.4-6 37.00 202.00 239.00 OK
r-oldrel-windows-ix86+x86_64 0.4-6 17.00 126.00 143.00 OK

Check Details

Version: 0.4-6
Check: top-level files
Result: NOTE
    Non-standard file/directory found at top level:
     ‘kappalab-Ex.R’
Flavors: r-devel-linux-x86_64-fedora-clang, r-devel-linux-x86_64-fedora-gcc

Version: 0.4-6
Check: Rd line widths
Result: NOTE
    Rd file 'mini.dist.capa.ident.Rd':
     \examples lines wider than 100 characters:
     min.dist <- mini.dist.capa.ident(a.mu,2,"binary.alternatives",A.Choquet.preorder = Acp)
    
    These lines will be truncated in the PDF manual.
Flavors: r-devel-linux-x86_64-fedora-clang, r-devel-linux-x86_64-fedora-gcc

Version: 0.4-6
Check: examples
Result: WARNING
    checking a package with encoding 'latin1' in an ASCII locale
    
     OK
Flavor: r-release-macosx-x86_64