CRAN Package Check Results for Package kappalab

Last updated on 2017-08-18 04:46:46.

Flavor Version Tinstall Tcheck Ttotal Status Flags
r-devel-linux-x86_64-debian-clang 0.4-7 5.18 56.21 61.38 NOTE
r-devel-linux-x86_64-debian-gcc 0.4-7 4.68 53.78 58.46 NOTE
r-devel-linux-x86_64-fedora-clang 0.4-7 112.66 NOTE
r-devel-linux-x86_64-fedora-gcc 0.4-7 110.47 NOTE
r-devel-windows-ix86+x86_64 0.4-7 29.00 142.00 171.00 OK
r-patched-linux-x86_64 0.4-7 4.59 54.70 59.29 NOTE
r-patched-solaris-x86 0.4-7 155.80 OK
r-release-linux-x86_64 0.4-7 4.37 53.64 58.01 NOTE
r-release-windows-ix86+x86_64 0.4-7 21.00 137.00 158.00 OK
r-release-osx-x86_64 0.4-7 OK
r-oldrel-windows-ix86+x86_64 0.4-7 17.00 128.00 145.00 OK
r-oldrel-osx-x86_64 0.4-7 OK

Check Details

Version: 0.4-7
Check: compiled code
Result: NOTE
    File ‘kappalab/libs/kappalab.so’:
     Found no calls to: ‘R_registerRoutines’, ‘R_useDynamicSymbols’
    
    It is good practice to register native routines and to disable symbol
    search.
    
    See ‘Writing portable packages’ in the ‘Writing R Extensions’ manual.
Flavors: r-devel-linux-x86_64-debian-clang, r-devel-linux-x86_64-debian-gcc, r-devel-linux-x86_64-fedora-clang, r-devel-linux-x86_64-fedora-gcc, r-patched-linux-x86_64, r-release-linux-x86_64