CRAN Package Check Results for Package kappalab

Last updated on 2017-04-28 17:47:40.

Flavor Version Tinstall Tcheck Ttotal Status Flags
r-devel-linux-x86_64-debian-clang 0.4-7 5.33 54.85 60.18 NOTE
r-devel-linux-x86_64-debian-gcc 0.4-7 4.45 53.59 58.04 NOTE
r-devel-linux-x86_64-fedora-clang 0.4-7 113.57 NOTE --no-stop-on-test-error
r-devel-linux-x86_64-fedora-gcc 0.4-7 109.07 NOTE --no-stop-on-test-error
r-devel-windows-ix86+x86_64 0.4-7 30.00 150.00 180.00 OK
r-patched-linux-x86_64 0.4-7 5.23 53.49 58.72 NOTE
r-patched-solaris-sparc 0.4-7 691.80 OK
r-patched-solaris-x86 0.4-7 150.10 OK
r-release-linux-x86_64 0.4-7 4.26 52.90 57.16 NOTE
r-release-windows-ix86+x86_64 0.4-7 22.00 147.00 169.00 OK
r-release-osx-x86_64 0.4-7 OK
r-oldrel-windows-ix86+x86_64 0.4-7 17.00 128.00 145.00 OK
r-oldrel-osx-x86_64 0.4-7 OK

Check Details

Version: 0.4-7
Check: compiled code
Result: NOTE
    File ‘kappalab/libs/kappalab.so’:
     Found no calls to: ‘R_registerRoutines’, ‘R_useDynamicSymbols’
    
    It is good practice to register native routines and to disable symbol
    search.
    
    See ‘Writing portable packages’ in the ‘Writing R Extensions’ manual.
Flavors: r-devel-linux-x86_64-debian-clang, r-devel-linux-x86_64-debian-gcc, r-patched-linux-x86_64, r-release-linux-x86_64

Version: 0.4-7
Flags: --no-stop-on-test-error
Check: compiled code
Result: NOTE
    File ‘kappalab/libs/kappalab.so’:
     Found no calls to: ‘R_registerRoutines’, ‘R_useDynamicSymbols’
    
    It is good practice to register native routines and to disable symbol
    search.
    
    See ‘Writing portable packages’ in the ‘Writing R Extensions’ manual.
Flavors: r-devel-linux-x86_64-fedora-clang, r-devel-linux-x86_64-fedora-gcc