CRAN Package Check Results for Package kappalab

Last updated on 2017-10-18 08:48:16.

Flavor Version Tinstall Tcheck Ttotal Status Flags
r-devel-linux-x86_64-debian-clang 0.4-7 4.81 54.94 59.75 NOTE
r-devel-linux-x86_64-debian-gcc 0.4-7 5.11 58.73 63.84 NOTE
r-devel-linux-x86_64-fedora-clang 0.4-7 118.32 NOTE
r-devel-linux-x86_64-fedora-gcc 0.4-7 116.53 NOTE
r-devel-windows-ix86+x86_64 0.4-7 35.00 138.00 173.00 OK
r-patched-linux-x86_64 0.4-7 4.44 53.84 58.28 NOTE
r-patched-solaris-x86 0.4-7 156.70 OK
r-release-linux-x86_64 0.4-7 4.50 54.11 58.62 NOTE
r-release-windows-ix86+x86_64 0.4-7 21.00 137.00 158.00 OK
r-release-osx-x86_64 0.4-7 OK
r-oldrel-windows-ix86+x86_64 0.4-7 17.00 128.00 145.00 OK
r-oldrel-osx-x86_64 0.4-7 OK

Check Details

Version: 0.4-7
Check: compiled code
Result: NOTE
    File ‘kappalab/libs/kappalab.so’:
     Found no calls to: ‘R_registerRoutines’, ‘R_useDynamicSymbols’
    
    It is good practice to register native routines and to disable symbol
    search.
    
    See ‘Writing portable packages’ in the ‘Writing R Extensions’ manual.
Flavors: r-devel-linux-x86_64-debian-clang, r-devel-linux-x86_64-debian-gcc, r-devel-linux-x86_64-fedora-clang, r-devel-linux-x86_64-fedora-gcc, r-patched-linux-x86_64, r-release-linux-x86_64