CRAN Package Check Results for Package kappalab

Last updated on 2022-10-05 04:50:55 CEST.

Flavor Version Tinstall Tcheck Ttotal Status Flags
r-devel-linux-x86_64-debian-clang 0.4-7 14.74 116.65 131.39 NOTE
r-devel-linux-x86_64-debian-gcc 0.4-7 12.06 89.01 101.07 NOTE
r-devel-linux-x86_64-fedora-clang 0.4-7 184.61 WARN
r-devel-linux-x86_64-fedora-gcc 0.4-7 165.67 NOTE
r-devel-windows-x86_64 0.4-7 108.00 155.00 263.00 OK
r-patched-linux-x86_64 0.4-7 13.94 111.55 125.49 NOTE
r-release-linux-x86_64 0.4-7 16.03 110.54 126.57 NOTE
r-release-macos-arm64 0.4-7 46.00 OK
r-release-macos-x86_64 0.4-7 69.00 OK
r-release-windows-x86_64 0.4-7 123.00 176.00 299.00 OK
r-oldrel-macos-arm64 0.4-7 55.00 OK
r-oldrel-macos-x86_64 0.4-7 107.00 OK
r-oldrel-windows-ix86+x86_64 0.4-7 37.00 218.00 255.00 OK

Additional issues

clang15 clang15

Check Details

Version: 0.4-7
Check: for non-standard things in the check directory
Result: NOTE
    Found the following files/directories:
     'my.Mobius.set.func.csv' 'my.card.set.func.csv' 'my.set.func.csv'
Flavors: r-devel-linux-x86_64-debian-clang, r-devel-linux-x86_64-debian-gcc, r-devel-linux-x86_64-fedora-clang, r-devel-linux-x86_64-fedora-gcc, r-patched-linux-x86_64, r-release-linux-x86_64

Version: 0.4-7
Check: whether package can be installed
Result: WARN
    Found the following significant warnings:
     Mobius.bounds.c:3:13: warning: invalid UTF-8 in comment [-Winvalid-utf8]
     ./core.h:3:13: warning: invalid UTF-8 in comment [-Winvalid-utf8]
     ./least.squares.h:3:13: warning: invalid UTF-8 in comment [-Winvalid-utf8]
     Mobius.bounds.c:168:41: warning: invalid UTF-8 in comment [-Winvalid-utf8]
     Mobius.bounds.c:169:11: warning: invalid UTF-8 in comment [-Winvalid-utf8]
     cdf.Choquet.c:3:13: warning: invalid UTF-8 in comment [-Winvalid-utf8]
     constraints.c:3:13: warning: invalid UTF-8 in comment [-Winvalid-utf8]
     ./constraints.h:3:13: warning: invalid UTF-8 in comment [-Winvalid-utf8]
     core.c:3:13: warning: invalid UTF-8 in comment [-Winvalid-utf8]
     heuristic.ls.c:3:13: warning: invalid UTF-8 in comment [-Winvalid-utf8]
     heuristic.ls.c:117:47: warning: invalid UTF-8 in comment [-Winvalid-utf8]
     heuristic.ls.c:117:49: warning: invalid UTF-8 in comment [-Winvalid-utf8]
     heuristic.ls.c:122:4: warning: invalid UTF-8 in comment [-Winvalid-utf8]
     heuristic.ls.c:122:8: warning: invalid UTF-8 in comment [-Winvalid-utf8]
     heuristic.ls.c:124:59: warning: invalid UTF-8 in comment [-Winvalid-utf8]
     heuristic.ls.c:125:55: warning: invalid UTF-8 in comment [-Winvalid-utf8]
     heuristic.ls.c:125:64: warning: invalid UTF-8 in comment [-Winvalid-utf8]
     heuristic.ls.c:128:42: warning: invalid UTF-8 in comment [-Winvalid-utf8]
     least.squares.c:3:13: warning: invalid UTF-8 in comment [-Winvalid-utf8]
     ./Mobius.bounds.h:3:13: warning: invalid UTF-8 in comment [-Winvalid-utf8]
     least.squares.c:58:28: warning: invalid UTF-8 in comment [-Winvalid-utf8]
     least.squares.c:59:28: warning: invalid UTF-8 in comment [-Winvalid-utf8]
     least.squares.c:121:65: warning: invalid UTF-8 in comment [-Winvalid-utf8]
     min.dist.c:3:13: warning: invalid UTF-8 in comment [-Winvalid-utf8]
     ./min.dist.h:3:13: warning: invalid UTF-8 in comment [-Winvalid-utf8]
     min.var.c:3:13: warning: invalid UTF-8 in comment [-Winvalid-utf8]
     ./min.var.h:3:13: warning: invalid UTF-8 in comment [-Winvalid-utf8]
     moments.Choquet.c:3:13: warning: invalid UTF-8 in comment [-Winvalid-utf8]
Flavor: r-devel-linux-x86_64-fedora-clang

Version: 0.4-7
Check: compiled code
Result: NOTE
    File ‘kappalab/libs/kappalab.so’:
     Found no calls to: ‘R_registerRoutines’, ‘R_useDynamicSymbols’
    
    It is good practice to register native routines and to disable symbol
    search.
    
    See ‘Writing portable packages’ in the ‘Writing R Extensions’ manual.
Flavors: r-devel-linux-x86_64-fedora-clang, r-devel-linux-x86_64-fedora-gcc