CRAN Package Check Results for Package kappalab

Last updated on 2018-09-25 09:47:18 CEST.

Flavor Version Tinstall Tcheck Ttotal Status Flags
r-devel-linux-x86_64-debian-clang 0.4-7 11.09 100.37 111.46 OK
r-devel-linux-x86_64-debian-gcc 0.4-7 9.49 80.87 90.36 OK
r-devel-linux-x86_64-fedora-clang 0.4-7 132.48 NOTE
r-devel-linux-x86_64-fedora-gcc 0.4-7 128.69 NOTE
r-devel-windows-ix86+x86_64 0.4-7 36.00 236.00 272.00 OK
r-patched-linux-x86_64 0.4-7 10.13 85.24 95.37 OK
r-patched-solaris-x86 0.4-7 171.10 OK
r-release-linux-x86_64 0.4-7 9.84 85.21 95.05 OK
r-release-windows-ix86+x86_64 0.4-7 31.00 166.00 197.00 OK
r-release-osx-x86_64 0.4-7 OK
r-oldrel-windows-ix86+x86_64 0.4-7 28.00 202.00 230.00 OK
r-oldrel-osx-x86_64 0.4-7 OK

Check Details

Version: 0.4-7
Check: compiled code
Result: NOTE
    File ‘kappalab/libs/kappalab.so’:
     Found no calls to: ‘R_registerRoutines’, ‘R_useDynamicSymbols’
    
    It is good practice to register native routines and to disable symbol
    search.
    
    See ‘Writing portable packages’ in the ‘Writing R Extensions’ manual.
Flavors: r-devel-linux-x86_64-fedora-clang, r-devel-linux-x86_64-fedora-gcc