CRAN Package Check Results for Package kappalab

Last updated on 2014-08-21 03:48:19.

Flavor Version Tinstall Tcheck Ttotal Status Flags
r-devel-linux-x86_64-debian-clang 0.4-6 4.60 52.94 57.55 ERROR
r-devel-linux-x86_64-debian-gcc 0.4-6 4.73 62.73 67.46 OK
r-devel-linux-x86_64-fedora-clang 0.4-6 151.58 NOTE
r-devel-linux-x86_64-fedora-gcc 0.4-6 140.87 NOTE
r-devel-osx-x86_64-clang 0.4-6 73.07 OK
r-devel-windows-ix86+x86_64 0.4-6 21.00 134.00 155.00 OK
r-patched-linux-x86_64 0.4-6 4.76 64.32 69.08 OK
r-patched-solaris-sparc 0.4-6 859.60 OK
r-patched-solaris-x86 0.4-6 186.30 OK
r-release-linux-ix86 0.4-6 6.20 81.49 87.69 OK
r-release-linux-x86_64 0.4-6 5.03 64.68 69.71 OK
r-release-osx-x86_64-mavericks 0.4-6 OK
r-release-osx-x86_64-snowleopard 0.4-6 WARN
r-release-windows-ix86+x86_64 0.4-6 21.00 158.00 179.00 OK
r-oldrel-windows-ix86+x86_64 0.4-6 21.00 159.00 180.00 OK

Check Details

Version: 0.4-6
Check: tests
Result: ERROR
    Running the tests in ‘tests/ls.sorting.treatment.R’ failed.
    Last 13 lines of output:
     >
     > print("*** Starting the calculations")
     [1] "*** Starting the calculations"
     > ## search for a capacity which satisfies the constraints
     > lsc <- ls.sorting.capa.ident(n ,k, P, cl.proto, d,
     + A.Shapley.preorder = Asp,
     + A.Shapley.interval = Asi,
     + A.interaction.preorder = Aip,
     + A.interaction.interval = Aii,
     + A.inter.additive.partition = Aiap)
     Error in ls.sorting.capa.ident(n, k, P, cl.proto, d, A.Shapley.preorder = Asp, :
     not enough classes
     Execution halted
Flavor: r-devel-linux-x86_64-debian-clang

Version: 0.4-6
Check: top-level files
Result: NOTE
    Non-standard file/directory found at top level:
     ‘kappalab-Ex.R’
Flavors: r-devel-linux-x86_64-fedora-clang, r-devel-linux-x86_64-fedora-gcc

Version: 0.4-6
Check: Rd line widths
Result: NOTE
    Rd file 'mini.dist.capa.ident.Rd':
     \examples lines wider than 100 characters:
     min.dist <- mini.dist.capa.ident(a.mu,2,"binary.alternatives",A.Choquet.preorder = Acp)
    
    These lines will be truncated in the PDF manual.
Flavors: r-devel-linux-x86_64-fedora-clang, r-devel-linux-x86_64-fedora-gcc

Version: 0.4-6
Check: examples
Result: WARNING
    checking a package with encoding 'latin1' in an ASCII locale
    
     OK
Flavor: r-release-osx-x86_64-snowleopard