CRAN Package Check Results for Package kappalab

Last updated on 2014-07-25 12:47:33.

Flavor Version Tinstall Tcheck Ttotal Status Flags
r-devel-linux-x86_64-debian-clang 0.4-6 4.54 66.04 70.58 OK
r-devel-linux-x86_64-debian-gcc 0.4-6 4.88 62.40 67.28 OK
r-devel-linux-x86_64-fedora-clang 0.4-6 146.51 NOTE
r-devel-linux-x86_64-fedora-gcc 0.4-6 142.62 NOTE
r-devel-osx-x86_64-clang 0.4-6 118.34 OK
r-devel-windows-ix86+x86_64 0.4-6 20.00 143.00 163.00 OK
r-patched-linux-x86_64 0.4-6 4.99 62.94 67.94 OK
r-patched-solaris-sparc 0.4-6 862.60 OK
r-patched-solaris-x86 0.4-6 187.90 OK
r-release-linux-ix86 0.4-6 6.23 78.38 84.60 OK
r-release-linux-x86_64 0.4-6 4.77 65.46 70.23 OK
r-release-osx-x86_64-mavericks 0.4-6 OK
r-release-osx-x86_64-snowleopard 0.4-6 WARN
r-release-windows-ix86+x86_64 0.4-6 25.00 149.00 174.00 OK
r-oldrel-windows-ix86+x86_64 0.4-6 21.00 147.00 168.00 OK

Check Details

Version: 0.4-6
Check: top-level files
Result: NOTE
    Non-standard file/directory found at top level:
     ‘kappalab-Ex.R’
Flavors: r-devel-linux-x86_64-fedora-clang, r-devel-linux-x86_64-fedora-gcc

Version: 0.4-6
Check: Rd line widths
Result: NOTE
    Rd file 'mini.dist.capa.ident.Rd':
     \examples lines wider than 100 characters:
     min.dist <- mini.dist.capa.ident(a.mu,2,"binary.alternatives",A.Choquet.preorder = Acp)
    
    These lines will be truncated in the PDF manual.
Flavors: r-devel-linux-x86_64-fedora-clang, r-devel-linux-x86_64-fedora-gcc

Version: 0.4-6
Check: examples
Result: WARNING
    checking a package with encoding 'latin1' in an ASCII locale
    
     OK
Flavor: r-release-osx-x86_64-snowleopard