CRAN Package Check Results for Package kappalab

Last updated on 2017-06-22 17:47:46.

Flavor Version Tinstall Tcheck Ttotal Status Flags
r-devel-linux-x86_64-debian-clang 0.4-7 5.34 56.13 61.47 NOTE
r-devel-linux-x86_64-debian-gcc 0.4-7 4.62 54.42 59.04 NOTE
r-devel-linux-x86_64-fedora-clang 0.4-7 115.82 NOTE
r-devel-linux-x86_64-fedora-gcc 0.4-7 113.73 NOTE
r-devel-windows-ix86+x86_64 0.4-7 21.00 226.00 247.00 OK
r-patched-linux-x86_64 0.4-7 4.47 53.23 57.70 NOTE
r-patched-solaris-sparc 0.4-7 691.80 OK
r-patched-solaris-x86 0.4-7 152.10 OK
r-release-linux-x86_64 0.4-7 4.60 53.31 57.92 NOTE
r-release-windows-ix86+x86_64 0.4-7 22.00 147.00 169.00 OK
r-release-osx-x86_64 0.4-7 OK
r-oldrel-windows-ix86+x86_64 0.4-7 17.00 128.00 145.00 OK
r-oldrel-osx-x86_64 0.4-7 OK

Check Details

Version: 0.4-7
Check: compiled code
Result: NOTE
    File ‘kappalab/libs/kappalab.so’:
     Found no calls to: ‘R_registerRoutines’, ‘R_useDynamicSymbols’
    
    It is good practice to register native routines and to disable symbol
    search.
    
    See ‘Writing portable packages’ in the ‘Writing R Extensions’ manual.
Flavors: r-devel-linux-x86_64-debian-clang, r-devel-linux-x86_64-debian-gcc, r-devel-linux-x86_64-fedora-clang, r-devel-linux-x86_64-fedora-gcc, r-patched-linux-x86_64, r-release-linux-x86_64