CRAN Package Check Results for Package kaps

Last updated on 2017-03-01 19:48:39.

Flavor Version Tinstall Tcheck Ttotal Status Flags
r-devel-linux-x86_64-debian-clang 1.0.2 3.29 37.80 41.09 NOTE
r-devel-linux-x86_64-debian-gcc 1.0.2 3.55 39.04 42.59 NOTE
r-devel-linux-x86_64-fedora-clang 1.0.2 90.15 NOTE --no-stop-on-test-error
r-devel-linux-x86_64-fedora-gcc 1.0.2 88.50 NOTE --no-stop-on-test-error
r-devel-macos-x86_64-clang 1.0.2 68.78 NOTE --no-stop-on-test-error
r-devel-windows-ix86+x86_64 1.0.2 19.00 107.00 126.00 NOTE
r-patched-linux-x86_64 1.0.2 3.16 35.02 38.17 NOTE
r-patched-solaris-sparc 1.0.2 469.20 NOTE
r-patched-solaris-x86 1.0.2 96.40 NOTE
r-release-linux-x86_64 1.0.2 3.33 34.49 37.82 NOTE
r-release-osx-x86_64-mavericks 1.0.2 NOTE
r-release-windows-ix86+x86_64 1.0.2 16.00 103.00 119.00 NOTE
r-oldrel-windows-ix86+x86_64 1.0.2 12.00 107.00 119.00 NOTE

Check Details

Version: 1.0.2
Check: R code for possible problems
Result: NOTE
    Stouffer.test: no visible global function definition for ‘qnorm’
    Stouffer.test: no visible global function definition for ‘pnorm’
    adj.test: no visible global function definition for ‘update’
    kaps.fit: no visible global function definition for ‘update’
    kaps.perm: no visible global function definition for ‘update’
    kaps.perm: no visible global function definition for ‘as.formula’
    kaps.perm: no visible global function definition for ‘pchisq’
    km.curve: no visible global function definition for ‘update’
    km.curve: no visible global function definition for ‘mtext’
    km.curve: no visible global function definition for ‘axis’
    pairwise.logrank.test: no visible global function definition for
     ‘pchisq’
    pairwise.logrank.test: no visible global function definition for
     ‘p.adjust’
    plot,kaps-missing: no visible global function definition for ‘legend’
    plot,kaps-missing: no visible global function definition for ‘par’
    plot,kaps-missing: no visible global function definition for ‘mtext’
    plot,kaps-missing: no visible global function definition for ‘axis’
    plot,kaps-missing: no visible global function definition for
     ‘locfit.censor’
    plot,kaps-missing: no visible global function definition for ‘lines’
    plot,kaps-missing: no visible global function definition for ‘abline’
    plot,kaps-missing: no visible global function definition for ‘colors’
    predict,kaps: no visible global function definition for ‘update’
    print,kaps: no visible global function definition for ‘combn’
    print,kaps: no visible global function definition for ‘update’
    print,kaps: no visible global function definition for ‘pchisq’
    print,kaps: no visible global function definition for ‘p.adjust’
    show,kaps: no visible global function definition for ‘pchisq’
    show,kaps: no visible global function definition for ‘symnum’
    show,kaps: no visible global function definition for ‘combn’
    show,kaps: no visible global function definition for ‘update’
    show,kaps: no visible global function definition for ‘p.adjust’
    summary,kaps: no visible global function definition for ‘update’
    Undefined global functions or variables:
     abline as.formula axis colors combn legend lines locfit.censor mtext
     p.adjust par pchisq pnorm qnorm symnum update
    Consider adding
     importFrom("grDevices", "colors")
     importFrom("graphics", "abline", "axis", "legend", "lines", "mtext",
     "par")
     importFrom("stats", "as.formula", "p.adjust", "pchisq", "pnorm",
     "qnorm", "symnum", "update")
     importFrom("utils", "combn")
    to your NAMESPACE file.
Flavors: r-devel-linux-x86_64-debian-clang, r-devel-linux-x86_64-debian-gcc, r-devel-windows-ix86+x86_64, r-patched-linux-x86_64, r-patched-solaris-sparc, r-patched-solaris-x86, r-release-linux-x86_64, r-release-osx-x86_64-mavericks, r-release-windows-ix86+x86_64

Version: 1.0.2
Check: compiled code
Result: NOTE
    File ‘kaps/libs/kaps.so’:
     Found no calls to: ‘R_registerRoutines’, ‘R_useDynamicSymbols’
    
    It is good practice to register native routines and to disable symbol
    search.
    
    See ‘Writing portable packages’ in the ‘Writing R Extensions’ manual.
Flavors: r-devel-linux-x86_64-debian-clang, r-devel-linux-x86_64-debian-gcc

Version: 1.0.2
Flags: --no-stop-on-test-error
Check: R code for possible problems
Result: NOTE
    Stouffer.test: no visible global function definition for ‘qnorm’
    Stouffer.test: no visible global function definition for ‘pnorm’
    adj.test: no visible global function definition for ‘update’
    kaps.fit: no visible global function definition for ‘update’
    kaps.perm: no visible global function definition for ‘update’
    kaps.perm: no visible global function definition for ‘as.formula’
    kaps.perm: no visible global function definition for ‘pchisq’
    km.curve: no visible global function definition for ‘update’
    km.curve: no visible global function definition for ‘mtext’
    km.curve: no visible global function definition for ‘axis’
    pairwise.logrank.test: no visible global function definition for
     ‘pchisq’
    pairwise.logrank.test: no visible global function definition for
     ‘p.adjust’
    plot,kaps-missing: no visible global function definition for ‘legend’
    plot,kaps-missing: no visible global function definition for ‘par’
    plot,kaps-missing: no visible global function definition for ‘mtext’
    plot,kaps-missing: no visible global function definition for ‘axis’
    plot,kaps-missing: no visible global function definition for
     ‘locfit.censor’
    plot,kaps-missing: no visible global function definition for ‘lines’
    plot,kaps-missing: no visible global function definition for ‘abline’
    plot,kaps-missing: no visible global function definition for ‘colors’
    predict,kaps: no visible global function definition for ‘update’
    print,kaps: no visible global function definition for ‘combn’
    print,kaps: no visible global function definition for ‘update’
    print,kaps: no visible global function definition for ‘pchisq’
    print,kaps: no visible global function definition for ‘p.adjust’
    show,kaps: no visible global function definition for ‘pchisq’
    show,kaps: no visible global function definition for ‘symnum’
    show,kaps: no visible global function definition for ‘combn’
    show,kaps: no visible global function definition for ‘update’
    show,kaps: no visible global function definition for ‘p.adjust’
    summary,kaps: no visible global function definition for ‘update’
    Undefined global functions or variables:
     abline as.formula axis colors combn legend lines locfit.censor mtext
     p.adjust par pchisq pnorm qnorm symnum update
    Consider adding
     importFrom("grDevices", "colors")
     importFrom("graphics", "abline", "axis", "legend", "lines", "mtext",
     "par")
     importFrom("stats", "as.formula", "p.adjust", "pchisq", "pnorm",
     "qnorm", "symnum", "update")
     importFrom("utils", "combn")
    to your NAMESPACE file.
Flavors: r-devel-linux-x86_64-fedora-clang, r-devel-linux-x86_64-fedora-gcc, r-devel-macos-x86_64-clang

Version: 1.0.2
Flags: --no-stop-on-test-error
Check: compiled code
Result: NOTE
    File ‘kaps/libs/kaps.so’:
     Found no calls to: ‘R_registerRoutines’, ‘R_useDynamicSymbols’
    
    It is good practice to register native routines and to disable symbol
    search.
    
    See ‘Writing portable packages’ in the ‘Writing R Extensions’ manual.
Flavors: r-devel-linux-x86_64-fedora-clang, r-devel-linux-x86_64-fedora-gcc, r-devel-macos-x86_64-clang

Version: 1.0.2
Check: R code for possible problems
Result: NOTE
    plot,kaps-missing : .local: no visible global function definition for
     'locfit.censor'
Flavor: r-oldrel-windows-ix86+x86_64