CRAN Package Check Results for Package kaps

Last updated on 2014-10-22 15:54:56.

Flavor Version Tinstall Tcheck Ttotal Status Flags
r-devel-linux-x86_64-debian-clang 1.0-0 1.77 20.61 22.38 NOTE
r-devel-linux-x86_64-debian-gcc 1.0-0 1.69 20.63 22.32 NOTE
r-devel-linux-x86_64-fedora-clang 1.0-0 45.65 NOTE
r-devel-linux-x86_64-fedora-gcc 1.0-0 42.79 NOTE
r-devel-osx-x86_64-clang 1.0-0 44.43 NOTE
r-devel-windows-ix86+x86_64 1.0-0 8.00 40.00 48.00 NOTE
r-patched-linux-x86_64 1.0-0 1.75 20.83 22.58 NOTE
r-patched-solaris-sparc 1.0-0 251.30 NOTE
r-patched-solaris-x86 1.0-0 63.90 NOTE
r-release-linux-ix86 1.0-0 2.36 30.75 33.11 OK
r-release-linux-x86_64 1.0-0 1.88 21.48 23.36 OK
r-release-osx-x86_64-mavericks 1.0-0 OK
r-release-osx-x86_64-snowleopard 1.0-0 OK
r-release-windows-ix86+x86_64 1.0-0 9.00 41.00 50.00 NOTE
r-oldrel-windows-ix86+x86_64 1.0-0 10.00 43.00 53.00 NOTE

Check Details

Version: 1.0-0
Check: R code for possible problems
Result: NOTE
    kaps.boot: no visible global function definition for ‘registerDoMC’
    kaps.boot: no visible global function definition for ‘getDoParWorkers’
    kaps.boot: no visible global function definition for ‘%dopar%’
    kaps.boot: no visible global function definition for ‘foreach’
    kaps.boot: no visible global function definition for ‘%do%’
    plot.kaps: no visible global function definition for ‘locfit.censor’
Flavors: r-devel-linux-x86_64-debian-clang, r-devel-linux-x86_64-debian-gcc, r-devel-linux-x86_64-fedora-clang, r-devel-linux-x86_64-fedora-gcc, r-devel-osx-x86_64-clang, r-devel-windows-ix86+x86_64, r-patched-linux-x86_64, r-patched-solaris-sparc, r-patched-solaris-x86

Version: 1.0-0
Check: package dependencies
Result: NOTE
    Package suggested but not available for checking: 'doMC'
Flavors: r-devel-windows-ix86+x86_64, r-release-windows-ix86+x86_64, r-oldrel-windows-ix86+x86_64

Version: 1.0-0
Check: R code for possible problems
Result: NOTE
    kaps.boot: no visible global function definition for 'registerDoMC'
Flavors: r-release-windows-ix86+x86_64, r-oldrel-windows-ix86+x86_64