CRAN Package Check Results for Package kaps

Last updated on 2015-06-29 23:46:56.

Flavor Version Tinstall Tcheck Ttotal Status Flags
r-devel-linux-x86_64-debian-clang 1.0.2 1.42 17.35 18.77 NOTE
r-devel-linux-x86_64-debian-gcc 1.0.2 1.40 17.20 18.60 NOTE
r-devel-linux-x86_64-fedora-clang 1.0.2 36.21 OK
r-devel-linux-x86_64-fedora-gcc 1.0.2 34.47 OK
r-devel-osx-x86_64-clang 1.0.2 35.25 OK
r-devel-windows-ix86+x86_64 1.0.2 13.00 37.00 50.00 NOTE
r-patched-linux-x86_64 1.0.2 1.74 17.28 19.02 OK
r-patched-solaris-sparc 1.0.2 234.60 OK
r-patched-solaris-x86 1.0.2 53.50 OK
r-release-linux-x86_64 1.0.2 1.49 17.62 19.10 OK
r-release-osx-x86_64-mavericks 1.0.2 OK
r-release-windows-ix86+x86_64 1.0.2 12.00 36.00 48.00 OK
r-oldrel-windows-ix86+x86_64 1.0.2 12.00 46.00 58.00 OK

Check Details

Version: 1.0.2
Check: R code for possible problems
Result: NOTE
    Stouffer.test: no visible global function definition for ‘qnorm’
    Stouffer.test: no visible global function definition for ‘pnorm’
    adj.test: no visible global function definition for ‘update’
    kaps.fit: no visible global function definition for ‘update’
    kaps.perm: no visible global function definition for ‘update’
    kaps.perm: no visible global function definition for ‘as.formula’
    kaps.perm: no visible global function definition for ‘pchisq’
    km.curve: no visible global function definition for ‘update’
    km.curve: no visible global function definition for ‘mtext’
    km.curve: no visible global function definition for ‘axis’
    pairwise.logrank.test: no visible global function definition for
     ‘pchisq’
    pairwise.logrank.test: no visible global function definition for
     ‘p.adjust’
    show,kaps: no visible global function definition for ‘pchisq’
    show,kaps: no visible global function definition for ‘symnum’
    show,kaps: no visible global function definition for ‘combn’
    show,kaps: no visible global function definition for ‘update’
    show,kaps: no visible global function definition for ‘p.adjust’
Flavors: r-devel-linux-x86_64-debian-clang, r-devel-linux-x86_64-debian-gcc, r-devel-windows-ix86+x86_64