CRAN Package Check Results for Package kaps

Last updated on 2014-08-21 22:47:12.

Flavor Version Tinstall Tcheck Ttotal Status Flags
r-devel-linux-x86_64-debian-clang 1.0-0 1.80 21.04 22.84 OK
r-devel-linux-x86_64-debian-gcc 1.0-0 1.67 20.67 22.34 OK
r-devel-linux-x86_64-fedora-clang 1.0-0 45.10 NOTE
r-devel-linux-x86_64-fedora-gcc 1.0-0 42.61 NOTE
r-devel-osx-x86_64-clang 1.0-0 42.31 NOTE
r-devel-windows-ix86+x86_64 1.0-0 7.00 38.00 45.00 NOTE
r-patched-linux-x86_64 1.0-0 1.81 20.65 22.46 OK
r-patched-solaris-sparc 1.0-0 266.80 OK
r-patched-solaris-x86 1.0-0 62.60 OK
r-release-linux-ix86 1.0-0 2.33 29.48 31.82 OK
r-release-linux-x86_64 1.0-0 1.77 21.40 23.17 OK
r-release-osx-x86_64-mavericks 1.0-0 OK
r-release-osx-x86_64-snowleopard 1.0-0 OK
r-release-windows-ix86+x86_64 1.0-0 8.00 39.00 47.00 NOTE
r-oldrel-windows-ix86+x86_64 1.0-0 9.00 42.00 51.00 NOTE

Check Details

Version: 1.0-0
Check: R code for possible problems
Result: NOTE
    kaps.boot: no visible global function definition for ‘registerDoMC’
    kaps.boot: no visible global function definition for ‘getDoParWorkers’
    kaps.boot: no visible global function definition for ‘%dopar%’
    kaps.boot: no visible global function definition for ‘foreach’
    kaps.boot: no visible global function definition for ‘%do%’
    plot.kaps: no visible global function definition for ‘locfit.censor’
Flavors: r-devel-linux-x86_64-fedora-clang, r-devel-linux-x86_64-fedora-gcc, r-devel-osx-x86_64-clang

Version: 1.0-0
Check: package dependencies
Result: NOTE
    Package suggested but not available for checking: 'doMC'
Flavors: r-devel-windows-ix86+x86_64, r-release-windows-ix86+x86_64, r-oldrel-windows-ix86+x86_64

Version: 1.0-0
Check: R code for possible problems
Result: NOTE
    kaps.boot: no visible global function definition for 'registerDoMC'
Flavors: r-devel-windows-ix86+x86_64, r-release-windows-ix86+x86_64, r-oldrel-windows-ix86+x86_64