CRAN Package Check Results for Package kaps

Last updated on 2014-07-24 17:49:02.

Flavor Version Tinstall Tcheck Ttotal Status Flags
r-devel-linux-x86_64-debian-clang 1.0-0 1.73 21.19 22.92 OK
r-devel-linux-x86_64-debian-gcc 1.0-0 1.70 20.86 22.56 OK
r-devel-linux-x86_64-fedora-clang 1.0-0 49.28 OK
r-devel-linux-x86_64-fedora-gcc 1.0-0 45.23 OK
r-devel-osx-x86_64-clang 1.0-0 42.58 OK
r-devel-windows-ix86+x86_64 1.0-0 9.00 39.00 48.00 NOTE
r-patched-linux-x86_64 1.0-0 1.73 20.41 22.14 OK
r-patched-solaris-sparc 1.0-0 243.00 OK
r-patched-solaris-x86 1.0-0 63.50 OK
r-release-linux-ix86 1.0-0 2.35 28.61 30.96 OK
r-release-linux-x86_64 1.0-0 1.85 21.16 23.01 OK
r-release-osx-x86_64-mavericks 1.0-0 OK
r-release-osx-x86_64-snowleopard 1.0-0 OK
r-release-windows-ix86+x86_64 1.0-0 9.00 46.00 55.00 NOTE
r-oldrel-windows-ix86+x86_64 1.0-0 11.00 43.00 54.00 NOTE

Check Details

Version: 1.0-0
Check: package dependencies
Result: NOTE
    Package suggested but not available for checking: 'doMC'
Flavors: r-devel-windows-ix86+x86_64, r-release-windows-ix86+x86_64, r-oldrel-windows-ix86+x86_64

Version: 1.0-0
Check: R code for possible problems
Result: NOTE
    kaps.boot: no visible global function definition for 'registerDoMC'
Flavors: r-devel-windows-ix86+x86_64, r-release-windows-ix86+x86_64, r-oldrel-windows-ix86+x86_64