CRAN Package Check Results for Package kaps

Last updated on 2014-04-24 11:48:48.

Flavor Version Tinstall Tcheck Ttotal Status Flags
r-devel-linux-x86_64-debian-clang 1.0-0 1.92 21.86 23.78 OK
r-devel-linux-x86_64-debian-gcc 1.0-0 1.81 22.14 23.95 OK
r-devel-linux-x86_64-fedora-clang 1.0-0 46.73 OK
r-devel-linux-x86_64-fedora-gcc 1.0-0 44.88 OK
r-devel-osx-x86_64-clang 1.0-0 41.40 OK
r-devel-osx-x86_64-gcc 1.0-0 NOTE
r-devel-windows-ix86+x86_64 1.0-0 8.00 41.00 49.00 NOTE
r-patched-linux-x86_64 1.0-0 1.80 21.38 23.18 OK
r-patched-solaris-sparc 1.0-0 243.00 OK
r-patched-solaris-x86 1.0-0 64.20 OK
r-release-linux-ix86 1.0-0 3.00 40.00 43.00 OK
r-release-linux-x86_64 1.0-0 1.99 21.32 23.32 OK
r-release-osx-x86_64-mavericks 1.0-0 WARN
r-release-osx-x86_64-snowleopard 1.0-0 OK
r-release-windows-ix86+x86_64 1.0-0 8.00 43.00 51.00 NOTE
r-oldrel-windows-ix86+x86_64 1.0-0 8.00 43.00 51.00 NOTE

Check Details

Version: 1.0-0
Check: package dependencies
Result: NOTE
    Packages suggested but not available for checking: ‘foreach’ ‘doMC’
Flavors: r-devel-osx-x86_64-gcc, r-release-osx-x86_64-mavericks

Version: 1.0-0
Check: R code for possible problems
Result: NOTE
    kaps.boot: no visible global function definition for ‘registerDoMC’
    kaps.boot: no visible global function definition for ‘getDoParWorkers’
    kaps.boot: no visible global function definition for ‘%dopar%’
    kaps.boot: no visible global function definition for ‘foreach’
    kaps.boot: no visible global function definition for ‘%do%’
Flavors: r-devel-osx-x86_64-gcc, r-release-osx-x86_64-mavericks

Version: 1.0-0
Check: package dependencies
Result: NOTE
    Package suggested but not available for checking: 'doMC'
Flavors: r-devel-windows-ix86+x86_64, r-release-windows-ix86+x86_64, r-oldrel-windows-ix86+x86_64

Version: 1.0-0
Check: R code for possible problems
Result: NOTE
    kaps.boot: no visible global function definition for 'registerDoMC'
Flavors: r-devel-windows-ix86+x86_64, r-release-windows-ix86+x86_64, r-oldrel-windows-ix86+x86_64

Version: 1.0-0
Check: PDF version of manual
Result: WARNING
    LaTeX errors when creating PDF version.
    This typically indicates Rd problems.
    LaTeX errors found:
    ! LaTeX Error: File `upquote.sty' not found.
    
    Type X to quit or <RETURN> to proceed,
    or enter new name. (Default extension: sty)
    
    13c2eaf/Rd2.tex:8: ==> Fatal error occurred, no output PDF file produced!
Flavor: r-release-osx-x86_64-mavericks