CRAN Package Check Results for Package kaps

Last updated on 2014-09-21 11:48:17.

Flavor Version Tinstall Tcheck Ttotal Status Flags
r-devel-linux-x86_64-debian-clang 1.0-0 1.74 20.42 22.16 NOTE
r-devel-linux-x86_64-debian-gcc 1.0-0 1.72 19.83 21.55 NOTE
r-devel-linux-x86_64-fedora-clang 1.0-0 45.29 NOTE
r-devel-linux-x86_64-fedora-gcc 1.0-0 41.22 NOTE
r-devel-osx-x86_64-clang 1.0-0 41.78 NOTE
r-devel-windows-ix86+x86_64 1.0-0 9.00 40.00 49.00 NOTE
r-patched-linux-x86_64 1.0-0 1.74 20.82 22.56 OK
r-patched-solaris-sparc 1.0-0 266.80 OK
r-patched-solaris-x86 1.0-0 61.80 OK
r-release-linux-ix86 1.0-0 2.39 28.97 31.36 OK
r-release-linux-x86_64 1.0-0 1.78 21.24 23.03 OK
r-release-osx-x86_64-mavericks 1.0-0 OK
r-release-osx-x86_64-snowleopard 1.0-0 OK
r-release-windows-ix86+x86_64 1.0-0 8.00 43.00 51.00 NOTE
r-oldrel-windows-ix86+x86_64 1.0-0 11.00 43.00 54.00 NOTE

Check Details

Version: 1.0-0
Check: R code for possible problems
Result: NOTE
    kaps.boot: no visible global function definition for ‘registerDoMC’
    kaps.boot: no visible global function definition for ‘getDoParWorkers’
    kaps.boot: no visible global function definition for ‘%dopar%’
    kaps.boot: no visible global function definition for ‘foreach’
    kaps.boot: no visible global function definition for ‘%do%’
    plot.kaps: no visible global function definition for ‘locfit.censor’
Flavors: r-devel-linux-x86_64-debian-clang, r-devel-linux-x86_64-debian-gcc, r-devel-linux-x86_64-fedora-clang, r-devel-linux-x86_64-fedora-gcc, r-devel-osx-x86_64-clang, r-devel-windows-ix86+x86_64

Version: 1.0-0
Check: package dependencies
Result: NOTE
    Package suggested but not available for checking: 'doMC'
Flavors: r-devel-windows-ix86+x86_64, r-release-windows-ix86+x86_64, r-oldrel-windows-ix86+x86_64

Version: 1.0-0
Check: R code for possible problems
Result: NOTE
    kaps.boot: no visible global function definition for 'registerDoMC'
Flavors: r-release-windows-ix86+x86_64, r-oldrel-windows-ix86+x86_64