CRAN Package Check Results for Package kaps

Last updated on 2015-09-01 03:49:00.

Flavor Version Tinstall Tcheck Ttotal Status Flags
r-devel-linux-x86_64-debian-clang 1.0.2 1.66 19.14 20.80 WARN
r-devel-linux-x86_64-debian-gcc 1.0.2 1.53 19.25 20.78 WARN
r-devel-linux-x86_64-fedora-clang 1.0.2 41.43 WARN
r-devel-linux-x86_64-fedora-gcc 1.0.2 39.90 WARN
r-devel-osx-x86_64-clang 1.0.2 38.21 WARN
r-devel-windows-ix86+x86_64 1.0.2 11.00 69.00 80.00 WARN
r-patched-linux-x86_64 1.0.2 1.69 19.77 21.46 WARN
r-patched-solaris-sparc 1.0.2 224.30 NOTE
r-patched-solaris-x86 1.0.2 48.80 NOTE
r-release-linux-x86_64 1.0.2 1.71 20.27 21.98 WARN
r-release-osx-x86_64-mavericks 1.0.2 OK
r-release-windows-ix86+x86_64 1.0.2 11.00 52.00 63.00 WARN
r-oldrel-windows-ix86+x86_64 1.0.2 15.00 71.00 86.00 WARN

Check Details

Version: 1.0.2
Check: whether package can be installed
Result: WARN
    Found the following significant warnings:
     Warning: replacing previous import by ‘coin::show’ when loading ‘kaps’
     Warning: replacing previous import by ‘coin::initialize’ when loading ‘kaps’
Flavors: r-devel-linux-x86_64-debian-clang, r-devel-linux-x86_64-debian-gcc, r-devel-linux-x86_64-fedora-clang, r-devel-linux-x86_64-fedora-gcc, r-devel-osx-x86_64-clang, r-devel-windows-ix86+x86_64, r-patched-linux-x86_64, r-release-linux-x86_64, r-release-windows-ix86+x86_64

Version: 1.0.2
Check: R code for possible problems
Result: NOTE
    Stouffer.test: no visible global function definition for ‘qnorm’
    Stouffer.test: no visible global function definition for ‘pnorm’
    adj.test: no visible global function definition for ‘update’
    kaps.fit: no visible global function definition for ‘update’
    kaps.perm: no visible global function definition for ‘update’
    kaps.perm: no visible global function definition for ‘as.formula’
    kaps.perm: no visible global function definition for ‘pchisq’
    km.curve: no visible global function definition for ‘update’
    km.curve: no visible global function definition for ‘mtext’
    km.curve: no visible global function definition for ‘axis’
    pairwise.logrank.test: no visible global function definition for
     ‘pchisq’
    pairwise.logrank.test: no visible global function definition for
     ‘p.adjust’
    plot,kaps-missing: no visible global function definition for ‘legend’
    plot,kaps-missing: no visible global function definition for ‘par’
    plot,kaps-missing: no visible global function definition for ‘mtext’
    plot,kaps-missing: no visible global function definition for ‘axis’
    plot,kaps-missing: no visible global function definition for
     ‘locfit.censor’
    plot,kaps-missing: no visible global function definition for ‘lines’
    plot,kaps-missing: no visible global function definition for ‘abline’
    plot,kaps-missing: no visible global function definition for ‘colors’
    predict,kaps: no visible global function definition for ‘update’
    print,kaps: no visible global function definition for ‘combn’
    print,kaps: no visible global function definition for ‘update’
    print,kaps: no visible global function definition for ‘pchisq’
    print,kaps: no visible global function definition for ‘p.adjust’
    show,kaps: no visible global function definition for ‘pchisq’
    show,kaps: no visible global function definition for ‘symnum’
    show,kaps: no visible global function definition for ‘combn’
    show,kaps: no visible global function definition for ‘update’
    show,kaps: no visible global function definition for ‘p.adjust’
    summary,kaps: no visible global function definition for ‘update’
    Undefined global functions or variables:
     abline as.formula axis colors combn legend lines locfit.censor mtext
     p.adjust par pchisq pnorm qnorm symnum update
    Consider adding
     importFrom("grDevices", "colors")
     importFrom("graphics", "abline", "axis", "legend", "lines", "mtext",
     "par")
     importFrom("stats", "as.formula", "p.adjust", "pchisq", "pnorm",
     "qnorm", "symnum", "update")
     importFrom("utils", "combn")
    to your NAMESPACE.
Flavors: r-devel-linux-x86_64-debian-clang, r-devel-linux-x86_64-debian-gcc, r-devel-linux-x86_64-fedora-clang, r-devel-linux-x86_64-fedora-gcc, r-devel-windows-ix86+x86_64

Version: 1.0.2
Check: R code for possible problems
Result: NOTE
    plot,kaps-missing: no visible global function definition for
     ‘locfit.censor’
    Undefined global functions or variables:
     locfit.censor
Flavor: r-devel-osx-x86_64-clang

Version: 1.0.2
Check: R code for possible problems
Result: NOTE
    plot,kaps-missing : .local: no visible global function definition for
     ‘locfit.censor’
Flavors: r-patched-linux-x86_64, r-patched-solaris-sparc, r-patched-solaris-x86, r-release-linux-x86_64, r-release-windows-ix86+x86_64, r-oldrel-windows-ix86+x86_64

Version: 1.0.2
Check: whether package can be installed
Result: WARN
    Found the following significant warnings:
     Warning: replacing previous import by 'coin::initialize' when loading 'kaps'
     Warning: replacing previous import by 'coin::show' when loading 'kaps'
Flavor: r-oldrel-windows-ix86+x86_64